NOAA-Style Climate Reports

Select a Year or Month report
2018: Jan Fev Mar Abr Mai Jun Jul Ago Set Out Nov Dez
2017: Jan Fev Mar Abr Mai Jun Jul Ago Set Out Nov Dez
2016: Jan Fev Mar Abr Mai Jun Jul Ago Set Out Nov Dez
2015: Jan Fev Mar Abr Mai Jun Jul Ago Set Out Nov Dez
2014: Jan Fev Mar Abr Mai Jun Jul Ago Set Out Nov Dez
2013: Jan Fev Mar Abr Mai Jun Jul Ago Set Out Nov Dez
2012: Jan Fev Mar Abr Mai Jun Jul Ago Set Out Nov Dez

Report for 2018 Janeiro
                   Monthly Climatological Summary for jan 2018

Name: Estação Jardim Recreio   City: Ribeirão Preto   State: São Paulo
Elevation: 580 m  Lat: S 21° 10' 40"   Lon: W 047° 48' 36"

                  Temperature (°C), Rain (mm), Wind Speed (km/h)

                                      Heat  Cool        Avg
    Mean                              Deg   Deg         Wind                 Dom
Day Temp  High   Time   Low    Time   Days  Days  Rain  Speed High   Time    Dir
----------------------------------------------------------------------------------
 1  22,2  28,0   01:57  15,9   21:53   0,3   4,2   1,8   3,2  22,0   01:57     S
 2  14,4  19,7   23:49   9,7   20:47   3,9   0,0   0,0   1,0  12,0   02:31   SSW
 3  18,1  22,6   05:01  14,5   21:03   1,2   1,0   0,0   0,1   7,0   03:43   SSW
 4  17,9  21,8   02:28  14,7   20:01   1,3   0,9   0,6   0,0   3,0   02:02     E
 5  17,8  26,4   05:20  10,4   20:43   2,7   2,2   0,0   1,0  18,0   05:59     S
 6  17,7  27,4   05:49   8,9   20:59   3,1   2,5   0,0   0,2  13,0   06:02   ESE
 7  20,1  30,6   05:52  12,0   20:36   1,7   3,5   0,0   0,1   5,0   05:39     S
 8  22,2  31,8   05:42  13,8   21:05   0,8   4,7   0,0   0,3  11,0   03:58   SSW
 9  28,4  31,0   11:20  24,1   21:42   0,0   6,3   0,0   4,3  11,0   10:54   SSE
10  24,1  24,1   00:00  24,1   00:00   0,0   5,8   0,0   5,0  11,0   00:00    NW
----------------------------------------------------------------------------------
    20,3  31,8     8     8,9     6    15,0  31,1   2,4   3,4  22,0     1     SSW

Max >=  27,0:  5
Max <=   0,0:  0
Min <=   0,0:  0
Min <= -18,0:  0
Max Rain: 1,8 on day 1
Days of Rain: 2 (>= 0,2 mm)  0 (>= 2,0 mm)  0 (>= 20,0 mm)
Heat Base: 18,3  Cool Base: 18,3  Method: Integration