NOAA-Style Climate Reports

Select a Year or Month report
2018: Jan Fev Mar Abr Mai Jun Jul Ago Set Out Nov Dez
2017: Jan Fev Mar Abr Mai Jun Jul Ago Set Out Nov Dez
2016: Jan Fev Mar Abr Mai Jun Jul Ago Set Out Nov Dez
2015: Jan Fev Mar Abr Mai Jun Jul Ago Set Out Nov Dez
2014: Jan Fev Mar Abr Mai Jun Jul Ago Set Out Nov Dez
2013: Jan Fev Mar Abr Mai Jun Jul Ago Set Out Nov Dez
2012: Jan Fev Mar Abr Mai Jun Jul Ago Set Out Nov Dez

Report for 2018 Maio
                   Monthly Climatological Summary for mai 2018

Name: Estação Jardim Recreio   City: Ribeirão Preto   State: São Paulo
Elevation: 580 m  Lat: S 21° 10' 40"   Lon: W 047° 48' 36"

                  Temperature (°C), Rain (mm), Wind Speed (km/h)

                                      Heat  Cool        Avg
    Mean                              Deg   Deg         Wind                 Dom
Day Temp  High   Time   Low    Time   Days  Days  Rain  Speed High   Time    Dir
----------------------------------------------------------------------------------
 2  21,7  30,1   00:00  15,8   18:21   0,7   4,6   7,8   2,0  13,0   14:40   SSE
 3  15,4  21,5   01:56   9,6   17:19   3,5   0,6   0,0   0,3  11,0   02:35     S
 4  18,1  26,2   23:52  13,6   11:57   1,9   1,7   0,0   0,0   3,0   00:02   SSW
 5  20,7  29,1   02:15  14,6   16:33   0,9   3,3   0,0   0,2  11,0   23:17   SSW
 6  21,0  29,3   02:10  14,7   17:26   0,9   3,6   0,0   0,2  10,0   01:30     S
 7  20,9  28,8   00:22  16,7   22:46   0,2   2,1   0,0   0,0   1,0   10:38     E
 8  21,9  29,7   06:34  16,5   21:05   0,4   4,0   0,0   0,1   7,0   23:28   SSE
 9  16,9  23,5   02:04  13,3   22:52   1,8   0,5   3,6   0,4  12,0   02:30   SSW
10  16,9  20,1   02:46  15,0   00:10   1,6   0,1  27,9   0,8  24,0   04:30    SE
11  21,7  34,2   23:34  16,6   00:00   0,1   3,5  11,7   0,2  13,0   22:29   WSW
12  26,8  35,6   04:07  21,5   20:22   0,0   8,5   0,3   1,1  16,0   19:56    SW
13  21,6  28,0   00:29  15,9   20:25   0,4   3,7   1,8   3,5  22,0   00:29     S
14  14,7  21,8   23:39   9,7   19:19   3,8   0,2   0,0   0,7  12,0   01:03   SSW
15  18,1  22,6   03:33  14,5   19:35   1,2   1,0   0,0   0,1   7,0   02:15   SSW
16  18,0  23,6   23:58  14,7   18:33   1,3   1,0   0,6   0,0   3,0   00:34     E
17  17,8  26,4   03:52  10,4   19:15   2,7   2,2   0,0   1,0  18,0   04:31     S
18  17,8  27,4   04:21   8,9   19:31   3,1   2,6   0,0   0,2  13,0   04:34   ESE
19  20,2  30,6   04:24  12,0   19:08   1,7   3,7   0,0   0,1   5,0   04:11     S
20  22,2  31,8   04:14  13,8   19:37   0,8   4,7   0,0   0,3  11,0   02:30   SSW
21  26,0  31,0   09:52  16,1   20:04   0,4   5,2   0,0   0,2  11,0   09:26    SE
22  16,1  16,1   00:00  16,1   00:00   2,2   0,0   0,0   0,0   1,0   00:00     E
23  16,1  16,1   00:00  16,1   00:00   2,2   0,0   0,0   0,0   1,0   00:00     E
----------------------------------------------------------------------------------
    19,6  35,6    12     8,9    18    31,8  56,8  53,7   0,2  24,0    10       S

Max >=  27,0: 12
Max <=   0,0:  0
Min <=   0,0:  0
Min <= -18,0:  0
Max Rain: 27,9 on day 10
Days of Rain: 7 (>= 0,2 mm)  4 (>= 2,0 mm)  1 (>= 20,0 mm)
Heat Base: 18,3  Cool Base: 18,3  Method: Integration