NOAA-Style Climate Reports


Report for 2012
                   Annual Climatological Summary for 2012

Name: Estação Jardim Recreio   City: Ribeirão Preto   State: São Paulo
Elevation: 580 m  Lat: S 21° 10' 40"   Lon: W 047° 48' 36"

                  Temperature (°C), Heat Base: 18,3  Cool Base: 18,3
                          Dep.  Heat  Cool                       Max  Max  Min  Min
        Mean  Mean        From  Deg   Deg                        >=   <=   <=   <=
 YR MO  Max   Min   Mean  Norm  Days  Days  Hi  Date  Low  Date 27,0  0,0  0,0 -18,0
------------------------------------------------------------------------------------
 12  1
 12  2
 12  3  32,7  19,6  25,2   0,7     0   150  35,5  26  18,1   19   22    0    0    0
 12  4  32,4  18,7  24,4   1,4     2   185  35,2   5  13,6   30   28    0    0    0
 12  5  28,3  15,0  20,5  -0,5    27    94  33,1  29   9,2    2   24    0    0    0
 12  6  28,4  15,1  20,4   0,9    25    88  32,5   4  11,6   23   20    0    0    0
 12  7  29,9  12,8  20,1   0,1    44    95  35,3  23   5,9   19   24    0    0    0
 12  8  30,8  15,3  22,1   0,6    17   135  34,7  31  12,0    2   31    0    0    0
 12  9  33,6  16,8  24,3   1,8    14   194  38,1  15   8,2   27   27    0    0    0
 12 10  36,2  20,4  27,2   2,7     0   275  41,8  30  16,6    1   31    0    0    0
 12 11  33,7  19,9  25,7   1,2     0   223  37,7  22  16,5   18   29    0    0    0
 12 12  34,5  21,4  26,5   2,0     0   253  38,3   9  19,1    3   30    0    0    0
------------------------------------------------------------------------------------
        32,1  17,5  23,6   1,1   133  1697  41,8 out   5,9  jul  266    0    0    0

                                Precipitation (mm)

              Dep.   Max        Days of Rain
              From   Obs.           >=
 YR MO Total  Norm   Day Date  0,2  2,0 20,0
---------------------------------------------
 12  1
 12  2
 12  3  47,1-109,5  24,3  29     9    4    1
 12  4  55,2 -13,9  23,7  30     8    5    1
 12  5  34,8 -13,0  16,8  12     4    3    0
 12  6 103,5  74,9  41,7  20    12    8    1
 12  7  25,0   4,1  15,9  17     5    2    0
 12  8   0,0 -21,0   0,0   0     0    0    0
 12  9  62,1  10,2  26,1  24     8    5    1
 12 10  65,1 -63,7  16,8  23    11    8    0
 12 11 123,6 -44,9  24,6  10    13   10    1
 12 12 122,4-135,1  16,8   4    22   15    0
---------------------------------------------
       638,8-311,9  41,7  jun   92   60    5

                                Wind Speed (km/h)
                          Dom
 YR MO   Avg.  Hi   Date  Dir
------------------------------
 12  1
 12  2
 12  3   4,7  43,0   29   ESE
 12  4   4,3  54,0   21     E
 12  5   4,1  34,0    8   SSE
 12  6   3,7  55,0   21     E
 12  7   3,6  36,0    7   ESE
 12  8   5,5  39,0   15   SSE
 12  9   5,3  54,0   19     S
 12 10   5,3  68,0   30   SSE
 12 11   5,5  45,0    3     S
 12 12   4,6  64,0    9   ENE
------------------------------
         4,7  68,0  out    SE