NOAA-Style Climate Reports

Select a Year or Month report
2017: Jan Fev Mar Abr Mai Jun Jul Ago Set Out Nov Dez
2016: Jan Fev Mar Abr Mai Jun Jul Ago Set Out Nov Dez
2015: Jan Fev Mar Abr Mai Jun Jul Ago Set Out Nov Dez
2014: Jan Fev Mar Abr Mai Jun Jul Ago Set Out Nov Dez
2013: Jan Fev Mar Abr Mai Jun Jul Ago Set Out Nov Dez
2012: Jan Fev Mar Abr Mai Jun Jul Ago Set Out Nov Dez

Report for 2012 Abril
                   Monthly Climatological Summary for abr 2012

Name: Estação Jardim Recreio   City: Ribeirão Preto   State: São Paulo
Elevation: 580 m  Lat: S 21° 10' 40"   Lon: W 047° 48' 36"

                  Temperature (°C), Rain (mm), Wind Speed (km/h)

                                      Heat  Cool        Avg
    Mean                              Deg   Deg         Wind                 Dom
Day Temp  High   Time   Low    Time   Days  Days  Rain  Speed High   Time    Dir
----------------------------------------------------------------------------------
 1  25,5  34,2   15:03  18,5   06:19   0,0   7,2   0,0   3,5  17,0   12:07   SSE
 2  25,8  34,8   13:29  17,9   06:16   0,0   7,4   0,0   3,8  22,0   11:37   NNE
 3  25,9  35,1   14:00  18,7   06:14   0,0   7,6   0,0   4,0  22,0   12:59    NE
 4  26,0  34,6   15:19  18,5   05:49   0,0   7,7   0,0   2,5  17,0   11:49     N
 5  26,7  35,2   14:49  19,0   06:19   0,0   8,4   0,0   2,7  27,0   19:19    NW
 6  26,2  34,3   11:40  21,7   06:49   0,0   7,9   0,3   4,1  22,0   13:49    NW
 7  26,2  34,9   15:37  19,2   05:48   0,0   8,0   0,0   2,6  16,0   10:03   ESE
 8  24,2  32,8   12:27  19,5   23:49   0,0   5,8   0,0   4,8  28,0   16:20   NNE
 9  22,7  31,5   12:51  19,3   05:49   0,0   4,3   4,2   5,1  33,0   15:16   ESE
10  24,6  31,8   13:53  20,0   00:19   0,0   6,2   0,0   5,0  24,0   09:45   ESE
11  25,6  34,9   14:48  19,1   06:18   0,0   7,3   0,0   3,1  17,0   11:18   ESE
12  25,6  34,1   14:18  18,9   05:48   0,0   7,3   0,0   1,7  15,0   10:18     E
13  27,0  34,2   14:30  20,4   06:32   0,0   8,7   0,0   3,5  24,0   12:05   NNE
14  26,6  33,9   13:18  19,8   06:19   0,0   8,3   0,0   4,8  28,0   12:26     N
15  25,9  33,3   14:03  21,0   06:19   0,0   7,7   0,0   4,5  31,0   15:40   NNW
16  25,9  34,6   14:39  20,0   06:48   0,0   7,5   0,0   6,8  24,0   20:17     S
17  25,6  33,9   14:56  19,9   03:18   0,0   7,2   0,0   6,3  30,0   09:24    SE
18  25,7  34,8   16:01  19,5   05:49   0,0   6,6   0,0   4,5  23,0   08:01    SE
19  25,6  34,2   15:13  19,2   06:30   0,0   7,2   0,0   3,7  27,0   09:04   ESE
20  25,0  31,8   13:13  19,6   06:53   0,0   6,7   0,0   2,8  24,0   13:31     N
21  21,5  29,8   12:18  17,9   18:13   0,1   3,3   3,9   6,7  54,0   13:15     W
22  21,8  28,8   15:55  17,9   01:20   0,0   3,6   0,3   4,9  18,0   20:06   SSW
23  22,5  32,5   13:53  16,3   06:15   0,3   4,5   0,0   4,6  22,0   08:03   SSW
24  23,6  33,6   15:47  15,6   06:29   0,3   5,6   0,0   3,3  19,0   10:30     S
25  24,6  35,0   15:19  16,4   06:19   0,3   6,6   0,0   2,4  15,0   13:19    NE
26  24,1  31,3   13:49  20,1   06:49   0,0   5,8   6,3   6,2  30,0   12:49   NNE
27  23,3  29,6   14:28  18,8   23:49   0,0   4,7   0,9   4,5  23,0   11:04     N
28  23,2  31,3   13:04  17,9   04:49   0,1   5,0   0,0   3,3  13,0   10:22     S
29  19,3  21,8   00:19  17,6   08:19   0,1   1,1  15,6   4,6  45,0   04:49    SE
30  17,0  19,4   10:03  13,6   22:09   1,6   0,2  23,7   4,3  28,0   13:56   WNW
----------------------------------------------------------------------------------
    24,4  35,2     5    13,6    30     2,8 185,4  55,2   4,3  54,0    21       E

Max >=  27,0: 28
Max <=   0,0:  0
Min <=   0,0:  0
Min <= -18,0:  0
Max Rain: 23,7 on day 30
Days of Rain: 8 (>= 0,2 mm)  5 (>= 2,0 mm)  1 (>= 20,0 mm)
Heat Base: 18,3  Cool Base: 18,3  Method: Integration