NOAA-Style Climate Reports

Select a Year or Month report
2017: Jan Fev Mar Abr Mai Jun Jul Ago Set Out Nov Dez
2016: Jan Fev Mar Abr Mai Jun Jul Ago Set Out Nov Dez
2015: Jan Fev Mar Abr Mai Jun Jul Ago Set Out Nov Dez
2014: Jan Fev Mar Abr Mai Jun Jul Ago Set Out Nov Dez
2013: Jan Fev Mar Abr Mai Jun Jul Ago Set Out Nov Dez
2012: Jan Fev Mar Abr Mai Jun Jul Ago Set Out Nov Dez

Report for 2012 Maio
                   Monthly Climatological Summary for mai 2012

Name: Estação Jardim Recreio   City: Ribeirão Preto   State: São Paulo
Elevation: 580 m  Lat: S 21° 10' 40"   Lon: W 047° 48' 36"

                  Temperature (°C), Rain (mm), Wind Speed (km/h)

                                      Heat  Cool        Avg
    Mean                              Deg   Deg         Wind                 Dom
Day Temp  High   Time   Low    Time   Days  Days  Rain  Speed High   Time    Dir
----------------------------------------------------------------------------------
 1  16,4  23,1   13:42  12,3   05:20   2,9   1,1   0,0   4,1  18,0   13:24    SW
 2  16,7  24,3   15:19   9,2   05:19   3,0   1,5   0,0   6,8  24,0   08:49   SSE
 3  20,7  28,6   14:49  14,5   05:19   1,0   3,5   0,0   7,3  26,0   08:49   SSE
 4  22,4  30,7   15:57  16,8   06:47   0,2   4,3   0,0   6,2  27,0   11:22    SE
 5  21,6  30,4   12:58  16,6   05:20   0,3   3,7   0,0   2,6  16,0   11:22   SSE
 6  22,0  32,4   14:29  13,4   06:20   1,0   4,6   0,0   3,5  19,0   10:05    SE
 7  22,3  29,3   15:21  17,4   06:40   0,1   4,0   0,0   7,9  28,0   09:29   SSE
 8  22,0  29,9   14:35  16,6   06:45   0,2   3,8   0,0   7,5  34,0   09:45   SSE
 9  21,1  30,7   14:51  14,0   06:35   0,8   3,6   0,0   3,1  19,0   09:07   SSE
10  21,9  31,3   16:20  16,1   03:20   0,5   4,2   0,0   2,0  13,0   12:20   NNW
11  22,2  32,8   14:16  14,0   04:50   1,0   4,9   0,0   2,2  23,0   14:58    NE
12  18,3  19,8   00:35  17,2   09:11   0,3   0,3  16,8   2,8  28,0   10:08   ESE
13  20,2  25,4   13:25  17,5   02:19   0,2   2,1   0,3   2,2  13,0   11:43   SSE
14  18,4  20,8   16:05  17,4   07:29   0,3   0,4  10,5   4,4  21,0   21:29     S
15  18,5  21,3   12:26  16,6   06:32   0,5   0,7   0,0   6,6  21,0   11:22     S
16  19,8  27,1   13:39  15,0   05:50   0,9   2,3   0,0   5,1  22,0   09:55   SSE
17  18,8  26,0   13:38  14,3   06:37   1,4   2,0   0,0   6,6  24,0   11:50   SSE
18  18,9  27,0   13:58  13,3   05:51   1,6   2,2   0,0   6,2  28,0   10:10   SSE
19  18,8  27,0   14:44  13,4   03:19   1,7   2,2   0,0   5,1  24,0   09:03    SE
20  19,2  29,5   14:23  12,3   05:21   2,1   3,0   0,0   2,9  23,0   10:08    SE
21  19,6  30,3   15:07  12,2   06:25   1,6   2,9   0,0   3,3  19,0   09:27   SSE
22  18,8  27,3   13:11  12,2   06:50   1,8   2,4   0,0   3,9  22,0   12:34   SSE
23  20,2  30,7   13:51  12,9   05:21   1,5   3,4   0,0   3,7  21,0   09:40   SSE
24  21,5  29,5   12:54  16,3   06:14   0,4   3,6   0,0   3,8  24,0   12:02   ENE
25  21,3  28,0   15:02  17,2   06:35   0,1   3,1   7,2   4,3  22,0   03:21     N
26  21,2  28,2   14:26  17,0   04:21   0,2   3,1   0,0   3,0  21,0   15:09   WNW
27  22,7  32,1   14:39  15,8   05:51   0,7   5,1   0,0   3,6  22,0   21:10   NNE
28  20,5  27,2   15:34  17,1   06:57   0,1   2,3   0,0   2,9  27,0   03:21   SSW
29  22,4  33,1   16:02  15,3   06:55   0,6   4,8   0,0   2,1  17,0   13:46   SSE
30  22,9  32,6   12:41  15,6   06:15   0,5   5,1   0,0   2,1  18,0   14:45    NW
31  22,8  32,1   15:45  16,1   06:57   0,3   4,7   0,0   1,9  11,0   11:47   SSE
----------------------------------------------------------------------------------
    20,5  33,1    29     9,2     2    27,8  94,9  34,8   4,1  34,0     8     SSE

Max >=  27,0: 24
Max <=   0,0:  0
Min <=   0,0:  0
Min <= -18,0:  0
Max Rain: 16,8 on day 12
Days of Rain: 4 (>= 0,2 mm)  3 (>= 2,0 mm)  0 (>= 20,0 mm)
Heat Base: 18,3  Cool Base: 18,3  Method: Integration