NOAA-Style Climate Reports

Select a Year or Month report
2017: Jan Fev Mar Abr Mai Jun Jul Ago Set Out Nov Dez
2016: Jan Fev Mar Abr Mai Jun Jul Ago Set Out Nov Dez
2015: Jan Fev Mar Abr Mai Jun Jul Ago Set Out Nov Dez
2014: Jan Fev Mar Abr Mai Jun Jul Ago Set Out Nov Dez
2013: Jan Fev Mar Abr Mai Jun Jul Ago Set Out Nov Dez
2012: Jan Fev Mar Abr Mai Jun Jul Ago Set Out Nov Dez

Report for 2012 Junho
                   Monthly Climatological Summary for jun 2012

Name: Estação Jardim Recreio   City: Ribeirão Preto   State: São Paulo
Elevation: 580 m  Lat: S 21° 10' 40"   Lon: W 047° 48' 36"

                  Temperature (°C), Rain (mm), Wind Speed (km/h)

                                      Heat  Cool        Avg
    Mean                              Deg   Deg         Wind                 Dom
Day Temp  High   Time   Low    Time   Days  Days  Rain  Speed High   Time    Dir
----------------------------------------------------------------------------------
 1  20,3  30,3   12:22  16,0   06:48   0,5   2,6   0,0   4,1  34,0   14:11   WSW
 2  20,7  30,9   14:35  14,2   07:21   1,2   3,6   0,3   2,5  15,0   12:03    NW
 3  22,1  32,1   14:43  14,9   04:51   0,9   4,7   0,3   3,2  27,0   13:47   NNE
 4  23,0  32,5   14:30  14,8   06:17   0,8   5,5   3,3   6,8  38,0   23:37   NNE
 5  20,1  23,6   14:49  18,2   06:50   0,0   1,8  12,9   4,5  23,0   08:54   NNE
 6  19,6  24,3   13:12  17,7   06:39   0,1   1,4   9,0   1,6  13,0   14:02   SSW
 7  19,0  23,6   11:34  17,1   06:51   0,4   1,1   3,6   1,7  10,0   14:35     S
 8  18,2  21,0   11:22  16,5   22:56   0,6   0,5   5,1   3,8  15,0   14:10   SSW
 9  18,4  24,2   15:04  15,4   05:21   1,1   1,2   0,0   5,2  21,0   12:49     S
10  20,0  28,2   13:03  14,1   05:51   1,1   2,8   0,0   3,0  21,0   10:21   SSE
11  22,1  31,3   13:52  16,2   06:22   0,4   4,2   0,3   2,8  19,0   11:22     N
12  22,3  31,8   13:52  16,4   04:22   0,4   4,4   0,0   1,4  12,0   12:22     N
13  22,4  32,4   15:35  15,5   06:52   0,5   4,7   0,0   1,9  18,0   14:49    NE
14  22,6  32,5   14:20  17,3   07:09   0,1   4,3   0,0   2,1  17,0   11:06   SSE
15  20,7  30,9   13:57  14,7   06:56   0,9   3,4   1,8   2,9  36,0   17:39     E
16  20,2  30,2   15:01  13,0   07:22   1,5   3,4   0,0   2,9  21,0   11:33    NE
17  20,1  31,4   16:04  12,6   06:22   1,7   3,5   0,0   2,6  17,0   13:14   ESE
18  21,1  30,4   13:59  12,9   06:53   1,5   4,2   0,0   6,5  37,0   13:14   ENE
19  21,6  30,5   14:23  16,7   04:23   0,4   3,7   0,0   2,6  13,0   12:23   ESE
20  19,6  22,6   09:53  17,9   02:23   0,0   1,3  41,7   3,6  26,0   16:50    NE
21  19,7  24,1   12:46  16,5   22:25   0,2   1,6  17,7   5,3  55,0   22:01     N
22  19,3  25,1   13:25  15,6   23:53   0,7   1,7   7,5   6,9  26,0   13:42   NNW
23  17,5  25,2   15:07  11,6   06:53   2,2   1,5   0,0   3,3  18,0   12:25     S
24  20,0  30,6   15:50  11,8   06:22   1,8   3,5   0,0   3,6  18,0   10:08   SSE
25  20,6  29,3   12:56  15,6   06:17   0,7   3,0   0,0   4,1  19,0   22:29    SW
26  19,2  26,4   14:04  13,8   06:31   1,4   2,3   0,0   6,8  34,0   09:19   SSE
27  19,7  28,8   15:42  12,7   06:52   1,4   2,8   0,0   3,6  19,0   09:47   SSE
28  19,7  27,7   15:22  13,9   06:52   1,4   2,8   0,0   2,6  13,0   15:22   SSE
29  20,2  29,0   15:07  13,5   05:52   1,3   3,2   0,0   1,8  17,0   14:23     E
30  21,7  32,2   15:23  14,8   07:14   0,7   4,1   0,0   2,5  22,0   12:39     N
----------------------------------------------------------------------------------
    20,4  32,5     4    11,6    23    25,9  88,8 103,5   3,7  55,0    21       E

Max >=  27,0: 20
Max <=   0,0:  0
Min <=   0,0:  0
Min <= -18,0:  0
Max Rain: 41,7 on day 20
Days of Rain: 12 (>= 0,2 mm)  8 (>= 2,0 mm)  1 (>= 20,0 mm)
Heat Base: 18,3  Cool Base: 18,3  Method: Integration