NOAA-Style Climate Reports

Select a Year or Month report
2017: Jan Fev Mar Abr Mai Jun Jul Ago Set Out Nov Dez
2016: Jan Fev Mar Abr Mai Jun Jul Ago Set Out Nov Dez
2015: Jan Fev Mar Abr Mai Jun Jul Ago Set Out Nov Dez
2014: Jan Fev Mar Abr Mai Jun Jul Ago Set Out Nov Dez
2013: Jan Fev Mar Abr Mai Jun Jul Ago Set Out Nov Dez
2012: Jan Fev Mar Abr Mai Jun Jul Ago Set Out Nov Dez

Report for 2012 Julho
                   Monthly Climatological Summary for jul 2012

Name: Estação Jardim Recreio   City: Ribeirão Preto   State: São Paulo
Elevation: 580 m  Lat: S 21° 10' 40"   Lon: W 047° 48' 36"

                  Temperature (°C), Rain (mm), Wind Speed (km/h)

                                      Heat  Cool        Avg
    Mean                              Deg   Deg         Wind                 Dom
Day Temp  High   Time   Low    Time   Days  Days  Rain  Speed High   Time    Dir
----------------------------------------------------------------------------------
 1  21,1  31,9   14:22  13,2   06:53   1,4   4,2   0,0   2,7  17,0   13:12   ENE
 2  21,3  31,6   13:53  14,1   06:53   1,2   4,2   0,0   2,0  13,0   13:53   SSE
 3  21,2  31,7   15:23  14,4   06:53   1,0   3,9   0,0   1,2  15,0   12:53   ESE
 4  20,6  29,7   15:00  14,1   06:46   1,1   3,3   0,0   3,9  22,0   14:22   ESE
 5  21,0  32,7   14:57  12,9   06:49   1,4   4,0   0,0   2,9  17,0   10:17   SSE
 6  21,1  30,9   15:35  13,9   06:51   1,0   3,8   0,0   3,8  33,0   11:48    NE
 7  21,6  30,1   15:52  14,5   05:53   0,9   4,3   0,0   3,9  36,0   23:00   NNW
 8  18,7  26,3   14:55  13,7   23:54   1,0   1,4   0,6   4,5  30,0   00:23   WSW
 9  18,8  27,9   15:41  11,8   06:54   2,0   2,4   0,0   5,6  26,0   10:15   SSE
10  20,3  29,8   16:00  14,0   07:00   2,0   0,0   0,0   2,8  15,0   10:00   NNW
11  20,4  30,2   15:00  12,1   06:00   2,1   0,0   0,0   2,0   9,0   13:00   NNW
12  20,0  29,2   12:00  14,9   06:00   1,7   0,0   7,9   2,8  22,0   12:00    SE
13  17,9  24,0   14:00  10,7   23:00   0,0   0,4   0,0   2,1   9,0   02:00   SSE
14  15,8  27,2   15:00   7,0   06:00   0,0   2,5   0,0   2,3  11,0   08:00   WNW
15  17,8  28,1   15:00   9,1   06:00   0,0   0,5   0,3   4,7  15,0   18:00    SW
16  18,3  25,0   14:09  13,7   06:14   1,4   1,4   0,0   8,1  24,0   09:14     S
17  18,4  26,5   12:34  13,6   05:34   1,5   1,6  15,9   6,4  32,0   15:24   NNE
18  14,8  21,1   14:57   9,2   23:57   4,0   0,5   0,3   4,2  24,0   14:59    NW
19  13,2  23,4   15:04   5,9   06:15   6,0   0,8   0,0   2,6  23,0   11:20     S
20  15,8  28,9   15:44   6,5   06:44   4,7   2,2   0,0   2,0  21,0   12:56    NE
21  18,4  32,3   15:12   7,6   07:01   3,6   3,7   0,0   1,7  15,0   13:39    NE
22  22,3  33,9   14:26  13,6   04:01   1,4   5,4   0,0   2,4  21,0   12:09   NNE
23  24,1  35,3   15:03  16,3   07:10   0,1   5,9   0,0   1,6  19,0   12:34    NE
24  24,3  34,0   14:35  18,6   06:46   0,0   6,0   0,0   2,1  19,0   13:16   NNE
25  23,7  32,8   14:48  16,1   07:03   0,2   5,6   0,0   3,6  23,0   11:18    NE
26  22,5  33,2   14:08  14,2   06:38   0,9   5,1   0,0   3,2  24,0   11:43    NE
27  23,2  34,7   16:08  14,5   06:48   0,7   5,6   0,0   2,5  19,0   13:08   NNE
28  22,5  33,8   14:33  13,5   06:28   0,9   5,1   0,0   2,5  18,0   14:45    SE
29  22,5  32,8   15:37  14,7   06:53   0,7   4,8   0,0   3,8  32,0   11:22    NE
30  21,8  31,0   13:47  13,9   06:33   1,0   4,5   0,0   4,1  26,0   12:43     S
31  20,5  26,8   15:05  15,7   23:55   0,6   2,8   0,0   7,3  33,0   14:30   SSE
----------------------------------------------------------------------------------
    20,1  35,3    23     5,9    19    44,5  95,9  25,0   3,6  36,0     7       E

Max >=  27,0: 24
Max <=   0,0:  0
Min <=   0,0:  0
Min <= -18,0:  0
Max Rain: 15,9 on day 17
Days of Rain: 5 (>= 0,2 mm)  2 (>= 2,0 mm)  0 (>= 20,0 mm)
Heat Base: 18,3  Cool Base: 18,3  Method: Integration