NOAA-Style Climate Reports

Select a Year or Month report
2017: Jan Fev Mar Abr Mai Jun Jul Ago Set Out Nov Dez
2016: Jan Fev Mar Abr Mai Jun Jul Ago Set Out Nov Dez
2015: Jan Fev Mar Abr Mai Jun Jul Ago Set Out Nov Dez
2014: Jan Fev Mar Abr Mai Jun Jul Ago Set Out Nov Dez
2013: Jan Fev Mar Abr Mai Jun Jul Ago Set Out Nov Dez
2012: Jan Fev Mar Abr Mai Jun Jul Ago Set Out Nov Dez

Report for 2012 Agosto
                   Monthly Climatological Summary for ago 2012

Name: Estação Jardim Recreio   City: Ribeirão Preto   State: São Paulo
Elevation: 580 m  Lat: S 21° 10' 40"   Lon: W 047° 48' 36"

                  Temperature (°C), Rain (mm), Wind Speed (km/h)

                                      Heat  Cool        Avg
    Mean                              Deg   Deg         Wind                 Dom
Day Temp  High   Time   Low    Time   Days  Days  Rain  Speed High   Time    Dir
----------------------------------------------------------------------------------
 1  20,0  27,7   14:29  13,3   06:31   1,3   3,1   0,0   5,0  32,0   11:00    SE
 2  20,2  29,2   14:01  12,0   06:15   1,5   3,5   0,0   4,5  28,0   12:21    SE
 3  21,6  32,4   15:14  13,5   05:55   1,1   4,3   0,0   2,7  23,0   11:30   ESE
 4  22,2  32,3   15:02  13,8   06:45   0,9   4,8   0,0   2,4  18,0   10:45    NE
 5  21,7  29,8   14:51  13,5   06:50   0,9   4,3   0,0   4,4  33,0   13:35    SW
 6  21,1  29,9   14:34  15,6   06:42   0,5   3,4   0,0   5,0  26,0   11:25   SSW
 7  21,5  32,1   14:55  12,0   06:47   1,4   4,6   0,0   4,9  24,0   10:37   SSE
 8  23,3  32,5   14:32  16,6   07:00   0,1   4,8   0,0   5,4  26,0   09:42   SSE
 9  21,8  31,4   16:06  14,6   06:41   0,6   4,1   0,0   3,4  22,0   10:08     S
10  21,0  29,9   15:11  13,2   06:15   1,1   3,8   0,0   4,6  22,0   12:40   SSE
11  21,6  30,2   14:16  14,0   05:44   0,8   4,2   0,0   5,2  24,0   11:08    SE
12  21,2  30,3   15:29  13,1   06:24   1,1   4,0   0,0   4,5  28,0   14:42    SE
13  22,1  31,0   13:57  13,7   06:42   0,7   4,5   0,0   4,3  27,0   13:01    SE
14  22,7  29,2   14:06  17,2   03:26   0,1   4,5   0,0   8,4  36,0   12:28    SE
15  22,7  28,9   15:28  18,4   06:57   0,0   4,4   0,0   9,2  39,0   11:36    SE
16  23,1  30,5   14:20  16,4   06:45   0,1   5,0   0,0   8,1  36,0   13:48    SE
17  23,1  30,2   14:23  18,2   06:29   0,0   4,8   0,0   9,1  31,0   09:27   SSE
18  22,1  28,6   13:28  17,1   06:36   0,1   3,9   0,0   8,3  38,0   09:07    SE
19  20,5  28,4   16:29  16,1   01:11   0,4   2,1   0,0   6,8  36,0   10:53   SSE
20  22,6  30,2   15:20  17,4   06:37   0,1   4,4   0,0   7,2  33,0   09:32    SE
21  22,3  31,5   15:22  15,6   06:32   0,6   4,6   0,0   5,4  26,0   10:17    SE
22  22,8  32,5   15:37  15,2   03:56   0,7   5,2   0,0   4,9  33,0   10:36    SE
23  22,6  29,7   14:45  16,5   06:51   0,1   4,4   0,0   7,3  28,0   11:40    SE
24  23,1  31,3   14:33  17,2   03:56   0,1   5,0   0,0   8,7  38,0   09:14   SSE
25  22,8  30,8   13:15  16,1   05:40   0,4   4,9   0,0   4,8  28,0   09:32   SSE
26  23,1  31,9   13:32  16,2   06:40   0,2   5,0   0,0   3,7  24,0   15:04   SSE
27  24,1  32,6   14:29  17,7   06:28   0,0   5,9   0,0   2,7  19,0   10:01   ESE
28  23,7  33,9   14:26  17,6   07:07   0,0   5,5   0,0   5,9  31,0   17:56    SW
29  21,5  29,8   15:16  14,2   06:21   0,7   3,9   0,0   5,3  27,0   14:06   WSW
30  21,3  30,3   14:23  14,8   06:22   0,6   3,7   0,0   6,2  27,0   14:39   SSW
31  21,8  34,7   16:07  12,1   06:39   1,5   5,0   0,0   2,8  21,0   09:15     S
----------------------------------------------------------------------------------
    22,1  34,7    31    12,0     2    17,7 135,6   0,0   5,5  39,0    15     SSE

Max >=  27,0: 31
Max <=   0,0:  0
Min <=   0,0:  0
Min <= -18,0:  0
Max Rain: 0,0 on day 0
Days of Rain: 0 (>= 0,2 mm)  0 (>= 2,0 mm)  0 (>= 20,0 mm)
Heat Base: 18,3  Cool Base: 18,3  Method: Integration