NOAA-Style Climate Reports

Select a Year or Month report
2017: Jan Fev Mar Abr Mai Jun Jul Ago Set Out Nov Dez
2016: Jan Fev Mar Abr Mai Jun Jul Ago Set Out Nov Dez
2015: Jan Fev Mar Abr Mai Jun Jul Ago Set Out Nov Dez
2014: Jan Fev Mar Abr Mai Jun Jul Ago Set Out Nov Dez
2013: Jan Fev Mar Abr Mai Jun Jul Ago Set Out Nov Dez
2012: Jan Fev Mar Abr Mai Jun Jul Ago Set Out Nov Dez

Report for 2012 Setembro
                   Monthly Climatological Summary for set 2012

Name: Estação Jardim Recreio   City: Ribeirão Preto   State: São Paulo
Elevation: 580 m  Lat: S 21° 10' 40"   Lon: W 047° 48' 36"

                  Temperature (°C), Rain (mm), Wind Speed (km/h)

                                      Heat  Cool        Avg
    Mean                              Deg   Deg         Wind                 Dom
Day Temp  High   Time   Low    Time   Days  Days  Rain  Speed High   Time    Dir
----------------------------------------------------------------------------------
 1  23,4  36,2   15:22  12,7   06:20   1,2   6,2   0,0   2,4  18,0   13:16     N
 2  24,4  36,3   14:10  13,5   06:35   0,7   6,8   0,0   3,0  24,0   13:29    NW
 3  24,3  34,8   13:45  14,9   06:15   0,5   6,5   0,0   5,9  43,0   21:00   SSW
 4  24,1  35,5   15:06  16,5   05:37   0,3   6,2   0,0   8,2  36,0   08:57     S
 5  25,5  35,8   13:48  17,3   06:36   0,0   7,2   0,0   3,3  26,0   12:20    SE
 6  26,0  36,1   15:16  17,1   06:25   0,1   7,8   0,0   2,8  19,0   10:21   ESE
 7  25,9  35,5   15:37  17,5   06:10   0,0   7,7   0,0   3,3  26,0   11:58     E
 8  26,2  35,7   13:45  17,7   06:30   0,0   7,9   0,0   2,6  22,0   11:21     E
 9  26,6  37,4   15:12  17,5   06:25   0,0   8,3   0,0   2,3  23,0   13:38   ESE
10  26,9  37,6   15:25  17,4   06:30   0,0   8,6   0,0   3,0  28,0   11:34    NE
11  25,9  37,4   14:38  16,6   06:06   0,2   7,8   0,0   3,1  26,0   07:34   NNW
12  27,5  38,0   15:12  18,2   06:29   0,0   9,2   0,0   3,0  27,0   13:05     W
13  27,4  36,0   13:55  19,1   06:12   0,0   9,2   0,0   5,9  27,0   20:12   SSW
14  26,5  35,5   14:29  18,5   04:50   0,0   8,2   0,0   7,3  33,0   10:04     S
15  28,3  38,1   14:15  21,2   06:20   0,0  10,1   0,0   4,9  24,0   09:13    SE
16  28,7  37,3   14:13  21,8   03:35   0,0  10,4   0,0   3,7  24,0   11:14     E
17  29,0  37,8   16:13  22,7   05:21   0,0  10,9   0,0   3,9  30,0   11:46   ENE
18  28,4  38,1   14:29  20,7   05:56   0,0  10,2   0,0   4,0  33,0   10:13    NE
19  27,5  36,9   13:16  20,3   23:03   0,0   9,2   6,9   7,5  54,0   18:01     N
20  23,2  29,1   13:38  18,7   05:35   0,0   4,9   2,1   5,0  31,0   12:15    NE
21  20,2  25,8   11:52  16,0   22:31   0,5   2,4  15,3   4,5  50,0   15:15   WSW
22  20,5  27,7   15:55  16,2   00:05   0,6   2,8   0,3   3,3  26,0   14:46   SSW
23  22,2  31,0   15:00  15,0   04:20   0,8   4,7   1,2   7,4  43,0   19:15     S
24  22,6  31,6   13:10  18,7   23:31   0,0   4,3  26,1   7,5  45,0   17:03    SE
25  20,4  28,4   13:32  17,1   19:21   0,3   2,3   9,9   7,1  49,0   17:08   WNW
26  17,2  22,6   12:28  10,7   23:45   2,0   0,8   0,3   9,0  37,0   16:40    SW
27  15,9  24,0   15:23   8,2   05:47   3,7   1,3   0,0  12,8  40,0   09:04     S
28  19,2  27,6   15:17  12,5   05:36   1,9   2,8   0,0  10,4  40,0   08:24     S
29  22,0  31,4   15:29  14,9   05:42   0,8   4,5   0,0   7,9  36,0   09:22   SSE
30  23,6  34,3   15:22  15,4   06:07   0,6   5,8   0,0   4,3  26,0   08:43     S
----------------------------------------------------------------------------------
    24,3  38,1    15     8,2    27    14,2 195,0  62,1   5,3  54,0    19       S

Max >=  27,0: 27
Max <=   0,0:  0
Min <=   0,0:  0
Min <= -18,0:  0
Max Rain: 26,1 on day 24
Days of Rain: 8 (>= 0,2 mm)  5 (>= 2,0 mm)  1 (>= 20,0 mm)
Heat Base: 18,3  Cool Base: 18,3  Method: Integration