NOAA-Style Climate Reports


Report for 2012 Outubro
                   Monthly Climatological Summary for out 2012

Name: Estação Jardim Recreio   City: Ribeirão Preto   State: São Paulo
Elevation: 580 m  Lat: S 21° 10' 40"   Lon: W 047° 48' 36"

                  Temperature (°C), Rain (mm), Wind Speed (km/h)

                                      Heat  Cool        Avg
    Mean                              Deg   Deg         Wind                 Dom
Day Temp  High   Time   Low    Time   Days  Days  Rain  Speed High   Time    Dir
----------------------------------------------------------------------------------
 1  26,1  37,8   15:45  16,6   04:47   0,2   8,0   0,0   2,7  18,0   08:03    SE
 2  27,8  38,7   14:23  18,6   06:15   0,0   9,5   0,0   2,6  24,0   13:09     E
 3  28,8  38,5   14:05  20,4   05:42   0,0  10,5   0,0   3,2  27,0   13:34     E
 4  28,5  37,7   15:52  20,6   05:42   0,0  10,2   0,0   3,5  23,0   10:32   NNE
 5  27,8  37,2   13:34  20,2   05:38   0,0   9,5   0,9   5,7  39,0   18:45     S
 6  28,2  36,0   15:07  20,9   06:12   0,0   9,9   0,0   6,0  24,0   01:37    SE
 7  27,9  36,1   15:18  21,1   06:02   0,0   9,6   0,0   5,2  27,0   12:13   SSE
 8  27,9  37,0   14:29  21,2   05:36   0,0   9,6   0,0   4,5  24,0   09:42    SE
 9  27,5  35,3   12:34  20,6   03:02   0,0   9,3   0,0   4,0  26,0   09:46    SE
10  27,3  36,4   14:35  19,1   05:53   0,0   9,0   0,0   5,1  32,0   10:43    NE
11  24,7  30,2   10:58  21,5   23:47   0,0   6,4   0,0   5,0  23,0   21:38    SW
12  22,3  33,8   12:51  18,3   21:31   0,0   4,0   0,0  11,2  54,0   13:55   SSW
13  23,1  30,9   13:35  17,6   02:34   0,1   4,9   0,0  11,3  33,0   18:23     S
14  24,3  30,4   13:37  19,7   04:09   0,0   6,0   0,0  11,3  43,0   14:12     S
15  25,3  34,7   14:49  17,4   05:38   0,0   7,0   0,0   6,0  27,0   00:03     S
16  25,6  34,1   14:49  19,9   23:54   0,0   7,3   4,2   6,4  33,0   16:53     E
17  23,6  30,7   14:20  19,2   02:04   0,0   5,3   5,1   5,2  26,0   12:14     E
18  26,8  36,0   15:42  18,9   05:44   0,0   8,5   0,0   2,9  18,0   09:07   NNE
19  25,5  36,0   13:06  20,1   05:24   0,0   7,2   4,8   5,6  38,0   14:46   SSE
20  27,2  36,2   15:09  20,8   05:38   0,0   9,0   0,6   7,5  36,0   18:00   ESE
21  28,1  36,6   15:51  20,7   06:53   0,0   9,7   0,3   5,2  32,0   23:18   ENE
22  27,5  36,7   16:27  20,2   02:08   0,0   9,2   3,0   5,3  32,0   01:08   NNE
23  25,7  35,9   16:09  20,7   23:54   0,0   7,5  16,8   5,8  39,0   17:51   NNE
24  24,6  33,6   17:26  19,0   06:24   0,0   6,3   9,0   5,0  26,0   05:24   ENE
25  28,5  36,0   15:47  21,0   06:29   0,0  10,2   0,0   2,7  21,0   22:01   SSW
26  28,9  37,0   14:14  22,9   06:48   0,0  10,6   4,8   3,3  22,0   09:05    SE
27  29,4  39,4   16:45  21,2   05:18   0,0  11,1   0,0   5,4  28,0   03:04     S
28  31,2  40,5   15:36  24,0   06:13   0,0  13,0   0,0   5,3  44,0   22:02   SSE
29  31,0  40,9   14:50  23,2   06:27   0,0  12,7   0,0   5,5  26,0   15:58   SSE
30  30,6  41,8   14:37  23,9   05:15   0,0  12,1  15,6   3,5  68,0   18:52    SW
31  30,4  40,1   15:46  21,7   06:31   0,0  12,1   0,0   2,2  26,0   16:08     W
----------------------------------------------------------------------------------
    27,2  41,8    30    16,6     1     0,3 275,2  65,1   5,3  68,0    30      SE

Max >=  27,0: 31
Max <=   0,0:  0
Min <=   0,0:  0
Min <= -18,0:  0
Max Rain: 16,8 on day 23
Days of Rain: 11 (>= 0,2 mm)  8 (>= 2,0 mm)  0 (>= 20,0 mm)
Heat Base: 18,3  Cool Base: 18,3  Method: Integration