NOAA-Style Climate Reports

Select a Year or Month report
2017: Jan Fev Mar Abr Mai Jun Jul Ago Set Out Nov Dez
2016: Jan Fev Mar Abr Mai Jun Jul Ago Set Out Nov Dez
2015: Jan Fev Mar Abr Mai Jun Jul Ago Set Out Nov Dez
2014: Jan Fev Mar Abr Mai Jun Jul Ago Set Out Nov Dez
2013: Jan Fev Mar Abr Mai Jun Jul Ago Set Out Nov Dez
2012: Jan Fev Mar Abr Mai Jun Jul Ago Set Out Nov Dez

Report for 2012 Novembro
                   Monthly Climatological Summary for nov 2012

Name: Estação Jardim Recreio   City: Ribeirão Preto   State: São Paulo
Elevation: 580 m  Lat: S 21° 10' 40"   Lon: W 047° 48' 36"

                  Temperature (°C), Rain (mm), Wind Speed (km/h)

                                      Heat  Cool        Avg
    Mean                              Deg   Deg         Wind                 Dom
Day Temp  High   Time   Low    Time   Days  Days  Rain  Speed High   Time    Dir
----------------------------------------------------------------------------------
 1  26,1  37,5   15:46  20,7   23:58   0,0   7,8  11,1   7,6  43,0   19:31   WSW
 2  25,3  34,4   16:14  20,6   00:18   0,0   7,0   0,3   4,9  22,0   19:14   SSW
 3  24,8  34,3   13:52  20,8   06:24   0,0   6,5   0,0   5,7  45,0   15:51     W
 4  25,9  34,7   16:02  18,2   06:28   0,0   7,6   0,0   3,8  27,0   14:56    NW
 5  27,4  36,1   14:48  19,7   06:14   0,0   9,1   0,0   5,5  24,0   15:15     W
 6  27,5  36,7   14:42  21,8   06:57   0,0   9,3   0,0   6,2  27,0   11:21   SSW
 7  25,8  36,4   15:44  19,9   06:34   0,0   7,5   8,1   5,4  32,0   16:34   SSE
 8  23,9  29,6   13:52  21,3   21:10   0,0   5,6  10,2   4,9  26,0   13:10    SE
 9  21,4  23,6   11:58  20,0   14:30   0,0   3,1  19,2   3,9  30,0   13:44    SE
10  23,7  32,5   15:15  18,7   06:48   0,0   5,4  24,6   5,4  37,0   18:54   ENE
11  24,7  31,1   17:36  18,6   06:13   0,0   6,4   0,3   3,3  24,0   11:00   ESE
12  27,3  36,2   16:47  21,0   06:11   0,0   9,0   1,2   4,1  27,0   10:03    NE
13  23,9  31,9   13:31  19,9   23:57   0,0   5,6  10,8   4,6  30,0   14:32     W
14  22,6  30,2   15:38  16,9   06:17   0,2   4,5   0,0   7,7  27,0   18:38    SW
15  24,0  33,0   14:41  16,9   05:56   0,2   5,9   0,0   6,2  27,0   15:59    SW
16  25,7  32,7   14:06  19,6   06:42   0,0   7,4   0,0   6,2  27,0   23:06   WSW
17  24,1  32,4   14:57  16,6   06:26   0,1   5,9   0,0   8,9  34,0   16:39    SW
18  25,1  35,2   16:52  16,5   06:26   0,2   7,0   0,0   5,1  26,0   10:56   SSW
19  24,6  31,5   13:02  19,3   23:50   0,0   6,3  12,0   6,5  32,0   13:47    SE
20  26,1  35,1   16:33  18,0   03:55   0,0   8,0   5,1   4,2  24,0   12:15    SW
21  27,6  35,7   17:03  20,6   06:27   0,0   9,3   0,0   4,4  26,0   11:44   SSW
22  28,6  37,7   14:54  21,3   06:28   0,0  10,3   0,0   4,8  22,0   18:09   SSW
23  28,3  37,2   14:53  19,4   06:34   0,0  10,0   0,0   4,3  31,0   17:18    NE
24  24,5  31,9   11:55  21,2   19:51   0,0   6,2  18,6   5,6  45,0   15:08   ENE
25  22,9  27,5   16:48  20,9   05:26   0,0   4,3   2,1   7,2  32,0   21:16   SSW
26  25,5  31,7   17:19  19,5   06:26   0,0   7,2   0,0   8,6  32,0   08:15     S
27  27,9  36,7   16:20  20,9   06:37   0,0   9,6   0,0   4,4  19,0   16:47   SSW
28  29,0  36,7   16:36  21,8   06:23   0,0  10,7   0,0   4,3  24,0   15:52    NW
29  28,4  36,4   15:00  21,7   05:32   0,0  10,2   0,0   3,9  26,0   11:36    SE
30  28,9  35,7   16:28  23,9   06:36   0,0  10,6   0,0   7,6  33,0   07:30   SSE
----------------------------------------------------------------------------------
    25,7  37,7    22    16,5    18     0,7 223,3 123,6   5,5  45,0     3     SSW

Max >=  27,0: 29
Max <=   0,0:  0
Min <=   0,0:  0
Min <= -18,0:  0
Max Rain: 24,6 on day 10
Days of Rain: 13 (>= 0,2 mm)  10 (>= 2,0 mm)  1 (>= 20,0 mm)
Heat Base: 18,3  Cool Base: 18,3  Method: Integration