NOAA-Style Climate Reports

Select a Year or Month report
2017: Jan Fev Mar Abr Mai Jun Jul Ago Set Out Nov Dez
2016: Jan Fev Mar Abr Mai Jun Jul Ago Set Out Nov Dez
2015: Jan Fev Mar Abr Mai Jun Jul Ago Set Out Nov Dez
2014: Jan Fev Mar Abr Mai Jun Jul Ago Set Out Nov Dez
2013: Jan Fev Mar Abr Mai Jun Jul Ago Set Out Nov Dez
2012: Jan Fev Mar Abr Mai Jun Jul Ago Set Out Nov Dez

Report for 2012 Dezembro
                   Monthly Climatological Summary for dez 2012

Name: Estação Jardim Recreio   City: Ribeirão Preto   State: São Paulo
Elevation: 580 m  Lat: S 21° 10' 40"   Lon: W 047° 48' 36"

                  Temperature (°C), Rain (mm), Wind Speed (km/h)

                                      Heat  Cool        Avg
    Mean                              Deg   Deg         Wind                 Dom
Day Temp  High   Time   Low    Time   Days  Days  Rain  Speed High   Time    Dir
----------------------------------------------------------------------------------
 1  25,2  34,1   14:44  20,6   16:25   0,0   6,9  12,0   4,8  38,0   15:39     E
 2  26,6  34,1   16:11  21,0   05:42   0,0   8,4   2,7   5,2  26,0   12:37    NE
 3  26,3  34,3   17:28  19,1   03:32   0,0   8,0  14,4   4,9  39,0   01:32    SE
 4  27,6  36,2   15:11  21,2   06:27   0,0   9,4  16,8   3,6  31,0   19:54    NE
 5  28,5  36,0   15:30  22,2   05:14   0,0  10,2   0,6   4,4  31,0   15:34    NE
 6  27,0  33,8   13:15  21,8   06:10   0,0   8,7   1,5   3,6  26,0   00:00   ENE
 7  29,5  37,7   15:29  21,9   06:10   0,0  11,3   0,0   3,5  26,0   15:34   NNW
 8  29,8  37,9   15:18  23,2   06:50   0,0  10,4   0,0   3,4  24,0   16:33   ESE
 9  27,3  38,3   14:15  21,2   19:14   0,0   9,1   3,0   5,6  64,0   18:05   SSE
10  27,9  37,1   17:07  20,8   06:39   0,0   9,6   0,3   4,1  37,0   23:49   ENE
11  27,0  34,6   14:57  22,0   03:54   0,0   8,7   0,0   7,2  39,0   00:09   NNE
12  26,6  37,6   15:06  21,9   22:05   0,0   8,3  10,8   4,9  32,0   16:32   SSW
13  25,3  34,9   15:45  20,5   06:13   0,0   6,9   3,6   4,3  42,0   16:20    NE
14  24,7  33,2   16:15  21,5   06:44   0,0   6,4   4,2   5,4  27,0   16:23    NE
15  24,3  30,2   15:26  21,0   23:59   0,0   6,0  13,8   5,8  39,0   23:23    NE
16  24,8  31,5   15:50  20,1   05:54   0,0   6,5   5,1   4,6  24,0   16:13   NNE
17  22,9  25,4   14:24  21,0   06:29   0,0   4,6   3,9   4,1  33,0   17:47   NNW
18  26,1  32,7   16:31  20,5   06:39   0,0   7,8   0,3   2,8  23,0   14:41   WNW
19  27,7  33,1   11:50  22,9   05:05   0,0   9,4   0,0   2,9  24,0   16:00    NW
20  27,3  38,2   14:57  21,7   10:47   0,0   9,1   2,1   4,5  33,0   00:52   NNE
21  28,9  37,6   15:57  22,7   06:36   0,0  10,6   0,0   5,6  39,0   23:05    SW
22  25,9  34,2   14:32  22,1   22:26   0,0   6,9   6,9   6,5  36,0   15:21     S
23  26,1  35,5   14:42  21,8   06:12   0,0   7,8   1,8   7,6  32,0   08:57     S
24  27,4  36,9   15:32  22,2   06:02   0,0   9,1   3,9   3,7  22,0   12:08   ESE
25  28,9  37,8   15:56  21,6   05:36   0,0  10,6   0,0   4,0  28,0   13:18   NNE
26  24,8  30,6   16:55  21,2   11:42   0,0   6,5   1,5   4,4  27,0   00:06     N
27  27,7  36,4   16:22  20,4   06:16   0,0   9,4   0,0   4,1  38,0   19:58    SW
28  23,6  28,3   17:33  20,6   11:33   0,0   5,3  12,3   4,3  21,0   11:42     W
29  25,0  32,0   13:59  20,6   05:59   0,0   6,7   0,0   3,3  37,0   15:22    NE
30  26,3  35,4   14:48  21,2   05:28   0,0   8,0   0,0   5,0  36,0   15:42    SE
31  25,0  34,9   15:22  21,6   06:23   0,0   6,7   0,9   5,2  31,0   18:20   ESE
----------------------------------------------------------------------------------
    26,5  38,3     9    19,1     3     0,0 253,3 122,4   4,6  64,0     9     ENE

Max >=  27,0: 30
Max <=   0,0:  0
Min <=   0,0:  0
Min <= -18,0:  0
Max Rain: 16,8 on day 4
Days of Rain: 22 (>= 0,2 mm)  15 (>= 2,0 mm)  0 (>= 20,0 mm)
Heat Base: 18,3  Cool Base: 18,3  Method: Integration