NOAA-Style Climate Reports

Select a Year or Month report
2017: Jan Fev Mar Abr Mai Jun Jul Ago Set Out Nov Dez
2016: Jan Fev Mar Abr Mai Jun Jul Ago Set Out Nov Dez
2015: Jan Fev Mar Abr Mai Jun Jul Ago Set Out Nov Dez
2014: Jan Fev Mar Abr Mai Jun Jul Ago Set Out Nov Dez
2013: Jan Fev Mar Abr Mai Jun Jul Ago Set Out Nov Dez
2012: Jan Fev Mar Abr Mai Jun Jul Ago Set Out Nov Dez

Report for 2013
                   Annual Climatological Summary for 2013

Name: Estação Jardim Recreio   City: Ribeirão Preto   State: São Paulo
Elevation: 580 m  Lat: S 21° 10' 40"   Lon: W 047° 48' 36"

                  Temperature (°C), Heat Base: 18,3  Cool Base: 18,3
                          Dep.  Heat  Cool                       Max  Max  Min  Min
        Mean  Mean        From  Deg   Deg                        >=   <=   <=   <=
 YR MO  Max   Min   Mean  Norm  Days  Days  Hi  Date  Low  Date 27,0  0,0  0,0 -18,0
------------------------------------------------------------------------------------
 13  1  31,5  15,9  23,7  -1,3     0     6  36,9  14   0,0   14    3    0    1    0
 13  2  33,2  21,4  25,4   0,4     0     0  36,0  28  21,0   24    5    0    0    0
 13  3  32,3  19,8  24,6   0,1     0     0  39,0   7  15,0   29   27    0    0    0
 13  4  31,0  17,3  22,7  -0,3     0     0  37,0   1  13,0   16   28    0    0    0
 13  5  29,9  15,9  21,7   0,7     0     0  35,0   3   9,0    8   24    0    0    0
 13  6  29,2  15,3  20,7   1,2     0     0  33,0  19  12,0    4   26    0    0    0
 13  7  28,2  13,0  19,3  -0,8     0     0  33,0  21   7,0   26   20    0    0    0
 13  8  31,5  12,7  20,9  -0,6     0     0  37,0  25   5,0   28   27    0    0    0
 13  9  31,7  16,6  23,2   0,7     0     0  39,0  21  11,0   26   25    0    0    0
 13 10  31,9  18,0  23,8  -0,7     0     0  39,0  26  14,0    6   26    0    0    0
 13 11  32,0  19,5  24,8   0,3     0     0  40,0  11  16,0    7   25    0    0    0
 13 12  32,9  20,3  25,3   0,8     0    93  37,0   5  18,0    6   30    0    0    0
------------------------------------------------------------------------------------
        31,3  17,1  23,0   0,0     0    99  40,0 nov   0,0  jan  266    0    1    0

                                Precipitation (mm)

              Dep.   Max        Days of Rain
              From   Obs.           >=
 YR MO Total  Norm   Day Date  0,2  2,0 20,0
---------------------------------------------
 13  1   2,1-262,9   1,8   2     2    0    0
 13  2   5,6-201,2   4,3  24     2    1    0
 13  3 935,8 779,2 708,4   6    19   13    5
 13  4  57,3 -11,8  15,2   6    12    6    0
 13  5  69,2  21,4  22,6  29     8    4    1
 13  6  45,7  17,1  18,3   2     9    4    0
 13  7  36,9  16,0  16,5  19     6    3    0
 13  8   1,5 -19,5   0,5  27     3    0    0
 13  9  47,9  -4,0  24,4  29    10    5    1
 13 10 102,4 -26,4  25,4  31    17   10    2
 13 11 168,8   0,3  49,0   6    15    9    3
 13 12 320,3  62,8  59,7  10    22   14    7
---------------------------------------------
      1793,5 371,0 708,4  mar  125   69   19

                                Wind Speed (km/h)
                          Dom
 YR MO   Avg.  Hi   Date  Dir
------------------------------
 13  1   0,0  31,0    1   ---
 13  2   0,0  32,0   25   ---
 13  3   0,0  61,0    2   ---
 13  4   0,0  79,0   26   ---
 13  5   0,0  39,0   27   ---
 13  6   0,0  45,0    2   ---
 13  7   0,0 159,0   24   ---
 13  8   0,0  31,0   15   ---
 13  9   0,0  47,0   16   ---
 13 10   0,0  45,0   27   ---
 13 11   0,0  42,0   15   ---
 13 12   3,3  53,0    5    NW
------------------------------
         0,3 159,0  jul    NW