NOAA-Style Climate Reports


Report for 2013 Março
                   Monthly Climatological Summary for mar 2013

Name: Estação Jardim Recreio   City: Ribeirão Preto   State: São Paulo
Elevation: 580 m  Lat: S 21° 10' 40"   Lon: W 047° 48' 36"

                  Temperature (°C), Rain (mm), Wind Speed (km/h)

                                      Heat  Cool        Avg
    Mean                              Deg   Deg         Wind                 Dom
Day Temp  High   Time   Low    Time   Days  Days  Rain  Speed High   Time    Dir
----------------------------------------------------------------------------------
 1  24,5  31,6   00:36  20,0   20:36   0,0   6,2   1,8  ----  22,0   01:31   SSW
 2  26,7  30,4   13:45  20,2   06:46   0,0   7,6   0,0   4,9  20,0   05:56   ESE
 3  24,6  34,0   13:33  19,1   06:01   0,0   3,5   0,0   2,4  19,0   11:00     N
 4  27,8  37,7   16:49  19,9   05:22   0,0   9,6   0,0   2,2  19,0   12:26   WNW
 5  28,1  36,6   14:07  20,7   05:44   0,0   9,8   0,0   2,4  19,0   12:41    NW
 6  26,6  36,5   15:45  20,3   06:30   0,0   6,5 708,3   2,4  21,0   00:07     W
 7  28,7  38,7   15:43  21,9   06:21   0,0  10,4   0,0   3,2  21,0   20:54   SSE
 8  27,4  39,4   16:33  21,1   06:16   0,0   9,1  15,9   4,0  39,0   20:44    NW
 9  25,7  36,7   16:00  20,4   05:52   0,0   7,4  16,2   2,7  30,0   18:01     N
10  26,6  35,3   15:40  20,6   04:27   0,0   8,4   0,0   3,5  27,0   14:12   WNW
11  25,5  34,5   13:12  20,8   06:12   0,0   7,3  13,5   3,8  37,0   21:52   SSE
12  26,6  36,3   17:02  20,0   05:52   0,0   8,3   1,5   2,7  16,0   01:32    NW
13  25,2  30,9   10:19  21,7   04:28   0,0   6,9   1,8   2,3  37,0   13:18    SW
14  25,2  32,0   12:28  21,9   01:08   0,0   7,0   0,0   2,5  24,0   13:43   SSE
15  25,6  31,9   13:58  21,9   06:22   0,0   7,4   0,0   3,8  22,0   10:27     E
16  26,1  33,8   16:20  22,0   06:30   0,0   7,8  12,0   2,3  16,0   22:23   SSE
17  25,7  34,8   14:06  21,5   06:09   0,0   7,4   0,0   5,8  32,0   21:41    SE
18  21,4  25,9   14:59  19,5   06:54   0,0   3,1   0,3   6,6  22,0   17:39    SE
19  20,7  22,7   13:25  19,0   04:58   0,0   2,4   2,7   4,5  18,0   06:47     E
20  22,3  26,9   13:08  19,1   06:37   0,0   4,0   1,5   4,5  18,0   11:01   ENE
21  21,2  25,3   16:54  18,1   06:40   0,0   2,9  24,9   2,2  22,0   04:40   ENE
22  24,3  32,2   16:26  18,9   05:36   0,0   6,0   0,0   1,4  12,0   10:06   WSW
23  24,4  32,8   13:52  18,5   21:22   0,0   6,1  30,3   2,9  38,0   20:01   ENE
24  23,9  32,3   14:40  18,6   04:47   0,0   5,6   0,9   2,8  19,0   10:45   NNE
25  24,9  31,1   12:59  19,9   05:12   0,0   6,6   0,0   2,1  17,0   13:52   NNW
26  20,9  25,2   14:41  18,6   22:29   0,0   2,6  20,7   2,7  18,0   15:23    SE
27  22,1  28,4   16:26  18,6   00:03   0,0   3,8   9,0   2,2  21,0   16:28     S
28  23,1  31,8   14:06  17,3   06:32   0,1   4,9   0,0   4,2  17,0   14:22   SSE
29  23,3  32,7   14:50  15,2   06:27   0,5   5,4   0,0   4,3  18,0   09:46    SE
30  23,0  30,6   13:47  18,3   04:52   0,0   4,5  17,1   4,1  32,0   17:02     E
31  23,9  31,5   15:13  19,5   01:32   0,0   5,6   2,4   1,9  17,0   20:30   ENE
----------------------------------------------------------------------------------
    24,7  39,4     8    15,2    29     0,6 194,1 880,8   3,2  39,0     8     ESE

Max >=  27,0: 26
Max <=   0,0:  0
Min <=   0,0:  0
Min <= -18,0:  0
Max Rain: 708,3 on day 6
Days of Rain: 18 (>= 0,2 mm)  12 (>= 2,0 mm)  4 (>= 20,0 mm)
Heat Base: 18,3  Cool Base: 18,3  Method: Integration