NOAA-Style Climate Reports


Report for 2013 Abril
                   Monthly Climatological Summary for abr 2013

Name: Estação Jardim Recreio   City: Ribeirão Preto   State: São Paulo
Elevation: 580 m  Lat: S 21° 10' 40"   Lon: W 047° 48' 36"

                  Temperature (°C), Rain (mm), Wind Speed (km/h)

                                      Heat  Cool        Avg
    Mean                              Deg   Deg         Wind                 Dom
Day Temp  High   Time   Low    Time   Days  Days  Rain  Speed High   Time    Dir
----------------------------------------------------------------------------------
 1  26,5  36,7   16:14  19,2   06:17   0,0   8,2   0,3   1,9  21,0   21:37   NNE
 2  24,5  33,2   14:37  20,5   06:32   0,0   6,2   0,3   3,6  31,0   16:27   ESE
 3  24,4  33,6   15:14  20,3   05:02   0,0   6,1   3,6   1,9  24,0   17:40   NNW
 4  24,4  31,7   13:36  20,4   05:19   0,0   6,1   0,3   1,4  15,0   12:20   NNW
 5  23,0  27,6   13:59  21,0   23:40   0,0   4,7   7,5   1,8  19,0   07:17   WNW
 6  22,9  29,9   12:04  20,9   01:04   0,0   4,7  15,3   1,6  19,0   12:47   WSW
 7  24,6  31,6   15:44  19,2   06:04   0,0   6,3   0,0   1,9  13,0   10:39   WSW
 8  26,2  35,2   15:26  20,9   06:51   0,0   7,9   0,0   2,8  18,0   18:07   SSE
 9  25,4  33,6   13:29  20,8   06:26   0,0   7,1   0,0   3,7  22,0   17:58    SE
10  22,7  25,6   15:05  21,0   03:23   0,0   4,4   0,0   2,6  15,0   17:43     E
11  22,3  27,1   12:06  20,3   03:11   0,0   4,0  11,1   3,8  22,0   10:08     E
12  24,2  31,8   15:02  19,9   06:27   0,0   5,9   2,1   2,5  19,0   12:25    NW
13  20,9  22,6   15:30  19,6   22:07   0,0   2,6  13,8   4,0  27,0   10:09    NW
14  22,3  28,0   13:40  19,4   22:22   0,0   4,1   0,3   2,5  13,0   14:59   SSE
15  21,8  30,9   13:31  15,2   06:17   0,5   4,1   0,0   3,2  18,0   13:42   SSW
16  21,1  31,4   14:58  12,8   06:26   1,4   4,1   1,8   2,4  18,0   13:14    SW
17  20,6  31,6   15:37  12,6   06:37   1,3   3,7   0,0   2,6  19,0   10:46    SE
18  21,2  32,7   16:01  13,2   06:42   1,2   4,1   0,0   2,9  16,0   13:50   SSE
19  22,5  33,9   15:23  15,0   06:32   0,7   4,9   0,0   2,4  21,0   15:50    SE
20  22,2  32,4   13:49  15,3   06:26   0,5   4,4   0,0   3,1  16,0   08:36    SE
21  22,2  30,9   15:12  15,1   06:01   0,6   3,5   0,0   4,4  18,0   09:44    SE
22  20,8  26,8   14:14  16,3   06:24   0,4   2,8   0,0   4,2  19,0   09:15     E
23  20,7  27,3   15:47  15,7   02:00   0,7   3,1   0,9   3,8  26,0   09:54     E
24  21,7  28,1   14:36  14,6   06:34   0,6   4,0   0,0   2,7  23,0   10:40     E
25  22,3  30,9   15:11  16,2   03:37   0,3   4,3   0,0   2,5  17,0   16:42     E
26  22,0  31,1   14:55  15,0   06:36   0,6   4,3   0,0   1,8  78,0   21:16   ESE
27  22,1  31,5   14:25  15,1   06:35   0,6   4,4   0,0   1,6  16,0   14:29   ESE
28  22,4  32,5   15:07  15,2   06:34   0,6   4,7   0,0   1,6  15,0   10:04     E
29  22,7  32,8   16:32  16,4   06:49   0,3   4,7   0,0   1,2  15,0   11:32   NNW
30  22,9  33,8   15:45  15,2   06:44   0,6   5,3   0,0   1,4  12,0   12:26     E
----------------------------------------------------------------------------------
    22,8  36,7     1    12,6    17    10,9 144,7  57,3   2,6  78,0    26     ESE

Max >=  27,0: 27
Max <=   0,0:  0
Min <=   0,0:  0
Min <= -18,0:  0
Max Rain: 15,3 on day 6
Days of Rain: 12 (>= 0,2 mm)  6 (>= 2,0 mm)  0 (>= 20,0 mm)
Heat Base: 18,3  Cool Base: 18,3  Method: Integration