NOAA-Style Climate Reports

Select a Year or Month report
2017: Jan Fev Mar Abr Mai Jun Jul Ago Set Out Nov Dez
2016: Jan Fev Mar Abr Mai Jun Jul Ago Set Out Nov Dez
2015: Jan Fev Mar Abr Mai Jun Jul Ago Set Out Nov Dez
2014: Jan Fev Mar Abr Mai Jun Jul Ago Set Out Nov Dez
2013: Jan Fev Mar Abr Mai Jun Jul Ago Set Out Nov Dez
2012: Jan Fev Mar Abr Mai Jun Jul Ago Set Out Nov Dez

Report for 2013 Maio
                   Monthly Climatological Summary for mai 2013

Name: Estação Jardim Recreio   City: Ribeirão Preto   State: São Paulo
Elevation: 580 m  Lat: S 21° 10' 40"   Lon: W 047° 48' 36"

                  Temperature (°C), Rain (mm), Wind Speed (km/h)

                                      Heat  Cool        Avg
    Mean                              Deg   Deg         Wind                 Dom
Day Temp  High   Time   Low    Time   Days  Days  Rain  Speed High   Time    Dir
----------------------------------------------------------------------------------
 1  23,5  34,0   14:59  15,6   06:33   0,4   5,7   0,0   2,2  17,0   12:23    SE
 2  24,1  34,5   14:43  16,8   06:27   0,1   6,0   0,0   1,5  17,0   11:10    NE
 3  24,5  34,8   14:14  17,3   06:48   0,1   6,3   0,0   1,5  17,0   10:32   NNW
 4  23,8  33,8   14:18  16,3   05:32   0,3   5,7   0,0   1,3  15,0   13:31    NW
 5  24,7  34,2   15:46  17,7   06:52   0,0   6,4   0,0   2,2  17,0   13:25   WSW
 6  22,1  29,8   16:02  15,9   23:57   0,2   4,1   0,0   2,6  18,0   13:30    SW
 7  19,7  29,4   15:04  12,5   06:44   1,8   3,2   0,0   3,3  27,0   13:00    SW
 8  17,2  28,2   14:28   8,6   06:43   3,1   2,1   0,0   2,2  18,0   11:23    SE
 9  18,6  31,7   14:47   9,5   06:46   2,7   3,0   0,0   1,5  15,0   09:52     E
10  20,5  32,7   16:08  11,8   06:41   1,7   3,9   0,0   2,1  22,0   11:13   ENE
11  20,8  31,0   16:11  13,8   06:37   0,9   3,3   0,0   1,9  15,0   09:52     E
12  21,1  31,1   14:42  13,9   06:42   1,0   3,9   0,0   1,6  15,0   10:01     E
13  21,6  32,0   14:51  13,7   06:34   1,1   4,3   0,0   1,6  15,0   12:56   NNE
14  23,8  34,3   15:01  17,1   06:47   0,3   5,8   0,0   1,8  19,0   11:49   NNW
15  23,8  32,0   13:48  17,4   06:36   0,1   5,5   0,0   1,5  17,0   14:38     N
16  24,2  34,6   13:54  17,4   06:18   0,1   5,9   0,0   1,2  13,0   11:24   WNW
17  22,2  27,8   12:24  19,5   23:58   0,0   3,1   0,0   4,2  23,0   09:17   ESE
18  22,6  29,5   14:38  17,6   06:53   0,1   4,4   0,0   4,0  19,0   09:33     E
19  23,3  32,4   16:21  17,5   04:58   0,1   5,1   0,0   1,7  13,0   09:38   ESE
20  24,4  33,9   15:18  17,5   06:43   0,0   6,2   0,0   1,6  13,0   11:08   WNW
21  24,0  31,8   13:07  17,5   06:50   0,0   5,8   0,0   1,6  19,0   14:13   SSE
22  24,3  33,2   15:20  19,6   23:53   0,0   6,0   1,8   2,9  19,0   18:45     S
23  21,7  29,4   14:50  17,8   23:55   0,0   3,5   0,3   4,7  19,0   16:10   ESE
24  18,5  22,9   11:24  16,0   23:51   0,8   1,1   0,9   4,1  26,0   11:16   SSE
25  18,3  25,5   15:32  14,5   03:11   1,6   1,6   0,3   3,2  18,0   13:10   ESE
26  19,4  27,0   14:30  13,5   02:50   1,5   2,6   0,0   3,6  27,0   11:07     E
27  17,8  26,6   12:45  15,4   05:02   1,4   0,9  11,7   3,0  39,0   13:18    SE
28  17,9  26,5   11:39  14,9   06:27   1,3   0,9  13,2   3,7  38,0   13:40   ESE
29  16,8  18,0   13:26  16,0   21:55   1,5   0,0  22,5   3,5  24,0   06:56     E
30  17,8  23,1   15:10  15,9   01:00   1,3   0,8  18,3   1,8  17,0   10:31    NW
31  19,2  26,1   14:31  14,4   06:49   1,2   2,1   0,0   2,8  19,0   11:33     E
----------------------------------------------------------------------------------
    21,4  34,8     3     8,6     8    24,7 119,2  69,0   2,5  39,0    27     ESE

Max >=  27,0: 24
Max <=   0,0:  0
Min <=   0,0:  0
Min <= -18,0:  0
Max Rain: 22,5 on day 29
Days of Rain: 8 (>= 0,2 mm)  4 (>= 2,0 mm)  1 (>= 20,0 mm)
Heat Base: 18,3  Cool Base: 18,3  Method: Integration