NOAA-Style Climate Reports

Select a Year or Month report
2017: Jan Fev Mar Abr Mai Jun Jul Ago Set Out Nov Dez
2016: Jan Fev Mar Abr Mai Jun Jul Ago Set Out Nov Dez
2015: Jan Fev Mar Abr Mai Jun Jul Ago Set Out Nov Dez
2014: Jan Fev Mar Abr Mai Jun Jul Ago Set Out Nov Dez
2013: Jan Fev Mar Abr Mai Jun Jul Ago Set Out Nov Dez
2012: Jan Fev Mar Abr Mai Jun Jul Ago Set Out Nov Dez

Report for 2013 Junho
                   Monthly Climatological Summary for jun 2013

Name: Estação Jardim Recreio   City: Ribeirão Preto   State: São Paulo
Elevation: 580 m  Lat: S 21° 10' 40"   Lon: W 047° 48' 36"

                  Temperature (°C), Rain (mm), Wind Speed (km/h)

                                      Heat  Cool        Avg
    Mean                              Deg   Deg         Wind                 Dom
Day Temp  High   Time   Low    Time   Days  Days  Rain  Speed High   Time    Dir
----------------------------------------------------------------------------------
 1  21,6  32,0   15:16  15,0   06:44   0,9   4,2   0,0   1,8  16,0   11:04   NNW
 2  19,1  29,5   12:36  16,1   23:50   0,8   1,4  18,3   3,6  45,0   12:52     S
 3  17,2  21,0   16:14  14,9   23:58   1,5   0,5   0,0   1,4  11,0   12:34   SSE
 4  17,5  27,3   14:04  12,2   07:11   2,0   1,3   0,3   1,5  17,0   15:49     S
 5  18,6  27,9   15:00  13,0   07:05   1,5   1,8   0,0   1,0  11,0   13:17    SE
 6  20,1  30,6   14:38  15,1   06:48   0,8   2,4   0,0   0,9  16,0   14:03   WSW
 7  21,2  31,6   14:09  14,5   07:18   0,9   3,8   0,0   1,3  13,0   10:25     E
 8  20,6  30,5   15:45  13,9   07:07   1,0   3,3   0,0   2,4  17,0   11:55   ESE
 9  20,7  28,4   14:21  14,4   06:57   1,0   3,3   0,0   2,7  19,0   10:28     E
10  21,1  31,3   15:14  16,0   06:57   0,4   2,9   0,0   1,1  13,0   14:51    NW
11  22,0  31,4   13:24  16,5   05:57   0,3   4,0   0,0   1,7  16,0   14:28    NW
12  22,2  31,6   15:23  17,0   04:47   0,2   4,1   0,0   1,4  13,0   13:29    NW
13  22,6  32,4   15:48  15,8   07:02   0,3   4,6   0,0   1,6  12,0   15:14   SSW
14  20,9  31,9   15:55  15,0   07:06   0,7   3,1   0,0   1,4  15,0   10:38     E
15  20,0  30,0   14:19  12,8   07:07   1,4   3,0   0,0   2,2  17,0   13:11     E
16  21,6  30,5   15:44  15,8   06:23   0,6   3,9  14,4   2,7  37,0   22:46    NW
17  19,0  26,6   16:13  15,3   23:58   0,9   1,7   6,9   2,2  16,0   11:08   WNW
18  19,0  28,3   15:58  12,7   06:58   1,8   2,6   0,3   1,6  18,0   10:58     E
19  20,7  32,9   15:31  13,9   07:03   1,3   3,7   0,0   1,4  13,0   09:30    NE
20  22,3  31,9   15:01  16,3   07:15   0,3   4,2   0,0   1,2  13,0   12:54   NNE
21  22,3  30,3   13:33  16,1   07:06   0,4   4,1   0,0   2,4  22,0   11:43    NW
22  20,1  22,9   11:30  17,2   23:56   0,0   1,8   0,0   2,3  13,0   00:42     W
23  20,8  27,4   14:49  16,4   06:32   0,5   3,0   0,0   1,9  16,0   17:04    SE
24  20,5  29,5   14:51  16,2   07:05   0,4   2,2   2,7   2,2  15,0   13:37   ENE
25  20,7  28,5   15:45  17,3   06:50   0,1   1,8   0,3   1,0  11,0   21:12   ESE
26  19,1  21,5   13:33  17,6   23:58   0,0   0,8   0,6   1,8  15,0   09:52   SSW
27  19,5  23,5   14:41  16,5   03:36   0,5   1,7   1,8   0,9  10,0   07:36   WNW
28  21,7  31,5   15:24  17,4   03:51   0,2   3,7   0,0   1,2  12,0   12:35   NNE
29  21,9  30,1   14:38  16,1   05:31   0,6   4,2   0,0   1,6  21,0   11:08    NW
----------------------------------------------------------------------------------
    20,5  32,9    19    12,2     4    21,3  83,1  45,6   1,7  45,0     2     ENE

Max >=  27,0: 24
Max <=   0,0:  0
Min <=   0,0:  0
Min <= -18,0:  0
Max Rain: 18,3 on day 2
Days of Rain: 9 (>= 0,2 mm)  4 (>= 2,0 mm)  0 (>= 20,0 mm)
Heat Base: 18,3  Cool Base: 18,3  Method: Integration