NOAA-Style Climate Reports


Report for 2013 Julho
                   Monthly Climatological Summary for jul 2013

Name: Estação Jardim Recreio   City: Ribeirão Preto   State: São Paulo
Elevation: 580 m  Lat: S 21° 10' 40"   Lon: W 047° 48' 36"

                  Temperature (°C), Rain (mm), Wind Speed (km/h)

                                      Heat  Cool        Avg
    Mean                              Deg   Deg         Wind                 Dom
Day Temp  High   Time   Low    Time   Days  Days  Rain  Speed High   Time    Dir
----------------------------------------------------------------------------------
 1  20,8  30,6   13:41  16,1   06:46   0,5   3,0   1,8   3,1  38,0   15:08   SSW
 2  19,8  26,9   16:07  15,7   05:41   0,8   2,3   0,0   5,3  27,0   09:39   ESE
 3  20,7  28,4   14:08  16,0   04:35   0,7   3,1   0,0   5,5  24,0   10:04     E
 4  20,4  26,3   14:06  15,7   07:11   0,5   2,5   0,0   5,0  21,0   12:36   ENE
 5  19,9  28,9   14:59  13,5   06:55   1,3   2,9   0,0   2,5  22,0   09:33     E
 6  20,5  31,9   16:08  13,6   07:10   1,3   3,6   0,0   1,3  12,0   10:41   ENE
 7  20,1  32,0   14:38  11,9   07:16   1,9   3,7   0,0   1,4  16,0   14:40    SW
 8  19,6  29,1   15:36  11,5   06:56   1,8   3,1   0,0   2,9  18,0   16:57    SE
 9  20,1  28,7   15:37  13,8   06:10   1,1   3,0   0,0   3,8  21,0   09:59     E
14  19,9  26,0   14:56  15,8   06:06   0,8   2,7   0,0   0,7  24,0   10:23     E
15  20,9  31,4   14:06  13,3   07:21   1,3   3,9   0,0   2,0  18,0   13:17    SW
16  20,8  32,2   15:52  13,2   07:12   1,3   3,8   0,0   1,9  15,0   14:00    SW
17  20,6  32,3   16:01  11,8   07:17   1,5   3,6   0,0   1,9  16,0   14:00    NW
18  21,1  32,5   14:02  12,1   06:50   1,7   4,5   0,0   2,0  23,0   13:30    NW
19  20,0  29,6   11:25  15,1   06:02   1,0   2,7  16,5   3,1  46,0   15:15     N
20  22,5  31,7   15:01  16,3   04:34   0,6   4,7   0,3   2,4  19,0   11:09    NW
21  24,5  32,8   15:25  20,3   23:59   0,0   6,2   0,0   4,3  37,0   13:46   WNW
22  23,0  31,2   15:48  17,7   07:04   0,0   4,7   0,0   3,6  22,0   20:04    SW
23  14,1  18,4   00:03  10,2   21:29   4,2   0,0   1,2   5,5  22,0   20:32    SW
24  10,9  12,4   11:20   9,5   05:04   7,4   0,0  10,8   3,5 159,0   01:30   SSE
25  11,9  17,1   15:00   8,5   23:56   6,4   0,0   6,0   4,3  26,0   22:42   SSE
26  13,2  21,2   15:32   6,5   05:33   5,5   0,4   0,0   7,4  30,0   09:54   ESE
27  16,6  30,3   16:00   8,0   07:14   4,0   2,3   0,0   2,5  16,0   10:17   SSE
28  16,7  30,1   16:14   7,6   07:03   3,7   2,2   0,0   1,6  15,0   10:50     E
29  17,7  28,9   15:18   8,0   07:05   3,2   2,6   0,0   2,6  17,0   14:00   ESE
30  19,5  32,2   15:15  10,0   07:07   2,2   3,4   0,0   2,0  19,0   11:20     E
31  20,6  33,3   16:06  12,4   06:53   1,6   3,9   0,0   1,8  17,0   11:52   ESE
----------------------------------------------------------------------------------
    19,1  33,3    31     6,5    26    56,3  78,8  36,6   3,2 159,0    24      SE

Max >=  27,0: 20
Max <=   0,0:  0
Min <=   0,0:  0
Min <= -18,0:  0
Max Rain: 16,5 on day 19
Days of Rain: 6 (>= 0,2 mm)  3 (>= 2,0 mm)  0 (>= 20,0 mm)
Heat Base: 18,3  Cool Base: 18,3  Method: Integration