NOAA-Style Climate Reports

Select a Year or Month report
2017: Jan Fev Mar Abr Mai Jun Jul Ago Set Out Nov Dez
2016: Jan Fev Mar Abr Mai Jun Jul Ago Set Out Nov Dez
2015: Jan Fev Mar Abr Mai Jun Jul Ago Set Out Nov Dez
2014: Jan Fev Mar Abr Mai Jun Jul Ago Set Out Nov Dez
2013: Jan Fev Mar Abr Mai Jun Jul Ago Set Out Nov Dez
2012: Jan Fev Mar Abr Mai Jun Jul Ago Set Out Nov Dez

Report for 2013 Agosto
                   Monthly Climatological Summary for ago 2013

Name: Estação Jardim Recreio   City: Ribeirão Preto   State: São Paulo
Elevation: 580 m  Lat: S 21° 10' 40"   Lon: W 047° 48' 36"

                  Temperature (°C), Rain (mm), Wind Speed (km/h)

                                      Heat  Cool        Avg
    Mean                              Deg   Deg         Wind                 Dom
Day Temp  High   Time   Low    Time   Days  Days  Rain  Speed High   Time    Dir
----------------------------------------------------------------------------------
 1  21,6  34,1   16:28  13,3   05:32   1,4   4,6   0,0   1,6  16,0   13:42   NNW
 2  21,8  35,3   15:56  12,4   07:07   1,5   5,0   0,0   1,3  15,0   13:36     W
 3  21,3  33,7   15:17  11,5   06:31   1,7   4,7   0,0   1,4  15,0   12:52   ENE
 4  22,7  35,3   16:15  12,9   07:08   1,1   5,5   0,0   2,0  18,0   11:14   WNW
 5  23,0  34,3   14:23  14,0   07:06   0,9   5,6   0,0   1,6  16,0   13:58   ENE
 6  23,3  34,7   14:11  15,3   05:45   0,4   5,5   0,0   1,9  15,0   10:22   ESE
 7  21,8  30,4   14:33  14,7   06:35   0,6   3,9   0,0   3,1  26,0   13:25   ENE
 8  19,7  30,3   12:25  15,4   04:26   0,7   1,6   0,0   2,6  21,0   12:00   ENE
 9  23,3  36,4   15:34  16,7   05:20   0,3   5,3   0,0   1,5  12,0   12:35     W
10  21,1  31,5   14:48  12,3   23:59   1,0   3,7   0,0   4,8  26,0   20:01   WSW
11  16,6  26,9   15:21  10,6   05:08   3,3   1,6   0,0   2,9  16,0   00:15    SW
12  20,2  33,5   16:05  10,7   06:34   2,0   3,8   0,0   1,8  19,0   14:34   WSW
13  23,3  34,0   15:51  17,5   07:11   0,1   3,9   0,0   1,6  18,0   14:02    NW
14  19,9  26,3   12:39  12,4   23:51   0,7   2,3   0,0   5,7  27,0   15:04    SW
15  13,1  22,5   16:06   7,0   05:56   4,7   0,2   0,0   7,8  31,0   10:33    SE
16  18,6  32,6   15:56   9,5   06:41   2,8   3,1   0,0   4,0  24,0   09:26    SE
17  20,8  31,6   14:41  11,7   06:56   1,5   4,0   0,0   3,6  18,0   12:57   SSW
18  20,4  33,0   15:29  13,5   06:21   1,3   3,4   0,0   5,9  30,0   10:20     E
19  21,1  30,5   13:44  15,7   05:47   0,6   3,3   0,0   6,1  26,0   09:08     E
20  21,5  29,1   13:58  15,5   06:38   0,5   3,7   0,0   5,8  24,0   11:39     E
21  22,0  32,5   14:47  14,2   06:37   0,6   4,3   0,0   2,9  19,0   08:33    NE
22  21,9  31,1   12:25  16,5   06:09   0,2   3,2   0,0   1,5  13,0   12:09   NNE
23  23,0  35,7   15:19   7,0   02:11   2,3   6,8   0,0   3,5  24,0   05:01     E
24  25,2  34,7   14:54  18,0   06:12   0,0   6,9   0,0   2,7  26,0   12:37   ENE
25  25,8  37,0   14:42  16,9   06:53   0,1   6,9   0,0   2,0  17,0   12:45    NW
26  23,0  32,5   14:40  16,3   23:59   0,3   5,0   0,0   5,6  30,0   13:24   WSW
27  13,0  19,3   16:01   8,3   23:54   5,1   0,0   0,6   4,5  21,0   01:04    SW
28  14,1  25,3   15:55   5,4   06:36   5,1   1,2   0,0   3,9  23,0   11:17    SE
29  18,4  30,5   13:54   7,0   02:14   3,5   3,6   0,0   5,4  24,0   05:04     E
30  20,7  33,8   15:35   7,0   02:12   2,6   5,0   0,6   4,8  24,0   05:02   ESE
31  22,5  32,4   15:34  14,7   06:07   0,8   5,0   0,0   2,7  19,0   10:22   ENE
----------------------------------------------------------------------------------
    20,8  37,0    25     5,4    28    47,7 122,6   1,2   3,5  31,0    15     ESE

Max >=  27,0: 26
Max <=   0,0:  0
Min <=   0,0:  0
Min <= -18,0:  0
Max Rain: 0,6 on day 27
Days of Rain: 2 (>= 0,2 mm)  0 (>= 2,0 mm)  0 (>= 20,0 mm)
Heat Base: 18,3  Cool Base: 18,3  Method: Integration