NOAA-Style Climate Reports


Report for 2013 Setembro
                   Monthly Climatological Summary for set 2013

Name: Estação Jardim Recreio   City: Ribeirão Preto   State: São Paulo
Elevation: 580 m  Lat: S 21° 10' 40"   Lon: W 047° 48' 36"

                  Temperature (°C), Rain (mm), Wind Speed (km/h)

                                      Heat  Cool        Avg
    Mean                              Deg   Deg         Wind                 Dom
Day Temp  High   Time   Low    Time   Days  Days  Rain  Speed High   Time    Dir
----------------------------------------------------------------------------------
 1  24,2  35,5   16:56  15,1   06:43   0,3   6,2   0,0   1,7  16,0   11:10    NE
 2  24,8  35,3   14:02  16,1   05:59   0,3   6,9   0,0   2,5  26,0   23:49   NNW
 3  20,4  26,7   12:45  16,5   23:50   0,2   2,1   1,2   6,1  28,0   01:49     S
 4  18,5  22,8   15:52  16,3   03:20   0,8   1,0   1,5   3,9  18,0   17:09     E
 5  21,4  29,8   15:10  14,5   06:03   0,9   4,0   0,6   7,5  36,0   11:23     E
 6  22,3  28,9   15:15  16,5   06:25   0,2   4,2   0,0   6,7  26,0   16:04     E
 7  23,0  34,1   15:46  16,2   06:10   0,5   5,3   0,0   4,6  28,0   09:18     E
 8  23,4  33,7   14:17  16,1   06:00   0,3   5,4   0,0   2,8  19,0   12:25   ESE
 9  23,6  32,9   15:04  15,5   06:21   0,5   5,7   0,0   2,9  22,0   14:01     E
10  24,5  33,7   14:32  15,7   06:16   0,4   6,6   0,0   2,8  21,0   11:36     E
11  24,3  32,4   15:53  16,6   05:20   0,2   6,2   0,0   3,9  27,0   12:58   ENE
12  23,5  32,8   15:02  17,3   05:35   0,0   4,4   0,0   4,8  28,0   09:06   ENE
13  24,5  35,5   15:42  16,3   06:25   0,2   6,5   0,0   2,5  17,0   08:56     E
14  25,6  34,3   14:38  16,6   05:30   0,2   7,0   0,0   1,9  18,0   11:44     E
15  24,4  34,5   12:06  18,4   06:00   0,0   4,5   0,0   1,8  18,0   11:30   NNE
16  27,0  37,3   12:52  18,5   06:35   0,0   8,7   2,4   3,6  46,0   21:41     W
17  19,4  22,9   09:20  18,4   15:31   0,0   1,0  10,5   2,6  18,0   14:35    NE
18  21,4  28,5   15:27  17,0   06:15   0,2   3,3   0,3   2,8  16,0   12:21    SW
19  21,2  30,6   17:28  17,6   06:03   0,0   1,8   0,0   4,0  24,0   19:07     E
20  27,1  36,9   16:30  18,8   06:06   0,0   8,9   0,0   3,6  19,0   10:18    NE
21  28,7  39,0   15:27  20,3   06:10   0,0  10,4   0,0   3,0  24,0   10:18    NW
22  29,4  37,7   15:41  21,5   06:15   0,0  11,1   0,0   3,6  34,0   12:47     W
23  26,0  33,9   16:03  21,2   23:57   0,0   7,8   0,3   5,5  21,0   08:06   SSE
24  21,5  25,8   13:30  16,7   23:56   0,0   3,3   0,0   5,7  24,0   15:56    SW
25  18,9  28,2   15:49  11,6   05:56   1,9   2,5   0,0   6,0  27,0   16:41   SSE
26  19,2  28,4   16:47  11,4   06:07   2,0   2,9   0,0   7,2  31,0   08:31   ESE
27  22,1  34,1   16:49  11,5   04:41   1,7   5,5   0,0   4,5  23,0   08:44   ESE
28  26,1  38,1   14:08  16,5   06:01   0,2   8,0   3,3   4,6  43,0   19:44   ESE
29  18,4  22,3   00:00  16,9   08:45   0,5   0,5  24,3   3,4  30,0   01:30     E
30  19,9  24,4   14:17  16,0   04:17   0,6   2,3   3,6   2,5  18,0   22:09     E
----------------------------------------------------------------------------------
    23,2  39,0    21    11,4    26    12,1 154,0  48,0   4,0  46,0    16     ESE

Max >=  27,0: 24
Max <=   0,0:  0
Min <=   0,0:  0
Min <= -18,0:  0
Max Rain: 24,3 on day 29
Days of Rain: 10 (>= 0,2 mm)  5 (>= 2,0 mm)  1 (>= 20,0 mm)
Heat Base: 18,3  Cool Base: 18,3  Method: Integration