NOAA-Style Climate Reports

Select a Year or Month report
2017: Jan Fev Mar Abr Mai Jun Jul Ago Set Out Nov Dez
2016: Jan Fev Mar Abr Mai Jun Jul Ago Set Out Nov Dez
2015: Jan Fev Mar Abr Mai Jun Jul Ago Set Out Nov Dez
2014: Jan Fev Mar Abr Mai Jun Jul Ago Set Out Nov Dez
2013: Jan Fev Mar Abr Mai Jun Jul Ago Set Out Nov Dez
2012: Jan Fev Mar Abr Mai Jun Jul Ago Set Out Nov Dez

Report for 2013 Outubro
                   Monthly Climatological Summary for out 2013

Name: Estação Jardim Recreio   City: Ribeirão Preto   State: São Paulo
Elevation: 580 m  Lat: S 21° 10' 40"   Lon: W 047° 48' 36"

                  Temperature (°C), Rain (mm), Wind Speed (km/h)

                                      Heat  Cool        Avg
    Mean                              Deg   Deg         Wind                 Dom
Day Temp  High   Time   Low    Time   Days  Days  Rain  Speed High   Time    Dir
----------------------------------------------------------------------------------
 1  22,5  29,2   16:33  17,6   06:21   0,1   4,3   2,7   2,1  18,0   15:57   WNW
 2  19,4  20,7   10:43  18,0   08:23   0,0   1,1  14,1   1,6  23,0   07:33   ESE
 3  23,6  30,9   14:46  17,2   06:03   0,1   5,4   0,3   3,2  17,0   15:37   ESE
 4  19,1  22,2   00:03  17,8   07:49   0,1   0,9  23,7   2,9  39,0   03:23    SE
 5  21,9  29,6   16:23  17,3   23:53   0,1   3,7   0,0   3,1  18,0   09:47   WSW
 6  21,4  30,7   14:10  14,5   05:32   0,8   3,9   0,0   5,8  27,0   21:23    SE
 7  20,7  28,5   15:24  15,1   05:21   0,9   3,2   0,0   8,7  32,0   16:11   ESE
 8  18,9  23,6   10:39  16,1   00:51   0,7   1,3   2,1   7,2  28,0   10:15     E
 9  20,8  27,6   16:40  14,8   03:51   0,9   3,4   0,0   5,1  23,0   08:24   ENE
10  22,1  29,6   13:11  15,5   04:21   0,6   4,3   0,0   4,5  24,0   07:45   ENE
11  23,1  31,0   14:26  16,3   05:01   0,4   5,2   0,0   5,0  24,0   07:43   ENE
12  23,4  27,8   13:14  18,7   05:40   0,0   5,0   0,0   5,2  24,0   13:08   ENE
13  26,0  37,0   14:30  17,5   05:45   0,0   7,4   0,0   2,5  21,0   10:26    NE
14  27,4  35,7   14:25  19,0   06:06   0,0   9,1   0,0   2,3  16,0   09:06   WNW
15  26,3  34,4   14:57  21,2   23:55   0,0   8,0   0,6   3,3  21,0   23:48    SW
16  21,5  24,1   14:51  20,3   06:00   0,0   3,2   3,0   4,6  24,0   03:30     E
17  20,6  26,4   11:59  18,6   04:05   0,0   2,2  11,1   1,9  21,0   13:36   NNW
18  22,3  31,0   15:26  17,5   04:39   0,1   4,1   0,3   3,2  28,0   18:10   WNW
19  24,5  34,1   15:13  16,2   05:34   0,3   6,5   0,6   3,4  27,0   14:53   WSW
20  26,3  37,7   16:52  15,7   06:33   0,4   8,0   0,0   2,1  24,0   16:04     W
21  27,4  38,4   17:26  18,6   06:34   0,0   9,1   0,3   3,0  28,0   18:02   WNW
22  26,3  37,4   15:57  20,2   06:42   0,0   8,0   4,2   4,3  28,0   04:29   ENE
23  25,7  36,2   14:39  20,8   05:47   0,0   7,4   4,5   3,0  23,0   17:34    NW
24  27,9  38,5   16:58  19,7   06:36   0,0   8,7   0,3   2,1  16,0   12:16   NNW
25  27,0  34,4   14:53  21,6   06:46   0,0   8,7   0,0   6,2  24,0   01:12    SE
26  28,2  38,9   17:46  21,6   06:08   0,0   9,9   0,0   5,2  24,0   08:31   ENE
27  27,3  37,0   14:59  20,5   23:29   0,0   9,1   8,7   3,4  45,0   19:44   WSW
28  23,0  31,7   16:35  17,3   06:14   0,1   3,0   0,6   8,1  28,0   15:14    SE
29  24,2  36,4   16:31  13,8   05:20   1,0   6,8   0,0   5,1  19,0   09:25    SE
30  24,9  35,4   14:35  19,2   05:45   0,0   5,1   0,0   3,9  21,0   14:12     E
31  24,8  34,0   14:57  19,0   23:55   0,0   6,2  25,5   3,9  43,0   20:08   ENE
----------------------------------------------------------------------------------
    23,8  38,9    26    13,8    29     6,6 172,2 102,6   4,0  45,0    27       E

Max >=  27,0: 26
Max <=   0,0:  0
Min <=   0,0:  0
Min <= -18,0:  0
Max Rain: 25,5 on day 31
Days of Rain: 17 (>= 0,2 mm)  10 (>= 2,0 mm)  2 (>= 20,0 mm)
Heat Base: 18,3  Cool Base: 18,3  Method: Integration