NOAA-Style Climate Reports

Select a Year or Month report
2017: Jan Fev Mar Abr Mai Jun Jul Ago Set Out Nov Dez
2016: Jan Fev Mar Abr Mai Jun Jul Ago Set Out Nov Dez
2015: Jan Fev Mar Abr Mai Jun Jul Ago Set Out Nov Dez
2014: Jan Fev Mar Abr Mai Jun Jul Ago Set Out Nov Dez
2013: Jan Fev Mar Abr Mai Jun Jul Ago Set Out Nov Dez
2012: Jan Fev Mar Abr Mai Jun Jul Ago Set Out Nov Dez

Report for 2013 Novembro
                   Monthly Climatological Summary for nov 2013

Name: Estação Jardim Recreio   City: Ribeirão Preto   State: São Paulo
Elevation: 580 m  Lat: S 21° 10' 40"   Lon: W 047° 48' 36"

                  Temperature (°C), Rain (mm), Wind Speed (km/h)

                                      Heat  Cool        Avg
    Mean                              Deg   Deg         Wind                 Dom
Day Temp  High   Time   Low    Time   Days  Days  Rain  Speed High   Time    Dir
----------------------------------------------------------------------------------
 1  24,0  31,6   16:44  17,7   02:40   0,0   5,8   0,9   4,8  30,0   09:28   ENE
 2  25,7  34,0   16:57  19,9   06:37   0,0   7,4   0,0   4,9  24,0   10:17   ENE
 3  26,8  36,5   16:30  18,4   06:37   0,0   8,5   0,0   2,2  19,0   13:12   NNW
 4  22,9  27,1   09:57  20,2   23:42   0,0   4,3  10,5   2,7  22,0   01:21    SW
 5  19,1  22,0   17:37  17,8   22:34   0,0   0,8  12,3   4,9  24,0   18:29     E
 6  18,0  19,3   15:59  16,8   23:34   0,4   0,1  48,9   5,1  24,0   08:00   ESE
 7  19,2  24,5   13:04  16,5   00:53   0,5   1,2   4,5   2,2  16,0   09:33   ENE
 8  23,2  31,4   18:08  17,2   05:24   0,2   5,0   0,0   2,3  18,0   09:32   ESE
 9  25,8  35,7   17:19  16,8   06:03   0,1   7,5   0,0   2,2  18,0   15:06    SW
10  28,1  38,0   17:34  18,8   06:33   0,0   9,8   0,0   1,6  16,0   14:12     E
11  29,2  40,2   16:44  20,7   05:59   0,0  10,9   0,0   3,1  28,0   18:37   WNW
12  26,5  33,8   17:44  22,1   06:16   0,0   8,3   0,0   3,6  27,0   09:42   WSW
13  27,6  34,6   16:34  21,7   06:31   0,0   9,3   0,0   5,8  28,0   18:00    SE
14  26,3  33,4   14:27  19,3   03:21   0,0   8,1   0,0   5,5  27,0   09:21   ENE
15  25,1  37,5   15:32  20,3   23:29   0,0   6,8  15,9   4,4  42,0   16:39   NNE
16  24,4  35,1   15:48  19,0   23:00   0,0   6,1  22,8   3,8  28,0   17:26   NNW
17  22,1  27,6   15:32  19,1   00:00   0,0   3,8   0,6   3,7  23,0   15:29    NE
18  24,7  34,2   15:16  19,1   06:16   0,0   5,4   0,3   3,2  22,0   15:36   ENE
20  27,9  37,8   16:15  20,2   06:12   0,0  14,7   0,3   3,6  27,0   15:49   NNW
21  27,4  37,6   15:27  21,5   06:33   0,0   8,3   0,0   3,5  36,0   17:54     S
22  24,6  28,6   16:51  21,2   05:53   0,0   6,3   0,0   3,7  24,0   23:40   ESE
23  22,8  27,1   15:14  20,3   04:42   0,0   4,2   1,2   4,8  18,0   16:54     E
24  21,9  24,5   16:22  20,6   11:20   0,0   3,6   3,9   5,1  18,0   13:49   ENE
25  20,7  21,8   00:02  19,7   23:28   0,0   2,4   6,6   3,6  16,0   12:13     E
26  24,3  32,6   16:27  19,4   02:43   0,0   5,9   0,0   3,9  27,0   20:07   ESE
27  26,2  35,4   16:10  18,5   06:23   0,0   7,6   0,0   3,4  18,0   16:21     S
28  27,8  38,9   17:24  20,3   06:23   0,0   9,2   0,0   2,1  18,0   11:18   NNE
29  27,5  34,3   14:26  21,5   06:13   0,0   9,2   0,0   2,9  26,0   13:37    NE
30  22,9  27,7   14:19  20,4   07:14   0,0   4,4  39,6   3,0  23,0   09:20    SE
----------------------------------------------------------------------------------
    24,6  40,2    11    16,5     7     1,2 184,9 168,3   3,7  42,0    15       E

Max >=  27,0: 24
Max <=   0,0:  0
Min <=   0,0:  0
Min <= -18,0:  0
Max Rain: 48,9 on day 6
Days of Rain: 14 (>= 0,2 mm)  9 (>= 2,0 mm)  3 (>= 20,0 mm)
Heat Base: 18,3  Cool Base: 18,3  Method: Integration