NOAA-Style Climate Reports


Report for 2013 Dezembro
                   Monthly Climatological Summary for dez 2013

Name: Estação Jardim Recreio   City: Ribeirão Preto   State: São Paulo
Elevation: 580 m  Lat: S 21° 10' 40"   Lon: W 047° 48' 36"

                  Temperature (°C), Rain (mm), Wind Speed (km/h)

                                      Heat  Cool        Avg
    Mean                              Deg   Deg         Wind                 Dom
Day Temp  High   Time   Low    Time   Days  Days  Rain  Speed High   Time    Dir
----------------------------------------------------------------------------------
 1  23,3  27,1   11:12  20,9   04:43   0,0   5,0  14,4   2,6  19,0   16:15     E
 2  23,1  27,2   17:14  21,3   06:13   0,0   4,8  22,8   2,7  21,0   11:58   NNW
 3  25,3  33,6   15:56  20,9   02:33   0,0   7,0   1,2   2,7  24,0   17:52     W
 4  27,8  35,8   16:57  20,6   06:28   0,0   9,3   0,0   3,0  22,0   14:14   WNW
 5  28,3  36,8   15:00  19,6   23:20   0,0   9,7  33,6   3,9  53,0   21:19   WSW
 6  24,3  32,8   16:11  18,2   06:00   0,0   5,4   0,9   3,7  23,0   01:20   ESE
 7  25,9  33,8   17:29  21,5   05:44   0,0   7,6   2,1   2,6  40,0   18:59   WNW
 8  26,3  35,6   17:45  20,7   06:04   0,0   7,9   4,5   2,3  16,0   10:13     N
 9  28,5  37,0   16:51  21,4   06:35   0,0   9,9   0,6   2,1  21,0   21:04    NW
10  23,3  30,0   15:52  20,7   02:57   0,0   5,0  59,7   3,8  23,0   17:43   WNW
11  22,4  26,2   13:17  21,2   05:16   0,0   4,1  11,1   1,7  15,0   14:21   SSW
12  24,2  31,0   15:15  19,2   05:16   0,0   5,8   0,3   5,3  23,0   18:24   ESE
13  25,8  35,5   18:10  19,3   05:56   0,0   7,0   0,0   3,3  22,0   11:14   ENE
14  25,7  36,8   16:39  20,5   22:15   0,0   7,4  35,1   3,0  30,0   18:34    NW
15  24,1  31,2   16:38  20,4   03:30   0,0   5,8   1,5   2,7  37,0   18:16     E
16  25,5  34,5   16:04  18,7   06:21   0,0   7,2   0,0   3,2  26,0   17:17    SE
17  25,3  32,3   16:12  18,8   06:31   0,0   7,0   2,4   5,8  24,0   13:33   ESE
18  26,2  34,3   17:37  19,3   05:36   0,0   7,9   0,0   4,5  19,0   18:25    SE
19  26,9  36,0   15:17  18,9   06:21   0,0   8,5   0,0   4,2  21,0   15:21    SE
20  25,7  36,0   16:09  20,8   23:59   0,0   7,2   0,0   4,7  40,0   17:44   ESE
21  24,3  32,3   15:09  19,2   05:04   0,0   6,0   8,1   4,4  28,0   18:09   ESE
22  24,8  31,0   16:28  18,7   06:34   0,0   5,6   0,0   4,7  23,0   21:50     E
23  23,3  30,3   15:35  21,2   23:49   0,0   5,0   9,6   2,7  19,0   15:52    SE
24  24,0  30,8   14:43  20,2   06:54   0,0   5,0   0,3   3,1  21,0   10:31    NW
25  24,3  31,1   15:42  21,2   03:45   0,0   6,0   1,5   2,7  24,0   17:18     W
26  28,1  36,8   16:39  21,0   06:36   0,0   9,9   0,0   2,4  16,0   14:41    SW
27  28,0  36,7   16:36  23,0   23:50   0,0   9,8   1,8   2,9  27,0   17:24    NW
28  27,0  35,8   17:12  20,1   23:52   0,0   7,6  36,6   3,8  37,0   20:04    NW
29  25,0  32,7   16:00  20,1   00:00   0,0   6,7   0,0   2,7  22,0   16:02   WNW
30  24,9  31,4   16:03  21,1   07:40   0,0   6,7  37,2   3,3  26,0   13:15   WNW
31  23,0  27,6   13:53  20,7   06:31   0,0   4,7  34,8   2,4  23,0   03:46    NW
----------------------------------------------------------------------------------
    25,3  37,0     9    18,2     6     0,0 212,5 320,1   3,3  53,0     5     ESE

Max >=  27,0: 30
Max <=   0,0:  0
Min <=   0,0:  0
Min <= -18,0:  0
Max Rain: 59,7 on day 10
Days of Rain: 22 (>= 0,2 mm)  14 (>= 2,0 mm)  7 (>= 20,0 mm)
Heat Base: 18,3  Cool Base: 18,3  Method: Integration