NOAA-Style Climate Reports


Report for 2014
                   Annual Climatological Summary for 2014

Name: Estação Jardim Recreio   City: Ribeirão Preto   State: São Paulo
Elevation: 580 m  Lat: S 21° 10' 40"   Lon: W 047° 48' 36"

                  Temperature (°C), Heat Base: 18,3  Cool Base: 18,3
                          Dep.  Heat  Cool                       Max  Max  Min  Min
        Mean  Mean        From  Deg   Deg                        >=   <=   <=   <=
 YR MO  Max   Min   Mean  Norm  Days  Days  Hi  Date  Low  Date 27,0  0,0  0,0 -18,0
------------------------------------------------------------------------------------
 14  1  35,1  20,2  26,6   1,6     0   248  38,6   3  17,5   29   30    0    0    0
 14  2  34,4  20,3  26,3   1,3     0   232  40,3   5  18,3   26   27    0    0    0
 14  3  34,1  19,9  25,4   0,9     0   222  38,9  15  18,3    9   29    0    0    0
 14  4  32,9  18,7  24,2   1,2     4   181  38,0   8  14,4   26   28    0    0    0
 14  5  30,1  20,9  24,0   3,0     6   182  34,0   8  14,2   29   28    0    0    0
 14  6  31,0  14,5  21,1   1,6    30   115  34,2  27   8,0    4   28    0    0    0
 14  7  29,5  14,0  20,2   0,2    40   101  35,2   3   8,5   20   24    0    0    0
 14  8  18,5  11,3  14,8  -6,7    17    43  35,7   7   0,0   10    9    3    4    0
 14  9  28,8  17,2  22,4  -0,1     1   194  37,8  29   0,0    1   23    4    5    0
 14 10  32,9  23,6  27,8   3,3     0   298  41,0  19  17,0   28   29    0    0    0
 14 11  30,8  21,0  25,1   0,6     0   203  36,8  22  17,3   16   25    0    0    0
 14 12  32,5  21,1  26,0   1,5     0   237  36,8  27  18,2    3   30    0    0    0
------------------------------------------------------------------------------------
        30,9  18,6  23,7   0,7   101  2261  41,0 out   0,0  ago  310    7    9    0

                                Precipitation (mm)

              Dep.   Max        Days of Rain
              From   Obs.           >=
 YR MO Total  Norm   Day Date  0,2  2,0 20,0
---------------------------------------------
 14  1  66,6-198,4  10,8  20    15   10    0
 14  2  70,5-136,3  18,6  28    11   10    0
 14  3  72,0 -84,6  18,9   1    12    9    0
 14  4  50,4 -18,7  19,5  15    10    4    0
 14  51301,11253,31299,3  29     3    1    1
 14  6   4,8 -23,8   1,8  11     5    0    0
 14  7  30,0   9,1  11,1  24     8    6    0
 14  8 695,7 674,7  36,6  14    21   19   19
 14  9 233,1 181,2  36,6   1    11    9    5
 14 10  19,5-109,3   9,9   4     4    2    0
 14 11   0,0-168,5   0,0   0     0    0    0
 14 12  70,2-187,3  24,3  13     5    4    1
---------------------------------------------
      2613,91191,41299,3  mai  105   74   26

                                Wind Speed (km/h)
                          Dom
 YR MO   Avg.  Hi   Date  Dir
------------------------------
 14  1   2,9  51,0    5   NNW
 14  2   3,0  42,0    8     N
 14  3   3,1  39,0   21   ENE
 14  4   3,0  44,0   22     E
 14  5   2,4 164,0   10   ENE
 14  6   2,3  30,0   10     E
 14  7   2,8  78,0   15   ESE
 14  8   2,6  27,0    8   SSE
 14  9   3,9  43,0   24   ESE
 14 10   4,6  43,0   19   ESE
 14 11   3,4  45,0   22   SSE
 14 12   3,3 190,0    7    NE
------------------------------
         3,1 190,0  dez     E