NOAA-Style Climate Reports

Select a Year or Month report
2017: Jan Fev Mar Abr Mai Jun Jul Ago Set Out Nov Dez
2016: Jan Fev Mar Abr Mai Jun Jul Ago Set Out Nov Dez
2015: Jan Fev Mar Abr Mai Jun Jul Ago Set Out Nov Dez
2014: Jan Fev Mar Abr Mai Jun Jul Ago Set Out Nov Dez
2013: Jan Fev Mar Abr Mai Jun Jul Ago Set Out Nov Dez
2012: Jan Fev Mar Abr Mai Jun Jul Ago Set Out Nov Dez

Report for 2014 Janeiro
                   Monthly Climatological Summary for jan 2014

Name: Estação Jardim Recreio   City: Ribeirão Preto   State: São Paulo
Elevation: 580 m  Lat: S 21° 10' 40"   Lon: W 047° 48' 36"

                  Temperature (°C), Rain (mm), Wind Speed (km/h)

                                      Heat  Cool        Avg
    Mean                              Deg   Deg         Wind                 Dom
Day Temp  High   Time   Low    Time   Days  Days  Rain  Speed High   Time    Dir
----------------------------------------------------------------------------------
 1  24,6  32,7   15:14  21,2   06:39   0,0   6,3   2,4   2,3  33,0   15:44     W
 2  26,7  35,7   16:14  20,4   05:29   0,0   8,3   0,0   2,6  18,0   16:24     E
 3  29,0  38,6   17:14  21,6   06:45   0,0  10,8   0,6   2,0  18,0   18:25     W
 4  29,2  38,1   17:06  23,1   06:53   0,0  10,8   0,0   3,8  23,0   21:48   ESE
 5  27,4  35,7   15:05  21,2   23:14   0,0   9,2   8,7   4,1  51,0   19:58   ENE
 6  26,7  33,1   14:52  20,7   06:45   0,0   8,4   0,0   3,6  23,0   17:31   ENE
 7  27,5  37,0   15:31  20,0   06:45   0,0   9,2   0,0   2,9  19,0   16:19    NE
 8  28,0  36,6   17:53  20,6   06:41   0,0   9,7   0,0   2,3  18,0   11:38    NW
 9  27,2  37,3   16:41  20,9   07:00   0,0   8,9   5,1   2,2  37,0   18:27    NW
10  25,7  34,3   14:41  20,7   06:48   0,0   7,4   0,6   2,9  36,0   17:27   NNW
11  26,5  35,2   16:12  19,2   06:44   0,0   8,2   0,6   2,9  26,0   13:47   NNW
12  26,3  35,6   14:21  21,0   06:09   0,0   8,0   0,3   2,6  26,0   14:45    NW
13  25,3  31,8   15:05  20,3   02:39   0,0   7,0   5,4   4,4  24,0   01:52     S
15  26,0  36,3   16:47  20,1   06:50   0,0   7,8   0,0   4,1  21,0   23:29    SW
16  25,8  33,7   16:30  20,7   07:00   0,0   7,6   1,8   4,4  22,0   09:29    SW
17  24,2  34,0   15:46  20,0   23:39   0,0   5,9   5,1   3,1  32,0   18:00     W
18  24,8  33,3   17:09  18,2   06:49   0,0   6,5   0,0   3,6  19,0   15:21    SW
19  26,3  35,8   17:04  18,3   06:44   0,0   8,0   0,0   2,6  19,0   17:02   WSW
20  25,7  36,6   16:07  19,6   06:51   0,0   7,4  10,8   2,1  33,0   16:39    NW
21  25,9  34,5   18:03  19,2   05:59   0,0   7,6   9,0   3,5  18,0   12:09    NW
22  26,3  35,0   18:06  20,6   07:01   0,0   8,0   0,0   2,0  15,0   13:01    NW
23  26,8  34,4   16:50  20,8   07:24   0,0   8,6   4,8   3,3  19,0   01:19     W
24  24,8  33,8   13:21  20,5   22:08   0,0   6,6   3,0   2,6  33,0   16:11   WNW
25  26,2  35,7   16:49  18,8   06:54   0,0   7,9   8,4   2,8  16,0   13:27     W
26  28,2  35,7   16:01  20,8   06:18   0,0  10,0   0,0   2,7  17,0   06:55   NNW
27  27,0  33,9   14:21  20,8   06:48   0,0   8,7   0,0   3,4  21,0   15:26   NNE
28  26,8  33,7   15:48  20,0   07:01   0,0   8,5   0,0   3,3  23,0   13:27   NNE
29  26,7  35,1   18:37  17,5   06:53   0,0   8,4   0,0   2,9  26,0   14:39   NNE
30  27,6  35,1   15:52  19,6   06:51   0,0   9,3   0,6   2,2  17,0   13:08   NNE
31  27,8  35,0   18:39  20,2   06:56   0,0   9,5   0,0   2,3  22,0   14:23    NE
----------------------------------------------------------------------------------
    26,6  38,6     3    17,5    29     0,0 248,5  67,2   2,9  51,0     5      NW

Max >=  27,0: 30
Max <=   0,0:  0
Min <=   0,0:  0
Min <= -18,0:  0
Max Rain: 10,8 on day 20
Days of Rain: 16 (>= 0,2 mm)  10 (>= 2,0 mm)  0 (>= 20,0 mm)
Heat Base: 18,3  Cool Base: 18,3  Method: Integration