NOAA-Style Climate Reports

Select a Year or Month report
2017: Jan Fev Mar Abr Mai Jun Jul Ago Set Out Nov Dez
2016: Jan Fev Mar Abr Mai Jun Jul Ago Set Out Nov Dez
2015: Jan Fev Mar Abr Mai Jun Jul Ago Set Out Nov Dez
2014: Jan Fev Mar Abr Mai Jun Jul Ago Set Out Nov Dez
2013: Jan Fev Mar Abr Mai Jun Jul Ago Set Out Nov Dez
2012: Jan Fev Mar Abr Mai Jun Jul Ago Set Out Nov Dez

Report for 2014 Fevereiro
                   Monthly Climatological Summary for fev 2014

Name: Estação Jardim Recreio   City: Ribeirão Preto   State: São Paulo
Elevation: 580 m  Lat: S 21° 10' 40"   Lon: W 047° 48' 36"

                  Temperature (°C), Rain (mm), Wind Speed (km/h)

                                      Heat  Cool        Avg
    Mean                              Deg   Deg         Wind                 Dom
Day Temp  High   Time   Low    Time   Days  Days  Rain  Speed High   Time    Dir
----------------------------------------------------------------------------------
 1  28,0  35,6   15:09  20,6   07:06   0,0  11,3   0,0   3,7  23,0   14:12   NNE
 2  26,0  33,1   00:00  21,0   13:00   0,0  13,0   0,0   5,1  26,0   15:31     N
 3  27,7  36,0   17:17  19,4   07:04   0,0   9,4   0,0   2,6  26,0   13:52     N
 4  28,6  37,9   17:36  20,2   07:01   0,0  10,3   0,0   2,3  22,0   12:56     N
 5  28,6  40,3   17:19  20,0   05:28   0,0  10,3   0,0   1,9  16,0   12:04    NW
 6  28,6  35,9   18:22  21,6   07:08   0,0  10,3   0,0   3,4  27,0   13:05   NNE
 7  28,6  37,0   17:29  20,2   07:04   0,0  10,3   0,0   2,5  21,0   12:06     N
 8  27,8  38,8   18:41  21,1   20:00   0,0   9,5   7,8   2,5  42,0   19:07    NW
 9  27,9  38,8   18:04  18,9   06:56   0,0   9,6   0,0   2,4  17,0   12:40   WNW
10  27,2  37,7   16:44  21,4   06:20   0,0   8,9   3,6   2,3  37,0   17:29    NW
11  26,8  35,2   16:34  19,5   07:14   0,0   8,6   0,0   2,1  18,0   16:54     N
12  28,0  36,4   15:55  22,8   07:09   0,0   9,7   0,0   2,1  16,0   11:55     W
13  26,0  36,8   15:54  20,6   07:10   0,0   7,8   5,4   2,7  34,0   17:11   WNW
14  25,1  34,6   18:09  19,9   05:37   0,0   6,8  13,2   2,9  27,0   18:56   WNW
15  22,4  26,8   17:01  19,9   05:37   0,0   4,2   4,8   4,4  21,0   15:49     E
16  22,2  27,9   12:57  20,5   06:53   0,0   3,9   5,1   2,7  21,0   13:18    NE
17  24,6  29,6   16:07  20,2   06:19   0,0   6,3   0,0   4,2  22,0   13:18     E
18  25,6  30,4   15:50  22,0   06:05   0,0   7,3   0,0   5,3  28,0   08:50   ENE
19  26,0  32,6   15:58  20,6   06:04   0,0   7,7   0,0   5,1  27,0   08:38   ENE
20  26,4  36,7   16:15  19,1   06:12   0,0   8,1   0,0   2,0  19,0   10:04     N
21  27,0  34,7   15:14  20,4   05:40   0,0   8,6   0,0   2,2  22,0   10:17   NNW
22  23,8  27,2   14:49  20,4   05:58   0,0   5,6   1,2   1,9  13,0   00:23    SW
23  25,4  33,6   15:06  21,5   05:27   0,0   7,2   4,2   2,2  27,0   15:27   WNW
24  25,6  33,9   13:15  19,8   23:59   0,0   7,3   4,2   4,0  22,0   23:22     S
25  23,0  32,1   17:05  19,0   01:19   0,0   4,8   2,4   2,8  28,0   17:15   WNW
26  26,9  36,6   14:48  18,3   06:04   0,0   8,6   0,0   2,2  18,0   13:51   NNW
27  27,9  36,3   15:40  19,5   06:10   0,0   9,6   0,0   2,9  18,0   21:13     W
28  25,3  31,8   16:12  19,5   23:47   0,0   7,1  18,6   3,4  23,0   01:35   SSE
----------------------------------------------------------------------------------
    26,3  40,3     5    18,3    26     0,0 232,1  70,5   3,0  42,0     8       N

Max >=  27,0: 27
Max <=   0,0:  0
Min <=   0,0:  0
Min <= -18,0:  0
Max Rain: 18,6 on day 28
Days of Rain: 11 (>= 0,2 mm)  10 (>= 2,0 mm)  0 (>= 20,0 mm)
Heat Base: 18,3  Cool Base: 18,3  Method: Integration