NOAA-Style Climate Reports


Report for 2014 Março
                   Monthly Climatological Summary for mar 2014

Name: Estação Jardim Recreio   City: Ribeirão Preto   State: São Paulo
Elevation: 580 m  Lat: S 21° 10' 40"   Lon: W 047° 48' 36"

                  Temperature (°C), Rain (mm), Wind Speed (km/h)

                                      Heat  Cool        Avg
    Mean                              Deg   Deg         Wind                 Dom
Day Temp  High   Time   Low    Time   Days  Days  Rain  Speed High   Time    Dir
----------------------------------------------------------------------------------
 1  22,8  30,8   17:11  18,5   03:57   0,0   4,5  18,9   3,1  18,0   20:56    NW
 2  26,3  36,4   17:03  18,6   05:23   0,0   8,1   0,0   2,6  13,0   13:27   SSE
 3  26,9  33,3   15:19  22,1   06:12   0,0   8,6   0,9   5,2  26,0   09:24   ENE
 4  26,1  36,1   15:03  21,4   23:54   0,0   7,9   8,1   3,0  30,0   15:37   NNE
 5  22,5  25,9   12:00  21,0   01:56   0,0   4,2   6,0   1,7  18,0   13:20   SSW
 6  25,7  32,3   16:53  20,1   06:19   0,0   7,4   0,0   3,1  18,0   14:53    SW
 7  22,9  29,6   16:42  19,9   07:28   0,0   4,7   7,8   2,6  18,0   00:41   NNE
 8  24,5  33,7   15:35  19,5   06:44   0,0   6,2   0,0   1,8  16,0   15:31     W
 9  25,9  35,8   15:22  18,3   06:05   0,0   7,7   0,0   2,0  16,0   11:27     W
10  27,2  38,5   16:32  19,5   06:16   0,0   9,0   0,0   2,6  27,0   23:04   WNW
11  25,2  37,1   15:56  20,3   06:11   0,0   6,9   3,9   3,7  28,0   16:01   WSW
12  24,6  32,6   15:21  20,3   06:06   0,0   6,4   1,5   3,8  33,0   00:06   SSE
13  26,2  35,7   14:25  20,1   06:16   0,0   7,9   0,0   3,2  17,0   15:43   SSW
14  28,0  38,8   16:00  20,5   06:29   0,0   9,8   0,0   2,6  19,0   10:00   NNW
15  27,7  38,9   16:51  20,9   06:15   0,0   9,5   3,3   2,4  22,0   17:14     W
16  27,0  36,4   14:01  19,5   06:21   0,0   8,8   0,0   1,9  16,0   15:42    NW
17  27,4  38,3   15:57  18,3   06:17   0,0   9,1   0,0   2,1  26,0   11:48   WSW
18  26,8  37,8   15:16  19,4   06:13   0,0   8,5   0,0   3,2  33,0   17:44   WNW
19  26,9  37,4   15:05  19,2   06:08   0,0   8,7   0,0   2,0  18,0   14:00     W
20  26,6  36,6   14:14  20,6   05:44   0,0   8,3   0,3   3,1  36,0   15:55     W
21  26,1  35,8   15:31  21,0   23:06   0,0   7,9   9,6   4,9  39,0   19:34   WSW
22  23,9  29,3   15:56  20,3   06:16   0,0   5,6   0,0   2,5  22,0   15:04   SSW
23  24,4  33,0   15:26  19,8   06:18   0,0   6,1   0,0   7,1  27,0   18:19   ESE
24  24,5  32,1   14:16  18,6   06:14   0,0   6,2   0,0   5,3  24,0   10:52     E
25  25,0  32,1   15:04  19,0   06:21   0,0   6,6   0,0   4,6  26,0   21:30   ESE
26  25,2  33,5   14:02  19,7   02:31   0,0   6,9   0,0   5,0  23,0   09:32     E
27  24,5  34,3   14:53  20,2   06:44   0,0   6,3   3,3   4,1  34,0   16:53   ENE
28  24,9  33,9   16:04  18,8   06:29   0,0   6,6   0,0   2,7  21,0   11:57    NE
29  25,2  33,5   13:16  19,7   05:36   0,0   6,9   0,0   2,5  21,0   14:49   NNE
30  22,5  25,1   15:48  21,3   23:23   0,0   4,2   8,4   0,9  11,0   04:32     N
31  25,2  32,7   15:14  20,1   06:21   0,0   6,9   0,0   2,1  17,0   14:20     W
----------------------------------------------------------------------------------
    25,4  38,9    15    18,3     9     0,0 222,4  72,0   3,1  39,0    21      NW

Max >=  27,0: 29
Max <=   0,0:  0
Min <=   0,0:  0
Min <= -18,0:  0
Max Rain: 18,9 on day 1
Days of Rain: 12 (>= 0,2 mm)  9 (>= 2,0 mm)  0 (>= 20,0 mm)
Heat Base: 18,3  Cool Base: 18,3  Method: Integration