NOAA-Style Climate Reports

Select a Year or Month report
2017: Jan Fev Mar Abr Mai Jun Jul Ago Set Out Nov Dez
2016: Jan Fev Mar Abr Mai Jun Jul Ago Set Out Nov Dez
2015: Jan Fev Mar Abr Mai Jun Jul Ago Set Out Nov Dez
2014: Jan Fev Mar Abr Mai Jun Jul Ago Set Out Nov Dez
2013: Jan Fev Mar Abr Mai Jun Jul Ago Set Out Nov Dez
2012: Jan Fev Mar Abr Mai Jun Jul Ago Set Out Nov Dez

Report for 2014 Abril
                   Monthly Climatological Summary for abr 2014

Name: Estação Jardim Recreio   City: Ribeirão Preto   State: São Paulo
Elevation: 580 m  Lat: S 21° 10' 40"   Lon: W 047° 48' 36"

                  Temperature (°C), Rain (mm), Wind Speed (km/h)

                                      Heat  Cool        Avg
    Mean                              Deg   Deg         Wind                 Dom
Day Temp  High   Time   Low    Time   Days  Days  Rain  Speed High   Time    Dir
----------------------------------------------------------------------------------
 1  26,8  35,6   15:34  20,5   04:40   0,0   8,5   0,0   3,4  27,0   17:49     S
 2  26,6  34,1   14:18  20,0   06:15   0,0   8,3   0,0   3,1  15,0   10:35    SE
 3  26,5  37,3   15:13  20,1   06:22   0,0   8,2   0,0   3,0  19,0   16:38     E
 4  25,8  32,8   14:38  20,9   06:26   0,0   7,5   0,0   5,1  22,0   08:13     E
 5  26,3  34,8   16:42  21,2   06:22   0,0   8,0   0,0   4,5  28,0   08:32    NE
 6  26,6  37,5   15:24  19,8   06:23   0,0   8,3   0,0   2,5  17,0   08:36   ESE
 7  26,5  37,4   15:36  18,2   05:53   0,0   8,2   0,0   2,0  18,0   14:18   WSW
 8  27,0  38,0   15:35  18,3   06:36   0,0   8,7   0,0   1,7  16,0   13:00   WSW
 9  26,9  37,9   15:35  20,3   05:38   0,0   8,6   0,0   3,1  33,0   16:55    SW
10  25,7  35,3   14:41  20,5   05:22   0,0   7,4   0,0   2,0  17,0   14:00   SSW
11  26,5  36,4   15:58  20,0   06:25   0,0   8,2   0,0   2,0  16,0   11:38     N
12  26,8  35,2   15:15  21,1   06:04   0,0   8,5   1,5   3,8  31,0   20:36     W
13  24,2  31,3   15:12  20,5   05:39   0,0   5,9   6,6   2,2  21,0   19:12   SSW
14  23,3  32,3   14:57  19,1   23:58   0,0   5,0   5,1   4,1  28,0   16:27   ESE
15  21,0  24,5   16:10  18,8   01:22   0,0   2,7  19,5   4,2  22,0   13:08     E
16  22,7  29,7   15:44  18,9   00:00   0,0   4,4   0,3   2,4  16,0   09:18   NNE
17  23,7  34,4   15:49  18,1   06:25   0,0   5,5   0,9   2,3  30,0   16:21    SE
18  25,2  36,2   15:36  17,8   06:25   0,0   6,9   0,3   1,9  16,0   08:52    NW
19  26,0  36,4   15:28  18,2   06:39   0,0   7,8   0,0   1,5  12,0   12:34    NW
20  26,0  34,5   16:19  21,2   06:40   0,0   7,7   0,0   2,6  18,0   01:33    SW
21  25,3  35,1   16:00  19,4   04:27   0,0   7,0   0,0   2,8  18,0   09:48     E
22  21,7  27,5   09:55  18,5   11:54   0,0   3,4  15,0   2,9  44,0   10:31    SE
23  22,4  30,3   13:45  18,6   05:36   0,0   4,1   0,6   1,7  15,0   18:52     W
24  21,9  26,2   15:00  18,3   23:46   0,0   3,6   0,6   2,3  21,0   15:50   ESE
25  21,4  30,1   15:26  15,7   06:30   0,5   3,6   0,0   3,3  18,0   10:24    SE
26  20,9  29,1   16:39  14,4   05:27   0,8   3,4   0,0   4,1  23,0   10:54    SE
27  20,5  31,0   14:25  14,7   02:42   1,0   3,2   0,0   4,3  19,0   22:09   ESE
28  20,5  28,1   15:50  15,2   02:06   1,0   3,2   0,0   4,8  23,0   09:57   ENE
29  20,2  29,2   15:27  15,7   00:42   0,9   2,9   0,0   3,7  23,0   09:45   ENE
30  20,9  29,8   14:47  16,2   00:00   0,7   3,3   0,0   2,1  17,0   12:45   NNE
----------------------------------------------------------------------------------
    24,2  38,0     8    14,4    26     4,9 182,0  50,4   3,0  44,0    22     ESE

Max >=  27,0: 28
Max <=   0,0:  0
Min <=   0,0:  0
Min <= -18,0:  0
Max Rain: 19,5 on day 15
Days of Rain: 10 (>= 0,2 mm)  4 (>= 2,0 mm)  0 (>= 20,0 mm)
Heat Base: 18,3  Cool Base: 18,3  Method: Integration