NOAA-Style Climate Reports

Select a Year or Month report
2017: Jan Fev Mar Abr Mai Jun Jul Ago Set Out Nov Dez
2016: Jan Fev Mar Abr Mai Jun Jul Ago Set Out Nov Dez
2015: Jan Fev Mar Abr Mai Jun Jul Ago Set Out Nov Dez
2014: Jan Fev Mar Abr Mai Jun Jul Ago Set Out Nov Dez
2013: Jan Fev Mar Abr Mai Jun Jul Ago Set Out Nov Dez
2012: Jan Fev Mar Abr Mai Jun Jul Ago Set Out Nov Dez

Report for 2014 Maio
                   Monthly Climatological Summary for mai 2014

Name: Estação Jardim Recreio   City: Ribeirão Preto   State: São Paulo
Elevation: 580 m  Lat: S 21° 10' 40"   Lon: W 047° 48' 36"

                  Temperature (°C), Rain (mm), Wind Speed (km/h)

                                      Heat  Cool        Avg
    Mean                              Deg   Deg         Wind                 Dom
Day Temp  High   Time   Low    Time   Days  Days  Rain  Speed High   Time    Dir
----------------------------------------------------------------------------------
 1  21,3  30,7   15:49  16,8   00:00   0,6   3,6   0,0   2,7  18,0   11:08    NW
 2  22,3  30,7   15:05  17,1   00:00   0,4   4,4   0,0   1,7  19,0   15:46    NE
 3  21,6  28,2   14:33  17,6   01:14   0,2   3,5   0,0   2,4  23,0   13:26    NE
 4  22,7  32,7   14:09  18,1   00:00   0,1   4,5   0,0   1,9  16,0   08:32   NNE
 5  23,1  32,7   14:55  18,1   00:00   0,1   4,9   0,0   1,5  17,0   11:24    NW
 6  23,6  33,6   14:51  18,6   00:05   0,0   5,3   0,0   1,6  18,0   12:14   NNW
 7  23,7  33,0   13:37  18,8   00:27   0,0   5,4   0,0   1,3  13,0   12:26   NNW
 8  24,5  34,0   15:19  19,2   00:54   0,0   6,2   0,0   2,3  21,0   13:53    SW
 9  23,8  33,0   15:07  19,2   00:07   0,0   5,5   0,0   3,0  23,0   13:59    SW
10  21,7  27,7   16:09  19,6   00:00   0,0   3,4   0,0   4,9 164,0   15:57   ESE
11  22,6  30,1   15:14  20,5   00:00   0,0   4,3   0,0   6,0  28,0   09:49   ENE
12  23,0  29,5   16:06  21,1   00:00   0,0   4,7   0,0   3,7  23,0   09:30   ENE
13  23,5  30,0   14:21  21,7   00:00   0,0   5,2   0,0   1,9  16,0   09:46    NE
14  23,7  28,6   13:43  22,1   00:00   0,0   5,4   0,0   1,9  16,0   11:12   ENE
15  24,3  30,8   16:06  22,6   00:00   0,0   6,1   0,0   1,5  15,0   10:16   NNE
16  24,9  32,4   14:08  23,0   00:00   0,0   6,6   0,0   1,4  11,0   14:12     W
17  24,6  29,8   15:28  23,1   00:00   0,0   6,4   0,0   2,3  17,0   10:46    NE
18  24,1  25,8   16:03  23,6   00:00   0,0   5,8   0,0   0,8  10,0   16:39     N
19  26,2  33,6   15:49  24,4   18:32   0,0   7,9   0,0   1,6  11,0   10:54   NNE
20  25,7  31,6   14:47  24,4   00:00   0,0   7,5   0,0   1,4  16,0   09:33   NNE
21  26,3  32,1   13:56  24,9   00:00   0,0   8,1   0,0   1,8  19,0   12:08    NW
22  27,0  33,8   15:24  24,8   19:24   0,0   8,8   0,3   2,9  31,0   23:33   WNW
23  24,8  24,8   00:00  24,8   00:00   0,0   6,5   1,5   2,3  24,0   00:01    SE
24  24,8  24,8   00:00  24,8   00:00   0,0   6,5   0,0   2,1  12,0   10:25    SW
25  26,3  31,3   15:22  24,8   00:00   0,0   8,0   0,0   3,0  16,0   07:18     E
26  27,3  27,3   00:00  27,3   00:00   0,0   9,0   0,0   4,3  22,0   11:36   WSW
27  27,3  27,3   00:00  27,3   00:00   0,0   9,0   0,0   3,0  21,0   20:56   SSW
28  25,0  27,3   00:00  14,7   23:51   0,3   7,1   0,0   2,7  16,0   12:07     E
29  16,8  27,3   19:19  14,2   00:47   3,3   1,81299,3   0,9   5,0   00:27     E
30  26,2  27,3   00:04  16,8   23:55   0,1   8,0   0,0   4,3  22,0   08:14    SW
31  20,5  31,1   15:31  14,5   06:19   1,1   3,3   0,0   2,6  18,0   16:00   ENE
----------------------------------------------------------------------------------
    24,0  34,0     8    14,2    29     6,2 182,71301,1   2,4 164,0    10      NE

Max >=  27,0: 28
Max <=   0,0:  0
Min <=   0,0:  0
Min <= -18,0:  0
Max Rain: 1299,3 on day 29
Days of Rain: 3 (>= 0,2 mm)  1 (>= 2,0 mm)  1 (>= 20,0 mm)
Heat Base: 18,3  Cool Base: 18,3  Method: Integration