NOAA-Style Climate Reports


Report for 2014 Junho
                   Monthly Climatological Summary for jun 2014

Name: Estação Jardim Recreio   City: Ribeirão Preto   State: São Paulo
Elevation: 580 m  Lat: S 21° 10' 40"   Lon: W 047° 48' 36"

                  Temperature (°C), Rain (mm), Wind Speed (km/h)

                                      Heat  Cool        Avg
    Mean                              Deg   Deg         Wind                 Dom
Day Temp  High   Time   Low    Time   Days  Days  Rain  Speed High   Time    Dir
----------------------------------------------------------------------------------
 1  18,6  23,6   10:32  15,1   07:10   1,0   1,3   0,9   1,7  19,0   10:07     W
 2  19,3  27,1   16:14  14,4   23:55   1,1   2,1   0,3   2,5  18,0   14:31     W
 3  17,2  28,9   14:55  10,1   07:05   3,2   2,1   0,0   1,6  13,0   10:27   ESE
 4  18,2  32,6   15:09   8,0   06:58   3,4   3,3   0,0   1,3  11,0   14:23    SE
 5  22,0  33,5   14:35  13,8   07:17   1,2   4,9   0,0   2,1  22,0   12:33    NW
 6  23,3  32,6   15:06  16,7   07:00   0,2   5,2   0,0   2,1  19,0   11:33   WNW
 7  23,5  33,3   15:02  16,7   06:48   0,2   5,4   0,0   2,1  24,0   12:14   NNW
 8  23,1  33,1   14:56  15,9   07:08   0,5   5,2   0,0   2,3  24,0   12:53    NW
 9  23,5  33,8   14:06  15,9   07:02   0,3   5,5   0,0   1,9  13,0   10:52   WSW
10  21,9  29,1   15:40  16,8   06:46   0,2   3,9   0,6   6,0  30,0   15:47   ESE
11  21,8  31,5   15:53  16,0   06:54   0,4   3,9   1,8   4,3  28,0   09:46     E
12  21,3  29,0   15:06  15,1   06:35   0,7   3,7   1,2   4,0  28,0   11:26   ENE
13  21,7  30,6   14:46  16,0   06:16   0,4   3,8   0,0   2,2  18,0   09:20     E
14  22,2  32,2   15:25  15,7   06:46   0,6   4,5   0,0   1,7  19,0   12:50     E
15  22,4  31,9   15:10  15,9   07:32   0,4   4,4   0,0   2,2  22,0   13:56   ESE
16  22,4  32,9   15:53  15,2   07:02   0,6   4,7   0,0   1,4  16,0   10:43   ESE
17  22,0  32,4   14:33  14,9   07:23   0,6   4,3   0,0   1,6  15,0   10:24     E
18  22,8  32,7   13:47  16,7   07:05   0,3   4,8   0,0   2,2  19,0   18:19     W
19  20,6  31,1   13:59  14,2   06:55   0,9   3,2   0,0   4,0  21,0   09:50    SE
20  19,3  29,1   13:46  12,6   05:50   1,9   2,8   0,0   3,7  17,0   19:33   SSE
21  19,0  31,0   15:36  11,7   07:05   2,3   3,0   0,0   1,9  13,0   14:46    SE
22  19,7  30,9   15:39  12,0   06:40   1,9   3,3   0,0   1,5  18,0   10:18     E
23  20,4  28,2   15:03  15,1   07:11   0,8   3,0   0,0   1,4  16,0   11:38    NE
24  21,1  31,9   14:17  13,7   07:15   1,4   4,1   0,0   1,5  13,0   12:25     E
25  21,5  32,6   15:43  13,7   07:08   1,2   4,4   0,0   1,4  17,0   13:10   WNW
26  21,6  32,9   14:09  14,0   07:03   1,1   4,4   0,0   1,5  16,0   13:11   NNW
27  22,4  34,2   15:11  14,5   07:06   1,0   5,1   0,0   1,8  19,0   11:17   NNW
28  22,6  32,7   13:50  14,9   06:52   0,8   5,0   0,0   1,7  18,0   11:50   NNW
29  19,2  25,3   12:47  16,1   22:39   0,8   1,7   0,0   4,0  27,0   00:46   WSW
30  19,2  27,8   15:05  13,7   07:27   1,6   2,4   0,0   2,9  16,0   14:03    SW
----------------------------------------------------------------------------------
    21,1  34,2    27     8,0     4    31,0 115,4   4,8   2,3  30,0    10       E

Max >=  27,0: 28
Max <=   0,0:  0
Min <=   0,0:  0
Min <= -18,0:  0
Max Rain: 1,8 on day 11
Days of Rain: 5 (>= 0,2 mm)  0 (>= 2,0 mm)  0 (>= 20,0 mm)
Heat Base: 18,3  Cool Base: 18,3  Method: Integration