NOAA-Style Climate Reports


Report for 2014 Julho
                   Monthly Climatological Summary for jul 2014

Name: Estação Jardim Recreio   City: Ribeirão Preto   State: São Paulo
Elevation: 580 m  Lat: S 21° 10' 40"   Lon: W 047° 48' 36"

                  Temperature (°C), Rain (mm), Wind Speed (km/h)

                                      Heat  Cool        Avg
    Mean                              Deg   Deg         Wind                 Dom
Day Temp  High   Time   Low    Time   Days  Days  Rain  Speed High   Time    Dir
----------------------------------------------------------------------------------
 1  19,4  30,7   14:01  10,4   06:19   2,4   3,5   0,0   2,1  22,0   15:15    SW
 2  22,6  32,7   12:55  14,9   07:17   0,7   5,1   0,0   1,8  19,0   13:31   WSW
 3  23,3  35,2   13:29  15,5   07:09   0,6   5,6   0,0   1,3  17,0   12:42   ENE
 4  23,4  34,6   14:08  15,5   07:31   0,4   5,6   0,0   1,7  18,0   14:44     E
 5  22,4  31,7   14:02  15,3   06:18   0,7   4,8   0,0   2,9  23,0   13:23   ENE
 6  21,5  32,2   14:26  12,8   07:02   1,3   4,5   0,0   2,2  28,0   15:36   NNE
 7  21,5  28,5   12:44  16,1   07:20   0,4   3,6   0,0   1,3  13,0   10:50   ENE
 8  21,4  28,5   13:49  17,2   07:18   0,1   3,2   0,0   4,0  23,0   11:02    SE
 9  21,7  30,2   13:36  17,2   06:51   0,2   3,7   3,6   4,7  22,0   18:39     E
10  19,5  26,3   15:01  16,1   07:26   0,8   2,0   4,5   4,2  16,0   00:46     S
11  18,7  28,6   14:41  12,5   07:11   1,9   2,3   0,0   4,6  22,0   09:21   ESE
12  20,0  30,8   14:31  12,9   07:26   1,6   3,4   0,0   3,1  17,0   11:06     E
13  20,5  29,5   14:16  14,9   07:06   1,0   3,2   0,0   4,6  21,0   10:51     E
14  20,7  31,8   14:26  13,6   07:06   1,3   3,7   0,0   2,8  18,0   10:31     E
15  20,3  31,6   14:54  12,8   07:05   1,6   3,6   0,0   2,5  78,0   23:21     E
16  21,2  33,2   14:30  12,6   07:14   1,4   4,3   0,0   1,9  15,0   09:09   ENE
17  22,1  33,4   15:52  14,4   06:53   0,9   4,7   0,0   1,7  16,0   11:47     E
18  19,9  26,5   14:02  15,7   06:44   0,6   2,2   0,3   3,9  40,0   06:57    SW
19  19,7  30,0   15:22  13,4   07:26   1,5   2,8   0,0   2,1  17,0   13:25    SW
20  18,3  31,5   15:13   8,5   07:18   3,2   3,1   0,0   1,8  16,0   12:37   ESE
21  19,6  33,1   14:46   9,0   07:06   2,6   3,9   0,0   2,0  18,0   14:58     E
22  22,4  34,7   14:48  15,1   05:33   0,8   4,8   0,0   3,1  22,0   13:18     E
23  22,2  32,6   14:10  14,0   07:04   0,9   4,8   0,0   2,3  22,0   11:30   NNE
24  18,9  26,1   10:55  16,5   06:47   0,6   1,2  11,1   2,8  28,0   14:53   WNW
25  14,4  17,4   01:15  12,8   23:52   3,9   0,0   2,7   3,5  23,0   02:16    SW
26  15,3  17,8   13:12  12,7   00:19   2,9   0,0   2,1   0,7  10,0   12:46     W
27  17,3  20,3   12:33  15,7   07:22   1,3   0,2   4,5   1,7  13,0   20:15   ESE
28  17,9  24,7   14:08  14,3   07:06   1,7   1,3   0,0   2,9  24,0   11:57     E
29  19,8  28,5   14:16  14,9   00:39   1,1   2,7   1,2   6,2  30,0   09:49     E
30  20,8  30,9   14:25  14,6   06:54   0,9   3,3   0,0   3,9  21,0   09:57     E
31  21,0  32,4   15:21  13,3   07:06   1,2   3,9   0,0   1,8  16,0   15:53     E
----------------------------------------------------------------------------------
    20,2  35,2     3     8,5    20    40,5 101,0  30,0   2,8  78,0    15     ESE

Max >=  27,0: 24
Max <=   0,0:  0
Min <=   0,0:  0
Min <= -18,0:  0
Max Rain: 11,1 on day 24
Days of Rain: 8 (>= 0,2 mm)  6 (>= 2,0 mm)  0 (>= 20,0 mm)
Heat Base: 18,3  Cool Base: 18,3  Method: Integration