NOAA-Style Climate Reports


Report for 2014 Agosto
                   Monthly Climatological Summary for ago 2014

Name: Estação Jardim Recreio   City: Ribeirão Preto   State: São Paulo
Elevation: 580 m  Lat: S 21° 10' 40"   Lon: W 047° 48' 36"

                  Temperature (°C), Rain (mm), Wind Speed (km/h)

                                      Heat  Cool        Avg
    Mean                              Deg   Deg         Wind                 Dom
Day Temp  High   Time   Low    Time   Days  Days  Rain  Speed High   Time    Dir
----------------------------------------------------------------------------------
 1  21,8  33,7   16:15  13,7   07:07   1,2   4,8   0,0   1,5  21,0   16:17     W
 2  22,4  34,9   15:27  12,6   06:57   1,3   5,4   0,0   1,6  13,0   15:05    SW
 3  22,9  34,9   15:16  13,4   07:01   1,0   5,6   0,0   2,0  16,0   13:31   WSW
 4  16,5  18,0   00:00  13,2   22:38   1,8   0,0   0,0   2,2   5,0   00:45    SW
 5  13,2  13,2   00:00  13,2   00:00   5,1   0,0   0,0   3,0   4,0   00:00    SW
 6  18,6  33,7   23:30  13,2   00:00   2,8   4,6  36,3   2,5  15,0   20:00    SW
 7  21,2  35,7   14:54  13,2   13:15   1,1   4,1   0,0   1,1  15,0   14:07     S
 8  22,3  33,6   14:41  11,3   06:47   1,5   5,5   0,3   5,4  27,0   13:35   ESE
 9  21,4  32,7   13:16  13,7   05:00   0,6   2,6   0,3   6,7  26,0   08:36   ESE
10  22,9  28,6   14:25   0,0   00:00   0,7   4,6   0,0   2,2  18,0   13:33    NE
14  26,2  33,2   06:38  13,2   13:16   0,7   6,0  36,6   0,2   9,0   06:38     E
15  13,2  13,2   00:00  13,2   00:00   0,0   0,0  36,6  ----   4,0   00:00   ---
16  13,2  13,2   00:00  13,2   00:00   0,0   0,0  36,6  ----   4,0   00:00   ---
17  13,2  13,2   00:00  13,2   00:00   0,0   0,0  36,6  ----   4,0   00:00   ---
18  13,2  13,2   00:00  13,2   00:00   0,0   0,0  36,6  ----   4,0   00:00   ---
19  13,2  13,2   00:00  13,2   00:00   0,0   0,0  36,6  ----   4,0   00:00   ---
20  13,2  13,2   00:00  13,2   00:00   0,0   0,0  36,6  ----   4,0   00:00   ---
21  13,2  13,2   00:00  13,2   00:00   0,0   0,0  36,6  ----   4,0   00:00   ---
22  13,2  13,2   00:00  13,2   00:00   0,0   0,0  36,6  ----   4,0   00:00   ---
23  13,2  13,2   00:00  13,2   00:00   0,0   0,0  36,6  ----   4,0   00:00   ---
24  13,2  13,2   00:00  13,2   00:00   0,0   0,0  36,6  ----   4,0   00:00   ---
25  13,2  13,2   00:00  13,2   00:00   0,0   0,0  36,6  ----   4,0   00:00   ---
26  13,2  13,2   00:00  13,2   00:00   0,0   0,0  36,6  ----   4,0   00:00   ---
27  13,2  13,2   00:00  13,2   00:00   0,0   0,0  36,6  ----   4,0   00:00   ---
----------------------------------------------------------------------------------
    16,7  35,7     7     0,0    10    17,8  43,2 549,3   2,6  27,0     8     SSE

Max >=  27,0:  9
Max <=   0,0:  0
Min <=   0,0:  1
Min <= -18,0:  0
Max Rain: 36,6 on day 14
Days of Rain: 17 (>= 0,2 mm)  15 (>= 2,0 mm)  15 (>= 20,0 mm)
Heat Base: 18,3  Cool Base: 18,3  Method: Integration