NOAA-Style Climate Reports


Report for 2014 Setembro
                   Monthly Climatological Summary for set 2014

Name: Estação Jardim Recreio   City: Ribeirão Preto   State: São Paulo
Elevation: 580 m  Lat: S 21° 10' 40"   Lon: W 047° 48' 36"

                  Temperature (°C), Rain (mm), Wind Speed (km/h)

                                      Heat  Cool        Avg
    Mean                              Deg   Deg         Wind                 Dom
Day Temp  High   Time   Low    Time   Days  Days  Rain  Speed High   Time    Dir
----------------------------------------------------------------------------------
 1   0,0   0,0   00:02   0,0   00:02   0,0   0,0  36,6  ----   0,0   00:02   ---
 2   0,0   0,0   00:02   0,0   00:02   0,0   0,0  36,6  ----   0,0   00:02   ---
 3   0,0   0,0   00:02   0,0   00:02   0,0   0,0  36,6  ----   0,0   00:02   ---
 4   0,0   0,0   00:02   0,0   00:02   0,0   0,0  36,6  ----   0,0   00:02   ---
 5  23,0  26,8   18:17   0,0   00:02   0,0   1,1  36,6   8,4  27,0   23:38     E
 6  23,3  31,9   15:24  15,9   06:30   0,3   5,2   0,0   6,1  26,0   08:45   ENE
 7  23,6  31,6   15:36  15,8   06:40   0,4   5,7   0,0   2,8  19,0   08:59     E
 8  25,4  32,1   16:17  20,2   06:30   0,0   7,2   0,0   3,5  21,0   13:47   ENE
 9  24,5  33,1   15:06  15,9   06:16   0,3   6,5   0,0   4,0  24,0   11:15    NE
10  26,1  36,1   14:50  17,3   04:14   0,1   7,9   0,0   2,5  19,0   11:10   NNE
11  26,8  36,3   14:43  18,3   06:30   0,0   8,5   0,0   2,3  19,0   12:56   ENE
12  26,8  36,0   13:46  18,4   06:00   0,0   8,5   0,0   3,7  26,0   12:08     E
13  26,2  33,6   14:59  20,0   06:24   0,0   7,9   0,0   4,6  26,0   09:34     E
14  26,8  36,6   15:12  18,6   06:34   0,0   8,5   0,0   2,3  22,0   10:40     E
15  27,4  37,4   14:00  19,4   06:34   0,0   9,1   1,8   4,6  34,0   18:18    SW
16  26,4  33,7   13:20  19,5   06:00   0,0   8,1   0,0   3,4  23,0   15:28   SSW
17  27,0  36,1   14:08  18,8   06:26   0,0   8,7   0,0   3,9  24,0   14:20    SE
18  28,1  37,3   14:35  21,2   05:56   0,0   9,8   0,0   3,7  18,0   08:26     E
19  26,6  36,6   13:50  20,0   21:48   0,0   8,3  17,7   4,9  30,0   18:30     W
20  21,4  25,6   11:05  20,2   00:11   0,0   3,1   5,1   2,7  22,0   15:24     S
21  23,1  28,5   16:09  21,4   00:00   0,0   4,8   0,0   2,2  17,0   22:24    SW
22  25,0  29,8   16:16  23,9   00:00   0,0   6,8   0,0   6,6  26,0   16:24   ESE
23  27,7  36,1   14:56  24,0   00:00   0,0   9,4   0,0   4,7  22,0   10:35     E
24  27,2  37,1   14:23  21,6   20:27   0,0   8,9  14,7   4,7  43,0   18:51    SW
25  23,4  28,8   15:29  21,6   00:00   0,0   5,1   9,9   2,5  15,0   00:17   ENE
26  26,9  33,6   14:03  24,8   18:17   0,0   8,6   0,9   5,0  31,0   21:26    SE
27  24,8  24,8   00:00  24,8   00:00   0,0   6,5   0,0   4,0  23,0   09:56    SE
28  27,3  34,3   14:14  24,8   00:00   0,0   9,0   0,0   4,2  21,0   17:00   ESE
29  30,5  37,8   13:48  25,6   23:50   0,0  12,2   0,0   4,2  26,0   21:58     W
30  27,0  32,7   12:02  25,1   01:07   0,0   8,7   0,0   3,9  27,0   07:12     S
----------------------------------------------------------------------------------
    22,4  37,8    29     0,0     1     1,1 194,1 233,1   3,9  43,0    24     ESE

Max >=  27,0: 23
Max <=   0,0:  4
Min <=   0,0:  5
Min <= -18,0:  0
Max Rain: 36,6 on day 1
Days of Rain: 11 (>= 0,2 mm)  9 (>= 2,0 mm)  5 (>= 20,0 mm)
Heat Base: 18,3  Cool Base: 18,3  Method: Integration