NOAA-Style Climate Reports

Select a Year or Month report
2017: Jan Fev Mar Abr Mai Jun Jul Ago Set Out Nov Dez
2016: Jan Fev Mar Abr Mai Jun Jul Ago Set Out Nov Dez
2015: Jan Fev Mar Abr Mai Jun Jul Ago Set Out Nov Dez
2014: Jan Fev Mar Abr Mai Jun Jul Ago Set Out Nov Dez
2013: Jan Fev Mar Abr Mai Jun Jul Ago Set Out Nov Dez
2012: Jan Fev Mar Abr Mai Jun Jul Ago Set Out Nov Dez

Report for 2014 Outubro
                   Monthly Climatological Summary for out 2014

Name: Estação Jardim Recreio   City: Ribeirão Preto   State: São Paulo
Elevation: 580 m  Lat: S 21° 10' 40"   Lon: W 047° 48' 36"

                  Temperature (°C), Rain (mm), Wind Speed (km/h)

                                      Heat  Cool        Avg
    Mean                              Deg   Deg         Wind                 Dom
Day Temp  High   Time   Low    Time   Days  Days  Rain  Speed High   Time    Dir
----------------------------------------------------------------------------------
 1  28,9  34,3   16:01  27,0   00:00   0,0  10,6   0,0   4,0  28,0   10:09   SSE
 2  27,2  27,2   00:00  27,2   00:00   0,0   8,9   7,5  10,3  36,0   07:27   ESE
 3  27,2  27,2   00:00  27,2   00:00   0,0   8,9   0,9  10,3  34,0   09:07   ESE
 4  27,2  27,2   00:00  27,2   00:00   0,0   8,9   9,9   9,5  42,0   07:46     E
 5  27,2  27,2   00:00  27,2   00:00   0,0   8,9   1,2   8,1  33,0   08:56     E
 6  27,2  27,2   00:00  27,2   00:00   0,0   9,0   0,0   5,6  28,0   08:30     E
 7  27,2  27,2   00:02  27,2   00:02   0,0   8,9   0,0   3,4  26,0   17:47     E
 8  27,2  27,2   00:00  27,2   00:00   0,0   8,9   0,0   2,5  18,0   09:11   ESE
 9  27,2  27,2   00:00  27,2   00:00   0,0   8,9   0,0   2,8  32,0   12:12     E
10  27,2  27,2   00:00  27,2   00:00   0,0   8,9   0,0   3,5  22,0   14:12   SSE
11  27,2  27,2   00:00  27,2   00:00   0,0   8,9   0,0   2,1  17,0   11:35   ENE
12  30,1  39,1   15:09  25,5   23:59   0,0  11,9   0,0   2,4  17,0   10:04    NW
13  30,8  40,2   15:19  21,6   05:54   0,0  12,6   0,0   2,1  17,0   12:24    NW
14  31,6  40,8   14:03  22,2   06:04   0,0  13,2   0,0   2,9  24,0   14:29    SW
15  32,0  40,5   14:55  25,2   06:03   0,0  13,7   0,0   5,2  30,0   12:28   ESE
16  32,1  40,8   13:37  24,6   05:57   0,0  13,8   0,0   4,0  24,0   00:49     E
17  32,3  40,6   14:38  24,9   06:02   0,0  14,1   0,0   2,5  22,0   09:11   WNW
19  31,2  41,0   14:38  23,1   06:50   0,0  25,3   0,0   5,2  43,0   21:14    SW
20  26,4  31,9   12:35  22,5   05:23   0,0   8,1   0,0   7,2  31,0   01:06   SSE
21  25,5  31,9   16:14  20,4   07:34   0,0   7,2   0,0   9,0  31,0   17:53    SE
22  26,5  34,7   16:36  18,8   05:05   0,0   8,2   0,0   6,3  26,0   20:18   ESE
23  27,9  36,0   15:10  21,3   06:32   0,0   9,6   0,0   4,6  21,0   10:38     E
24  26,6  34,9   15:00  20,4   04:15   0,0   8,3   0,0   3,6  23,0   13:26   WSW
25  21,5  23,7   01:02  20,1   04:48   0,0   3,2   0,0   1,7  23,0   02:18    NW
26  23,3  29,4   15:00  19,7   06:48   0,0   5,1   0,0   2,5  19,0   15:16   WNW
27  25,8  32,3   15:51  20,9   05:31   0,0   7,5   0,0   2,9  18,0   17:45    SE
28  25,5  33,9   15:25  17,0   06:37   0,1   7,3   0,0   3,9  21,0   11:35    SE
29  26,8  35,1   16:43  17,9   06:38   0,0   8,5   0,0   2,6  18,0   10:47   ENE
30  29,0  37,4   15:56  21,1   06:25   0,0  10,7   0,0   3,9  27,0   14:09     W
31  28,3  35,6   14:49  22,2   06:43   0,0  10,0   0,0   3,3  27,0   20:01   NNW
----------------------------------------------------------------------------------
    27,8  41,0    19    17,0    28     0,1 298,0  19,5   4,6  43,0    19     ESE

Max >=  27,0: 29
Max <=   0,0:  0
Min <=   0,0:  0
Min <= -18,0:  0
Max Rain: 9,9 on day 4
Days of Rain: 4 (>= 0,2 mm)  2 (>= 2,0 mm)  0 (>= 20,0 mm)
Heat Base: 18,3  Cool Base: 18,3  Method: Integration