NOAA-Style Climate Reports

Select a Year or Month report
2017: Jan Fev Mar Abr Mai Jun Jul Ago Set Out Nov Dez
2016: Jan Fev Mar Abr Mai Jun Jul Ago Set Out Nov Dez
2015: Jan Fev Mar Abr Mai Jun Jul Ago Set Out Nov Dez
2014: Jan Fev Mar Abr Mai Jun Jul Ago Set Out Nov Dez
2013: Jan Fev Mar Abr Mai Jun Jul Ago Set Out Nov Dez
2012: Jan Fev Mar Abr Mai Jun Jul Ago Set Out Nov Dez

Report for 2014 Novembro
                   Monthly Climatological Summary for nov 2014

Name: Estação Jardim Recreio   City: Ribeirão Preto   State: São Paulo
Elevation: 580 m  Lat: S 21° 10' 40"   Lon: W 047° 48' 36"

                  Temperature (°C), Rain (mm), Wind Speed (km/h)

                                      Heat  Cool        Avg
    Mean                              Deg   Deg         Wind                 Dom
Day Temp  High   Time   Low    Time   Days  Days  Rain  Speed High   Time    Dir
----------------------------------------------------------------------------------
 1  28,1  36,3   17:07  21,8   22:49   0,0   9,8   0,0   3,2  27,0   17:21   WNW
 2  26,3  33,7   13:56  21,7   01:09   0,0   8,1   0,0   3,0  24,0   14:37   ESE
 3  27,2  33,7   14:14  21,7   06:34   0,0   8,9   0,0   4,2  24,0   13:09   NNW
 4  23,3  27,5   12:03  21,6   01:33   0,0   5,0   0,0   2,3  19,0   15:49   NNE
 5  21,3  22,1   00:00  21,2   06:13   0,0   3,0   0,0   0,4  11,0   03:52   NNW
 6  21,2  21,2   00:00  21,2   00:00   0,0   2,9   0,0   0,0   1,0   00:00     E
 7  21,2  21,2   00:00  21,2   00:00   0,0   2,9   0,0   0,0   1,0   00:00     E
 8  21,2  21,2   00:00  21,2   00:00   0,0   2,9   0,0   0,0   1,0   00:00     E
 9  24,1  30,0   19:13  21,2   00:00   0,0   4,8   0,0   2,3  15,0   20:13   SSW
10  27,1  34,1   16:01  20,2   06:19   0,0   8,8   0,0   4,6  19,0   16:02   SSE
11  27,5  35,5   16:29  20,0   04:28   0,0   9,3   0,0   3,8  18,0   15:28     S
12  26,0  31,4   14:50  20,9   06:49   0,0   7,7   0,0   3,2  28,0   05:02   WNW
13  26,2  33,3   16:21  20,6   05:38   0,0   7,9   0,0   3,6  22,0   17:10     W
14  25,7  33,5   14:50  20,3   23:53   0,0   7,4   0,0   5,5  24,0   17:09    SE
15  23,9  31,2   15:27  17,8   05:40   0,1   5,7   0,0   6,7  37,0   23:00    SE
16  24,6  31,6   17:22  17,3   06:15   0,1   6,4   0,0   6,3  22,0   10:45    SE
17  25,9  34,5   15:31  17,7   06:33   0,0   7,6   0,0   6,2  24,0   00:18    SE
18  26,3  33,4   14:07  19,8   06:17   0,0   8,0   0,0   4,8  23,0   00:08   ENE
19  28,5  35,5   14:32  21,6   06:36   0,0  10,2   0,0   3,6  24,0   10:01    NE
20  28,5  35,6   14:54  22,1   06:24   0,0  10,2   0,0   3,6  24,0   14:39   WSW
21  27,8  35,5   13:33  22,3   06:09   0,0   9,5   0,0   3,8  26,0   17:43   SSW
22  26,6  36,8   13:56  22,6   22:39   0,0   8,3   0,0   5,2  45,0   15:53     S
23  25,0  30,8   16:42  21,4   04:27   0,0   6,7   0,0   3,3  19,0   20:08   SSE
24  25,2  29,9   11:25  22,5   06:30   0,0   6,8   0,0   1,7  19,0   11:48     N
25  25,2  31,3   14:52  22,0   06:20   0,0   6,9   0,0   4,4  32,0   21:20    NW
26  24,8  30,9   17:05  21,6   05:36   0,0   6,5   0,0   4,1  22,0   14:27   WNW
27  25,0  30,9   16:27  22,1   06:31   0,0   6,7   0,0   3,1  23,0   19:16    SW
28  24,6  30,7   14:35  21,8   06:07   0,0   6,3   0,0   2,1  18,0   14:35    SE
29  23,3  27,8   13:16  20,4   05:33   0,0   5,0   0,0   3,2  21,0   15:38     E
----------------------------------------------------------------------------------
    25,2  36,8    22    17,3    16     0,2 200,2   0,0   3,4  45,0    22     SSE

Max >=  27,0: 25
Max <=   0,0:  0
Min <=   0,0:  0
Min <= -18,0:  0
Max Rain: 0,0 on day 0
Days of Rain: 0 (>= 0,2 mm)  0 (>= 2,0 mm)  0 (>= 20,0 mm)
Heat Base: 18,3  Cool Base: 18,3  Method: Integration