NOAA-Style Climate Reports


Report for 2014 Dezembro
                   Monthly Climatological Summary for dez 2014

Name: Estação Jardim Recreio   City: Ribeirão Preto   State: São Paulo
Elevation: 580 m  Lat: S 21° 10' 40"   Lon: W 047° 48' 36"

                  Temperature (°C), Rain (mm), Wind Speed (km/h)

                                      Heat  Cool        Avg
    Mean                              Deg   Deg         Wind                 Dom
Day Temp  High   Time   Low    Time   Days  Days  Rain  Speed High   Time    Dir
----------------------------------------------------------------------------------
 1  25,4  31,0   15:11  21,3   06:16   0,0   7,1   0,0   4,1  19,0   15:51   ENE
 2  24,0  28,5   11:31  19,8   06:21   0,0   5,6   0,0   4,3  23,0   11:36   NNE
 3  25,0  31,3   17:33  18,2   05:13   0,0   6,7   0,0   2,1  19,0   16:23     W
 4  27,2  35,2   14:22  20,1   06:00   0,0   8,9   0,0   4,4  33,0   17:32   SSE
 5  22,9  30,4   16:23  18,8   07:33   0,0   4,6   0,0   5,0  23,0   22:09    SE
 6  25,0  31,6   13:59  20,1   05:15   0,0   6,7   0,0   4,2  23,0   07:35   ENE
 7  25,8  31,6   15:53  20,4   06:30   0,0   7,5   0,0   3,6 190,0   15:39   NNE
 8  25,0  30,4   14:47  21,1   06:15   0,0   6,7   0,0   2,6  31,0   17:20     N
 9  26,8  31,1   14:49  22,3   03:11   0,0   8,6   0,0   3,9  21,0   13:15   NNE
10  25,6  31,7   16:15  21,6   12:55   0,0   7,3   0,0   3,3  31,0   20:10   NNE
11  23,6  28,8   12:07  21,1   06:23   0,0   5,3   0,0   1,8  19,0   15:52    NE
12  24,0  31,3   13:25  21,0   23:54   0,0   5,7   0,0   3,0  23,0   17:02    NW
13  21,6  25,3   14:16  20,3   07:04   0,0   3,3  24,3   2,1  22,0   12:20    NW
14  23,3  30,5   17:42  20,5   00:38   0,0   5,1   0,0   2,3  26,0   22:15   SSE
15  25,5  32,0   16:11  18,4   06:35   0,0   7,2   0,0   7,2  26,0   00:53    SE
16  26,6  33,9   14:37  18,9   06:35   0,0   8,3   0,0   4,2  18,0   09:49    SE
17  28,7  35,4   15:29  21,9   05:55   0,0  10,4   0,0   3,4  21,0   16:21     S
18  28,5  35,5   13:59  23,1   06:31   0,0  10,3   0,3   3,1  23,0   14:01    NW
19  28,2  34,7   14:59  21,9   06:17   0,0   9,9   0,0   2,9  21,0   16:08   WNW
20  26,8  32,1   14:50  23,6   07:34   0,0   8,5   0,0   3,6  22,0   17:02   NNE
21  24,7  31,0   14:11  22,3   04:10   0,0   6,4  12,6   2,8  24,0   11:38    NW
22  25,2  32,5   17:01  21,9   23:26   0,0   6,9  18,6   3,3  21,0   13:37     W
23  23,8  30,2   14:01  20,5   23:55   0,0   5,6  14,4   2,6  32,0   15:41    NE
24  25,1  32,0   17:07  20,2   01:22   0,0   6,8   0,0   2,4  15,0   11:44     E
25  27,5  35,7   14:25  22,4   06:24   0,0   9,2   0,0   2,9  24,0   14:24   ENE
26  29,1  36,0   16:52  22,1   06:21   0,0  10,8   0,0   2,4  22,0   12:29     E
27  29,5  36,8   16:22  21,3   06:28   0,0  11,3   0,0   2,2  17,0   11:55     W
28  29,8  36,5   16:55  22,3   06:33   0,0  11,5   0,0   2,7  19,0   12:35     W
29  28,1  36,1   14:16  22,8   23:58   0,0   9,8   0,0   3,6  38,0   18:58     W
30  26,1  36,1   15:01  21,1   05:34   0,0   7,7   0,0   3,9  39,0   17:38    SW
31  26,4  33,4   15:14  21,8   06:33   0,0   8,1   0,0   2,5  18,0   13:22   WNW
----------------------------------------------------------------------------------
    26,0  36,8    27    18,2     3     0,0 237,8  70,2   3,3 190,0     7      NE

Max >=  27,0: 30
Max <=   0,0:  0
Min <=   0,0:  0
Min <= -18,0:  0
Max Rain: 24,3 on day 13
Days of Rain: 5 (>= 0,2 mm)  4 (>= 2,0 mm)  1 (>= 20,0 mm)
Heat Base: 18,3  Cool Base: 18,3  Method: Integration