NOAA-Style Climate Reports

Select a Year or Month report
2017: Jan Fev Mar Abr Mai Jun Jul Ago Set Out Nov Dez
2016: Jan Fev Mar Abr Mai Jun Jul Ago Set Out Nov Dez
2015: Jan Fev Mar Abr Mai Jun Jul Ago Set Out Nov Dez
2014: Jan Fev Mar Abr Mai Jun Jul Ago Set Out Nov Dez
2013: Jan Fev Mar Abr Mai Jun Jul Ago Set Out Nov Dez
2012: Jan Fev Mar Abr Mai Jun Jul Ago Set Out Nov Dez

Report for 2015
                   Annual Climatological Summary for 2015

Name: Estação Jardim Recreio   City: Ribeirão Preto   State: São Paulo
Elevation: 580 m  Lat: S 21° 10' 40"   Lon: W 047° 48' 36"

                  Temperature (°C), Heat Base: 18,3  Cool Base: 18,3
                          Dep.  Heat  Cool                       Max  Max  Min  Min
        Mean  Mean        From  Deg   Deg                        >=   <=   <=   <=
 YR MO  Max   Min   Mean  Norm  Days  Days  Hi  Date  Low  Date 27,0  0,0  0,0 -18,0
------------------------------------------------------------------------------------
 15  1  35,3  22,0  28,0   3,0     0   301  39,3  19  19,5   23   31    0    0    0
 15  2  32,7  20,9  25,7   0,7     0   208  36,6   1  19,1    6   27    0    0    0
 15  3  30,1  20,5  24,3  -0,2     0   185  34,1  25  18,1   24   25    0    0    0
 15  4  31,6  19,2  24,5   1,5     1   186  34,9  20  15,2   26   29    0    0    0
 15  5  27,6  16,6  21,1   0,1    13    98  32,5  25  12,5   30   18    0    0    0
 15  6  28,2  15,7  20,7   1,2    19    92  31,8  17  12,2   28   22    0    0    0
 15  7  28,1  16,9  21,7   1,7    14   121  32,3  13  13,7   28   23    0    0    0
 15  8  30,8  13,5  22,6   1,1    16   147  35,3  31 -22,4   13   28    0    2    2
 15  9  32,1  17,8  25,1   2,6     1   204  39,4  24 -22,4   23   24    0    1    1
 15 10  35,6  21,5  27,8   3,3     0   297  41,4  16  18,4    6   30    0    0    0
 15 11  32,5  21,2  26,1   1,6     0   234  36,7  11  17,9   26   27    0    0    0
 15 12  33,4  18,9  26,4   1,9     0   252  37,6  17 -22,4   17   30    0    2    2
------------------------------------------------------------------------------------
        31,5  18,7  24,5   1,6    67  2332  41,4 out -22,4  ago  314    0    5    5

                                Precipitation (mm)

              Dep.   Max        Days of Rain
              From   Obs.           >=
 YR MO Total  Norm   Day Date  0,2  2,0 20,0
---------------------------------------------
 15  1  11,4-253,6   9,6  22     2    1    0
 15  2 122,4 -84,4  40,5   9    13   10    1
 15  3 140,4 -16,2  34,8   9    20   14    1
 15  4  26,4 -42,7  20,7   5     5    2    1
 15  5  84,9  37,1  30,3   4    10    5    2
 15  6   3,9 -24,7   3,9   1     1    1    0
 15  7   0,0 -20,9   0,0   0     0    0    0
 15  8  11,7  -9,3   7,5  24     4    2    0
 15  9  21,3 -30,6  17,4   7     5    2    0
 15 10   0,3-128,5   0,3  22     1    0    0
 15 11   5,4-163,1   5,1  25     2    1    0
 15 12 155,1-102,4  25,2   5    19   14    2
---------------------------------------------
       583,2-839,3  40,5  fev   82   52    7

                                Wind Speed (km/h)
                          Dom
 YR MO   Avg.  Hi   Date  Dir
------------------------------
 15  1   3,2  45,0   22     S
 15  2   2,8  49,0   15     W
 15  3   2,2  31,0   30    SE
 15  4   2,8 158,0    5   SSE
 15  5   2,4 158,0    1     E
 15  6   2,9 158,0   12     E
 15  7   2,2  28,0    3     E
 15  8   3,3 158,0   18   ESE
 15  9   3,1  50,0   11    SE
 15 10   4,1  46,0   22    SE
 15 11   3,0  60,0   16     S
 15 12   1,3  58,0    3     S
------------------------------
         2,8 158,0  abr    SE