NOAA-Style Climate Reports

Select a Year or Month report
2017: Jan Fev Mar Abr Mai Jun Jul Ago Set Out Nov Dez
2016: Jan Fev Mar Abr Mai Jun Jul Ago Set Out Nov Dez
2015: Jan Fev Mar Abr Mai Jun Jul Ago Set Out Nov Dez
2014: Jan Fev Mar Abr Mai Jun Jul Ago Set Out Nov Dez
2013: Jan Fev Mar Abr Mai Jun Jul Ago Set Out Nov Dez
2012: Jan Fev Mar Abr Mai Jun Jul Ago Set Out Nov Dez

Report for 2015 Janeiro
                   Monthly Climatological Summary for jan 2015

Name: Estação Jardim Recreio   City: Ribeirão Preto   State: São Paulo
Elevation: 580 m  Lat: S 21° 10' 40"   Lon: W 047° 48' 36"

                  Temperature (°C), Rain (mm), Wind Speed (km/h)

                                      Heat  Cool        Avg
    Mean                              Deg   Deg         Wind                 Dom
Day Temp  High   Time   Low    Time   Days  Days  Rain  Speed High   Time    Dir
----------------------------------------------------------------------------------
 1  29,5  36,5   16:44  22,2   06:28   0,0  11,2   0,0   3,1  21,0   14:27     W
 2  30,4  37,4   15:51  23,3   06:23   0,0  12,1   0,0   3,3  21,0   17:28    SW
 3  28,2  36,2   15:01  22,3   23:32   0,0   9,9   0,0   4,0  30,0   17:07   SSE
 4  25,1  31,0   18:01  21,7   04:07   0,0   6,8   0,0   2,4  18,0   19:14   SSE
 5  25,2  33,3   12:47  22,1   21:18   0,0   6,9   0,0   3,2  27,0   13:05   ESE
 6  25,5  30,7   15:47  21,5   03:40   0,0   7,2   0,0   4,2  23,0   03:48     E
 7  26,2  34,8   13:49  21,8   06:21   0,0   8,0   0,0   2,7  27,0   15:01    SE
 8  26,3  34,2   14:32  20,7   06:26   0,0   8,0   0,0   3,2  16,0   05:55    SE
 9  29,2  36,6   16:16  21,4   06:42   0,0  10,9   0,0   2,1  17,0   15:18   WSW
10  30,5  38,1   17:06  22,7   06:50   0,0  12,2   0,0   2,2  16,0   11:03   WSW
11  31,2  38,5   15:34  24,7   06:45   0,0  12,9   0,0   3,0  19,0   20:46     W
12  29,5  37,5   17:06  23,0   04:48   0,0  11,2   0,0   4,6  44,0   03:38   SSW
13  27,9  35,4   16:29  20,4   06:19   0,0   9,6   1,8   3,2  36,0   05:22    SE
14  28,3  35,5   13:10  22,6   06:47   0,0  10,0   0,0   2,7  34,0   18:57   SSE
15  29,4  36,7   16:01  22,0   06:42   0,0  11,1   0,0   2,6  19,0   13:53    SE
16  30,1  36,2   15:54  23,1   06:53   0,0  11,8   0,0   2,9  21,0   16:09     E
17  30,7  38,3   16:51  22,6   06:57   0,0  12,4   0,0   2,0  15,0   15:52    SW
18  31,1  39,1   16:52  23,3   06:56   0,0  12,8   0,0   2,1  16,0   13:11   WSW
19  31,7  39,3   15:58  23,5   06:41   0,0  13,4   0,0   2,5  16,0   11:52    SW
20  31,3  39,2   15:33  24,6   06:48   0,0  13,0   0,0   2,7  16,0   11:03    SW
21  28,9  38,3   15:17  23,4   07:41   0,0  10,6   0,0   6,2  32,0   17:20    SE
22  24,7  33,3   16:18  19,8   22:12   0,0   6,4   9,6   5,1  45,0   00:25    SE
23  24,5  30,8   14:17  19,5   02:06   0,0   6,2   0,0   3,4  19,0   21:44   ENE
24  27,1  34,0   14:58  20,1   06:41   0,0   8,8   0,0   2,9  22,0   12:05     N
25  26,7  32,7   15:57  21,2   06:46   0,0   8,4   0,0   4,2  32,0   20:59   NNW
26  25,5  33,2   17:10  20,8   20:59   0,0   7,2   0,0   3,6  33,0   18:58   ENE
27  25,2  31,2   17:52  21,2   01:53   0,0   6,9   0,0   2,1  24,0   18:59   SSW
28  27,1  32,7   18:17  22,8   06:00   0,0   8,8   0,0   1,7  15,0   12:15   WNW
29  25,8  31,6   17:12  21,2   04:31   0,0   7,5   0,0   2,2  27,0   02:15   WSW
30  27,7  35,0   17:07  20,4   06:48   0,0   9,4   0,0   3,2  23,0   20:56     S
31  28,6  35,8   15:58  22,4   07:12   0,0  10,3   0,0   5,5  22,0   18:00   SSE
----------------------------------------------------------------------------------
    28,0  39,3    19    19,5    23     0,0 301,9  11,4   3,2  45,0    22     SSE

Max >=  27,0: 31
Max <=   0,0:  0
Min <=   0,0:  0
Min <= -18,0:  0
Max Rain: 9,6 on day 22
Days of Rain: 2 (>= 0,2 mm)  1 (>= 2,0 mm)  0 (>= 20,0 mm)
Heat Base: 18,3  Cool Base: 18,3  Method: Integration