NOAA-Style Climate Reports


Report for 2015 Fevereiro
                   Monthly Climatological Summary for fev 2015

Name: Estação Jardim Recreio   City: Ribeirão Preto   State: São Paulo
Elevation: 580 m  Lat: S 21° 10' 40"   Lon: W 047° 48' 36"

                  Temperature (°C), Rain (mm), Wind Speed (km/h)

                                      Heat  Cool        Avg
    Mean                              Deg   Deg         Wind                 Dom
Day Temp  High   Time   Low    Time   Days  Days  Rain  Speed High   Time    Dir
----------------------------------------------------------------------------------
 1  28,8  36,6   16:36  22,0   21:52   0,0  10,5  19,5   3,5  38,0   21:07   SSW
 2  25,8  34,6   15:37  20,3   06:28   0,0   7,5  18,9   2,8  30,0   18:17   SSW
 3  26,9  34,2   16:17  19,9   05:57   0,0   8,6   0,0   2,3  15,0   11:49   SSW
 4  24,7  29,0   16:35  21,2   10:18   0,0   6,4   0,3   2,3  22,0   09:29   WSW
 5  23,5  29,1   17:57  20,5   21:54   0,0   5,2  15,6   3,9  26,0   20:55     W
 6  23,5  30,1   14:25  19,1   06:23   0,0   5,2   9,6   2,9  23,0   16:04   WNW
 7  24,8  31,6   15:14  20,5   05:46   0,0   6,5   0,0   2,7  16,0   16:14     W
 8  25,0  32,5   16:08  20,1   07:05   0,0   6,7   4,5   2,4  28,0   16:52   WNW
 9  23,4  30,5   16:17  20,9   07:28   0,0   5,1  40,5   2,0  28,0   17:29   NNW
10  25,9  32,4   15:45  21,5   06:47   0,0   7,6   3,0   2,9  21,0   10:53   WNW
11  25,0  32,5   14:34  21,1   03:49   0,0   6,8   2,7   2,5  38,0   18:45    SW
12  27,2  35,0   17:04  21,0   06:22   0,0   8,9   0,3   1,7  19,0   22:26     W
13  28,0  34,2   16:49  23,0   07:06   0,0   9,7   0,0   3,1  21,0   12:33    SW
14  28,4  36,6   15:31  22,2   07:09   0,0  10,1   0,0   3,0  21,0   17:42     S
15  25,5  34,8   14:32  21,0   18:54   0,0   7,2   0,6   3,2  49,0   16:14    SW
16  24,7  30,5   14:19  20,8   06:39   0,0   6,4   0,0   1,7  18,0   16:40     N
17  25,7  32,0   16:49  21,9   06:12   0,0   7,4   0,0   2,3  22,0   15:44   WNW
18  23,0  26,8   16:44  20,8   02:44   0,0   4,7   0,0   3,1  24,0   00:59    NW
19  24,3  29,9   16:01  21,4   06:32   0,0   6,0   0,0   3,0  26,0   12:01   NNW
20  25,1  31,4   17:25  21,0   06:54   0,0   6,8   0,0   2,2  16,0   15:55   NNW
21  26,9  34,4   15:51  20,7   06:51   0,0   8,9   0,0   2,2  23,0   12:43   ENE
22  27,5  33,7   14:32  21,4   05:32   0,0   9,2   0,0   2,9  21,0   12:48     E
23  27,6  34,9   16:28  20,9   06:04   0,0   9,3   0,0   3,1  23,0   12:32    NE
24  27,2  35,6   15:50  20,6   06:04   0,0   8,9   0,0   2,4  42,0   16:19   WNW
25  27,1  35,2   16:34  21,1   23:58   0,0   8,8   0,0   4,3  31,0   18:29    NE
26  25,2  32,4   16:14  19,8   01:43   0,0   6,9   0,0   2,9  19,0   00:08   WSW
27  24,6  32,5   14:52  21,2   05:36   0,0   6,3   3,3   2,9  31,0   16:04     W
28  25,6  31,7   13:32  19,9   05:30   0,0   7,3   3,6   4,9  30,0   20:04   SSE
----------------------------------------------------------------------------------
    25,7  36,6     1    19,1     6     0,0 208,9 122,4   2,8  49,0    15       W

Max >=  27,0: 27
Max <=   0,0:  0
Min <=   0,0:  0
Min <= -18,0:  0
Max Rain: 40,5 on day 9
Days of Rain: 13 (>= 0,2 mm)  10 (>= 2,0 mm)  1 (>= 20,0 mm)
Heat Base: 18,3  Cool Base: 18,3  Method: Integration