NOAA-Style Climate Reports

Select a Year or Month report
2017: Jan Fev Mar Abr Mai Jun Jul Ago Set Out Nov Dez
2016: Jan Fev Mar Abr Mai Jun Jul Ago Set Out Nov Dez
2015: Jan Fev Mar Abr Mai Jun Jul Ago Set Out Nov Dez
2014: Jan Fev Mar Abr Mai Jun Jul Ago Set Out Nov Dez
2013: Jan Fev Mar Abr Mai Jun Jul Ago Set Out Nov Dez
2012: Jan Fev Mar Abr Mai Jun Jul Ago Set Out Nov Dez

Report for 2015 Março
                   Monthly Climatological Summary for mar 2015

Name: Estação Jardim Recreio   City: Ribeirão Preto   State: São Paulo
Elevation: 580 m  Lat: S 21° 10' 40"   Lon: W 047° 48' 36"

                  Temperature (°C), Rain (mm), Wind Speed (km/h)

                                      Heat  Cool        Avg
    Mean                              Deg   Deg         Wind                 Dom
Day Temp  High   Time   Low    Time   Days  Days  Rain  Speed High   Time    Dir
----------------------------------------------------------------------------------
 1  26,0  32,3   13:54  20,9   04:35   0,0   7,8   4,5   4,8  28,0   10:09     E
 2  26,5  32,0   15:47  21,8   06:19   0,0   8,2   0,0   5,1  24,0   09:14     E
 3  26,2  32,4   13:02  22,4   02:51   0,0   7,9   0,0   2,5  24,0   14:35   ENE
 4  25,8  33,8   12:27  21,7   23:51   0,0   7,5   6,0   2,5  19,0   17:33    NE
 5  26,6  33,9   16:48  20,2   06:17   0,0   8,3   0,0   1,4  13,0   11:17     W
 6  25,3  33,6   14:46  19,6   06:27   0,0   7,0  16,5   2,4  16,0   03:23   WSW
 7  25,2  31,2   13:24  20,7   05:22   0,0   6,9   0,0   2,6  17,0   13:25   SSW
 8  25,2  30,5   13:51  21,4   04:25   0,0   6,9   1,5   2,9  18,0   15:38   WSW
 9  22,4  25,9   13:41  20,6   23:40   0,0   4,1  34,8   1,5  19,0   22:09     W
10  23,7  29,8   15:14  20,4   00:59   0,0   5,4   0,3   2,4  23,0   12:47   WNW
11  25,2  32,0   15:41  20,3   02:35   0,0   6,9   0,0   2,4  26,0   13:17     W
12  24,1  28,6   13:59  20,8   06:15   0,0   5,9   0,0   1,5  17,0   12:30   NNW
13  23,6  27,0   16:38  21,0   06:40   0,0   5,3   0,0   1,3  19,0   10:25    NW
14  23,1  25,7   11:36  21,6   05:23   0,0   4,8   2,1   0,6   7,0   12:26    NE
15  23,9  30,5   14:38  20,7   06:02   0,0   5,6   0,6   1,1  18,0   16:38   SSE
16  24,0  31,1   12:22  21,0   04:26   0,0   5,7   3,9   2,6  26,0   15:03   SSE
17  22,5  27,8   14:23  20,6   23:34   0,0   4,2   7,2   2,9  19,0   13:43     E
18  21,1  23,5   12:55  19,9   03:03   0,0   2,8   8,4   1,7  13,0   21:43   ESE
19  20,8  22,2   15:33  19,8   05:49   0,0   2,5   7,8   1,4  11,0   22:59   ESE
20  22,0  25,5   16:27  19,9   23:53   0,0   3,7  13,5   2,0  17,0   16:06     E
21  22,2  26,9   11:44  19,6   04:10   0,0   3,9   3,9   1,5  17,0   15:14    NW
22  22,2  28,5   15:03  19,7   06:34   0,0   3,9  12,6   1,7  22,0   15:34   WNW
23  23,9  29,8   16:19  20,1   02:18   0,0   5,6   0,0   3,0  17,0   14:03   SSW
24  24,5  31,7   14:30  18,1   06:04   0,0   6,3   0,0   3,0  17,0   14:31   SSE
25  25,8  34,1   16:39  19,2   06:03   0,0   7,5   0,0   2,6  19,0   09:32   ESE
26  26,4  33,6   14:45  20,1   06:30   0,0   8,2   0,0   1,8  18,0   14:19     W
27  24,6  32,2   13:53  21,1   23:53   0,0   6,3  12,6   2,0  24,0   15:43     W
28  25,3  32,7   15:13  19,4   05:42   0,0   7,0   0,3   1,4  11,0   16:27   SSW
29  25,6  33,5   13:11  21,6   04:33   0,0   7,3   2,7   1,8  19,0   14:08   WSW
30  23,6  30,1   11:14  21,2   04:42   0,0   5,3   0,9   1,9  31,0   13:51   SSW
31  25,4  31,2   16:27  21,5   02:16   0,0   7,1   0,3   1,6  16,0   16:15     W
----------------------------------------------------------------------------------
    24,3  34,1    25    18,1    24     0,0 185,8 140,4   2,2  31,0    30       S

Max >=  27,0: 25
Max <=   0,0:  0
Min <=   0,0:  0
Min <= -18,0:  0
Max Rain: 34,8 on day 9
Days of Rain: 20 (>= 0,2 mm)  14 (>= 2,0 mm)  1 (>= 20,0 mm)
Heat Base: 18,3  Cool Base: 18,3  Method: Integration