NOAA-Style Climate Reports


Report for 2015 Abril
                   Monthly Climatological Summary for abr 2015

Name: Estação Jardim Recreio   City: Ribeirão Preto   State: São Paulo
Elevation: 580 m  Lat: S 21° 10' 40"   Lon: W 047° 48' 36"

                  Temperature (°C), Rain (mm), Wind Speed (km/h)

                                      Heat  Cool        Avg
    Mean                              Deg   Deg         Wind                 Dom
Day Temp  High   Time   Low    Time   Days  Days  Rain  Speed High   Time    Dir
----------------------------------------------------------------------------------
 1  25,3  31,9   13:10  20,5   06:18   0,0   7,0   0,0   2,0  24,0   17:17   SSW
 2  24,8  31,5   15:21  20,1   06:30   0,0   6,5   0,0   3,7  18,0   10:41    SE
 3  25,3  32,9   14:06  19,2   04:00   0,0   7,0   0,0   2,7  18,0   09:15    SE
 4  24,6  30,7   13:32  19,5   06:18   0,0   6,3   2,4   2,2  18,0   14:33   ENE
 5  22,8  25,9   15:12  19,8   10:03   0,0   4,5  20,7   1,6 158,0   12:11    NW
 6  23,7  28,8   14:30  20,3   23:55   0,0   5,5   1,8   5,6  24,0   14:03    SW
 7  22,2  27,5   14:17  18,0   05:32   0,0   3,9   0,0   6,7  26,0   10:42    SE
 8  23,1  31,2   15:16  16,7   05:36   0,3   5,1   0,0   3,2  22,0   08:40    SE
 9  24,0  31,5   15:50  18,3   06:38   0,0   5,7   0,0   3,1  18,0   09:10   ESE
10  23,1  29,8   14:07  17,7   06:28   0,0   4,8   0,0   1,9  16,0   10:35   ESE
11  23,7  31,7   14:14  17,3   06:19   0,1   5,5   0,0   1,6  16,0   09:48    SE
12  24,3  32,2   14:42  17,7   06:23   0,0   6,0   0,0   1,9  15,0   12:50   SSW
13  25,0  34,0   14:48  18,4   06:14   0,0   6,7   0,0   2,0  16,0   09:35   SSE
14  25,2  33,6   15:11  19,0   05:57   0,0   6,9   1,2   2,1  21,0   19:56   WNW
15  24,3  29,6   14:53  21,2   03:53   0,0   6,0   0,0   1,6  17,0   12:03   WNW
16  25,1  32,1   15:11  19,2   06:17   0,0   6,8   0,0   2,2  16,0   18:30   SSW
17  25,9  33,7   14:35  20,0   06:38   0,0   7,6   0,0   2,5  19,0   09:44   ESE
18  26,7  34,4   15:25  21,1   06:06   0,0   8,4   0,0   1,8  15,0   11:01    NW
19  27,0  34,1   14:42  21,6   06:39   0,0   8,7   0,0   3,1  27,0   18:56    SW
20  27,2  34,9   15:01  21,6   06:34   0,0   8,9   0,0   2,4  18,0   13:50     W
21  26,9  34,3   14:17  21,5   06:53   0,0   8,7   0,0   2,2  15,0   14:13   SSW
22  25,1  30,7   15:06  22,1   05:58   0,0   6,8   0,3   2,8  15,0   09:41   SSE
23  25,7  33,3   14:56  20,8   06:20   0,0   7,4   0,0   2,1  17,0   16:17   SSE
24  25,2  32,1   14:34  21,1   06:02   0,0   6,9   0,0   2,1  16,0   14:13    SW
25  23,5  30,1   14:55  19,0   23:59   0,0   5,2   0,0   4,2  21,0   16:46   SSE
26  21,4  29,8   15:44  15,2   06:13   0,6   3,7   0,0   4,0  22,0   09:11   ESE
27  23,0  32,1   15:02  16,3   04:35   0,4   5,1   0,0   2,6  19,0   10:52   ESE
28  24,1  32,1   15:19  17,4   06:49   0,0   5,8   0,0   2,5  17,0   11:57    SW
29  23,2  31,1   15:01  18,3   06:59   0,0   4,9   0,0   4,6  21,0   08:17    SE
30  22,4  31,0   14:19  17,0   05:29   0,1   4,3   0,0   4,7  18,0   17:48    SE
----------------------------------------------------------------------------------
    24,5  34,9    20    15,2    26     1,5 186,6  26,4   2,8 158,0     5     SSE

Max >=  27,0: 29
Max <=   0,0:  0
Min <=   0,0:  0
Min <= -18,0:  0
Max Rain: 20,7 on day 5
Days of Rain: 5 (>= 0,2 mm)  2 (>= 2,0 mm)  1 (>= 20,0 mm)
Heat Base: 18,3  Cool Base: 18,3  Method: Integration