NOAA-Style Climate Reports


Report for 2015 Maio
                   Monthly Climatological Summary for mai 2015

Name: Estação Jardim Recreio   City: Ribeirão Preto   State: São Paulo
Elevation: 580 m  Lat: S 21° 10' 40"   Lon: W 047° 48' 36"

                  Temperature (°C), Rain (mm), Wind Speed (km/h)

                                      Heat  Cool        Avg
    Mean                              Deg   Deg         Wind                 Dom
Day Temp  High   Time   Low    Time   Days  Days  Rain  Speed High   Time    Dir
----------------------------------------------------------------------------------
 1  21,9  31,5   15:10  15,7   06:32   0,5   4,1   0,0   3,1 158,0   03:33   ESE
 2  23,5  32,0   15:32  16,3   06:39   0,2   5,4   0,0   2,0  19,0   13:18   NNW
 3  24,8  31,9   13:37  20,1   06:40   0,0   6,5   0,0   2,3  19,0   11:12   NNW
 4  20,9  22,9   15:57  19,3   10:45   0,0   2,6  30,3   1,4  18,0   10:21   NNE
 5  23,0  28,6   15:21  19,5   06:26   0,0   4,7   0,0   2,1  16,0   14:40    SE
 6  21,8  28,7   12:56  18,4   03:43   0,0   3,5   5,7   1,7  13,0   13:24    SE
 7  20,0  26,2   14:44  16,1   07:01   0,5   2,2   0,3   3,7  22,0   16:05    SE
 8  19,9  28,4   15:45  14,2   06:11   1,1   2,7   0,0   4,7  28,0   10:02   ESE
 9  21,6  29,7   15:41  15,6   06:25   0,7   4,0   0,0   2,7  18,0   11:23     E
10  22,6  29,8   15:08  18,4   23:56   0,0   4,3  30,3   3,5  43,0   18:34    NW
11  19,1  21,7   14:31  17,1   06:36   0,2   1,0   1,2   2,4  17,0   11:29   WNW
12  19,3  26,2   15:20  14,5   06:47   0,9   1,9   0,0   1,6  15,0   12:50   SSW
13  19,2  25,6   14:36  13,7   05:45   1,3   2,2   0,0   2,7  21,0   12:12   ESE
14  20,8  28,2   14:43  15,7   03:41   0,7   3,3   0,6   3,6  22,0   10:04     E
15  20,4  24,3   13:37  17,5   06:27   0,1   2,2   0,0   4,3  23,0   11:23     E
16  19,4  25,7   15:34  14,7   06:57   0,9   2,0   0,0   2,1  40,0   02:00     E
17  19,8  27,0   13:57  13,5   06:52   1,3   2,8   0,0   2,0  18,0   10:27     E
18  20,7  24,4   13:15  17,8   05:12   0,1   2,5   0,0   1,9  15,0   09:33     E
19  20,6  26,6   14:08  18,3   06:15   0,0   2,3  10,2   2,5  19,0   16:21   ESE
20  20,6  24,8   13:21  17,5   06:51   0,1   2,3   0,3   2,0  18,0   12:30     E
21  21,2  27,7   15:13  17,3   05:09   0,2   3,1   0,0   3,0  23,0   08:50     E
22  21,5  28,1   13:39  16,6   06:54   0,3   3,5   0,0   2,4  19,0   10:10   ENE
23  21,8  28,0   13:29  17,0   05:22   0,2   3,7   0,0   1,2  13,0   13:55   ENE
24  22,0  30,4   15:33  16,0   06:55   0,4   4,1   0,0   1,3  16,0   11:18   WNW
25  22,9  32,5   15:33  16,4   06:43   0,3   4,9   0,0   1,3  13,0   10:41     N
26  23,6  32,4   15:32  17,5   06:47   0,1   5,3   0,0   1,3  15,0   11:13     E
27  23,3  31,7   15:10  17,8   06:56   0,0   5,0   0,0   1,7  23,0   12:43   NNW
28  19,0  21,9   10:19  16,7   06:40   0,2   0,9   0,9   2,1  24,0   10:12    SW
29  19,0  24,7   14:46  15,1   23:59   0,7   1,5   0,0   1,7  17,0   14:25   WNW
30  19,5  29,2   15:27  12,5   06:56   1,8   3,0   0,0   1,9  18,0   23:22   SSE
31  19,3  23,6   15:42  16,9   07:12   0,3   1,4   5,1   4,1  21,0   00:07    SE
----------------------------------------------------------------------------------
    21,1  32,5    25    12,5    30    13,1  98,9  84,9   2,4 158,0     1       E

Max >=  27,0: 18
Max <=   0,0:  0
Min <=   0,0:  0
Min <= -18,0:  0
Max Rain: 30,3 on day 4
Days of Rain: 10 (>= 0,2 mm)  5 (>= 2,0 mm)  2 (>= 20,0 mm)
Heat Base: 18,3  Cool Base: 18,3  Method: Integration