NOAA-Style Climate Reports

Select a Year or Month report
2017: Jan Fev Mar Abr Mai Jun Jul Ago Set Out Nov Dez
2016: Jan Fev Mar Abr Mai Jun Jul Ago Set Out Nov Dez
2015: Jan Fev Mar Abr Mai Jun Jul Ago Set Out Nov Dez
2014: Jan Fev Mar Abr Mai Jun Jul Ago Set Out Nov Dez
2013: Jan Fev Mar Abr Mai Jun Jul Ago Set Out Nov Dez
2012: Jan Fev Mar Abr Mai Jun Jul Ago Set Out Nov Dez

Report for 2015 Junho
                   Monthly Climatological Summary for jun 2015

Name: Estação Jardim Recreio   City: Ribeirão Preto   State: São Paulo
Elevation: 580 m  Lat: S 21° 10' 40"   Lon: W 047° 48' 36"

                  Temperature (°C), Rain (mm), Wind Speed (km/h)

                                      Heat  Cool        Avg
    Mean                              Deg   Deg         Wind                 Dom
Day Temp  High   Time   Low    Time   Days  Days  Rain  Speed High   Time    Dir
----------------------------------------------------------------------------------
 1  20,6  25,4   13:38  17,8   06:06   0,1   2,4   3,9   2,7  16,0   22:50   ESE
 2  19,6  21,7   10:50  17,7   06:16   0,0   1,4   0,0   2,3  13,0   10:43     E
 3  20,8  27,4   14:35  15,6   07:09   0,5   3,0   0,0   1,7  15,0   09:52     E
 4  20,7  28,1   15:21  15,9   06:59   0,5   2,9   0,0   1,5  17,0   09:58     E
 5  20,1  27,2   13:41  14,8   06:46   0,9   2,7   0,0   1,7  16,0   12:11   ENE
 6  21,4  30,8   15:29  15,3   06:45   0,7   3,8   0,0   1,6  22,0   13:16    NE
 7  22,0  31,2   15:21  16,3   06:28   0,4   4,0   0,0   1,6  13,0   13:41   WNW
 8  21,8  30,9   15:31  16,4   07:04   0,3   3,8   0,0   1,3  16,0   12:32     E
 9  21,4  28,8   13:42  15,6   06:30   0,6   3,7   0,0   1,3  15,0   11:52     E
10  21,3  30,6   15:30  15,3   06:12   0,6   3,7   0,0   1,3  13,0   15:31   WSW
11  21,2  31,3   15:22  14,6   07:03   0,9   3,9   0,0   1,3  17,0   15:02     W
12  21,7  31,3   15:27  15,0   07:25   0,8   4,2   0,0   1,0 158,0   09:54   WSW
13  22,5  31,5   14:47  16,0   07:11   0,4   4,6   0,0   2,2  22,0   12:10    NW
14  22,8  30,9   15:31  16,4   07:05   0,3   4,8   0,0   2,1  28,0   14:49   WNW
15  21,2  27,7   13:10  18,1   23:32   0,0   2,9   0,0   4,7  33,0   13:40    SW
16  20,5  28,7   15:16  15,6   05:22   0,7   2,9   0,0   2,3  16,0   09:05   ESE
17  22,9  31,8   15:21  16,9   06:47   0,1   4,8   0,0   1,2  11,0   13:23    NE
18  23,1  31,1   15:36  17,5   06:59   0,1   4,9   0,0   2,3  23,0   18:42   WNW
19  19,9  23,9   14:59  16,2   23:52   0,2   1,7   0,0   6,1  24,0   08:16   ESE
20  19,8  26,6   15:17  14,9   03:38   1,0   2,5   0,0   6,7  27,0   09:36     E
21  20,5  28,4   15:09  15,4   07:15   0,6   2,8   0,0   3,7  21,0   12:55     E
22  20,3  28,4   15:15  15,5   06:51   0,7   2,7   0,0   2,4  21,0   11:21   ENE
23  20,0  27,7   12:59  14,0   06:31   1,2   2,9   0,0   1,3  16,0   13:15   SSE
24  19,3  25,0   13:22  16,1   04:42   0,8   1,8   0,0   6,7  28,0   10:41   ESE
25  19,7  25,5   15:12  15,7   07:02   0,8   2,2   0,0   6,8  28,0   12:12     E
26  19,4  25,9   15:14  15,7   06:23   0,9   2,0   0,0   6,2  27,0   01:26     E
27  18,4  25,1   15:31  13,9   06:37   1,6   1,7   0,0   5,2  26,0   10:05   ENE
28  18,1  27,3   15:10  12,2   06:25   2,2   2,0   0,0   2,3  19,0   10:34   ENE
29  19,6  27,9   15:43  13,8   06:33   1,4   2,7   0,0   2,3  21,0   11:14    NE
30  20,5  27,4   13:35  16,0   07:03   0,6   2,8   0,0   2,2  27,0   12:43    NW
----------------------------------------------------------------------------------
    20,7  31,8    17    12,2    28    19,9  92,2   3,9   2,9 158,0    12       E

Max >=  27,0: 22
Max <=   0,0:  0
Min <=   0,0:  0
Min <= -18,0:  0
Max Rain: 3,9 on day 1
Days of Rain: 1 (>= 0,2 mm)  1 (>= 2,0 mm)  0 (>= 20,0 mm)
Heat Base: 18,3  Cool Base: 18,3  Method: Integration