NOAA-Style Climate Reports


Report for 2015 Julho
                   Monthly Climatological Summary for jul 2015

Name: Estação Jardim Recreio   City: Ribeirão Preto   State: São Paulo
Elevation: 580 m  Lat: S 21° 10' 40"   Lon: W 047° 48' 36"

                  Temperature (°C), Rain (mm), Wind Speed (km/h)

                                      Heat  Cool        Avg
    Mean                              Deg   Deg         Wind                 Dom
Day Temp  High   Time   Low    Time   Days  Days  Rain  Speed High   Time    Dir
----------------------------------------------------------------------------------
 1  18,5  20,8   14:03  15,6   03:27   0,5   0,8   0,0   2,2  19,0   03:53    SE
 2  20,3  27,8   14:37  14,7   06:14   1,0   3,0   0,0   1,8  19,0   17:23   ESE
 3  22,2  29,4   13:35  16,7   07:05   0,3   4,1   0,0   2,1  28,0   13:15    NW
 4  21,4  26,7   13:05  18,3   06:25   0,0   3,1   0,0   3,0  22,0   12:47   WSW
 5  18,9  24,8   14:03  15,2   06:20   0,9   1,5   0,0   4,0  18,0   04:16    SE
 6  19,6  24,2   14:01  15,3   07:01   0,9   2,2   0,0   3,5  22,0   09:50     E
 7  19,2  21,4   11:40  17,6   04:34   0,1   1,0   0,0   2,7  18,0   13:15   SSE
 8  17,6  20,4   12:19  15,1   23:55   0,8   0,2   0,0   2,0  21,0   13:27   WNW
 9  18,2  25,2   14:57  14,1   06:18   1,6   1,5   0,0   1,4  13,0   13:11     W
10  20,7  28,1   15:48  14,5   06:47   1,0   3,4   0,0   1,3  13,0   12:01   ENE
11  18,3  20,7   20:47  17,9   02:54   0,3   0,3   0,0   0,2  10,0   21:00    SE
12  22,3  32,0   15:04  15,5   07:05   0,6   4,6   0,0   2,1  18,0   14:24     N
13  23,2  32,3   15:23  16,8   06:59   0,2   5,0   0,0   2,4  23,0   12:09     N
14  22,9  31,5   13:32  16,9   06:17   0,2   4,9   0,0   1,8  19,0   12:13   NNW
15  23,8  31,4   14:44  18,1   07:04   0,0   5,6   0,0   1,7  16,0   12:58     N
16  22,8  29,0   14:55  18,3   06:51   0,0   4,5   0,0   2,7  19,0   14:37   ENE
17  21,8  27,7   12:59  18,1   06:48   0,0   3,5   0,0   2,0  17,0   12:34    NE
18  21,1  29,1   14:36  15,4   07:06   0,6   3,4   0,0   1,9  15,0   09:35   ENE
19  21,1  29,9   15:31  16,0   05:56   0,5   3,3   0,0   2,1  21,0   12:37   NNE
20  21,1  30,6   15:28  15,4   06:48   0,9   3,7   0,0   2,0  21,0   10:20    NW
21  21,8  29,4   12:41  14,8   06:27   0,8   4,2   0,0   4,2  27,0   14:08    SW
22  21,4  28,1   13:58  16,1   06:53   0,3   3,4   0,0   3,1  17,0   16:58   SSE
23  21,9  28,9   15:20  17,8   02:32   0,0   3,6   0,0   3,7  19,0   10:57     E
24  24,4  31,4   15:19  17,0   07:15   0,1   6,2   0,0   2,1  18,0   12:52   NNW
25  28,3  28,3   00:00  28,3   00:00   0,0  10,0   0,0   1,0   4,0   00:00    NW
26  28,3  28,3   00:00  28,3   00:00   0,0  10,0   0,0   1,0   4,0   00:00    NW
27  25,2  28,3   00:00  17,6   17:16   0,1   7,0   0,0   1,5  12,0   16:26   NNW
28  21,2  31,1   15:29  13,7   06:59   1,1   4,0   0,0   2,1  16,0   11:48    SE
29  22,1  31,3   15:37  14,2   06:35   0,7   4,5   0,0   2,8  21,0   10:58   ESE
30  22,2  31,9   15:36  14,9   07:02   0,5   4,4   0,0   2,2  21,0   11:27     E
31  22,1  31,4   15:08  15,1   06:29   0,5   4,3   0,0   1,8  19,0   13:10   NNE
----------------------------------------------------------------------------------
    21,7  32,3    13    13,7    28    14,5 121,2   0,0   2,2  28,0     3     ENE

Max >=  27,0: 23
Max <=   0,0:  0
Min <=   0,0:  0
Min <= -18,0:  0
Max Rain: 0,0 on day 0
Days of Rain: 0 (>= 0,2 mm)  0 (>= 2,0 mm)  0 (>= 20,0 mm)
Heat Base: 18,3  Cool Base: 18,3  Method: Integration