NOAA-Style Climate Reports

Select a Year or Month report
2017: Jan Fev Mar Abr Mai Jun Jul Ago Set Out Nov Dez
2016: Jan Fev Mar Abr Mai Jun Jul Ago Set Out Nov Dez
2015: Jan Fev Mar Abr Mai Jun Jul Ago Set Out Nov Dez
2014: Jan Fev Mar Abr Mai Jun Jul Ago Set Out Nov Dez
2013: Jan Fev Mar Abr Mai Jun Jul Ago Set Out Nov Dez
2012: Jan Fev Mar Abr Mai Jun Jul Ago Set Out Nov Dez

Report for 2015 Agosto
                   Monthly Climatological Summary for ago 2015

Name: Estação Jardim Recreio   City: Ribeirão Preto   State: São Paulo
Elevation: 580 m  Lat: S 21° 10' 40"   Lon: W 047° 48' 36"

                  Temperature (°C), Rain (mm), Wind Speed (km/h)

                                      Heat  Cool        Avg
    Mean                              Deg   Deg         Wind                 Dom
Day Temp  High   Time   Low    Time   Days  Days  Rain  Speed High   Time    Dir
----------------------------------------------------------------------------------
 1  22,2  31,1   15:20  15,4   07:11   0,5   4,4   0,0   1,8  15,0   12:39     E
 2  22,2  31,9   15:14  15,1   06:24   0,6   4,5   0,0   1,8  22,0   11:55   NNW
 3  15,8  18,1   00:00  15,4   06:01   2,5   0,0   0,0   0,1   5,0   01:03     W
 4  17,6  27,4   17:39  15,4   00:00   1,8   1,1   0,0   0,7  12,0   17:01    SE
 5  22,6  31,4   15:11  15,4   06:22   0,5   4,8   0,0   1,9  18,0   12:36   NNW
 6  22,8  32,8   15:30  15,7   06:55   0,4   5,0   0,0   1,8  17,0   12:55     N
 7  23,3  33,5   14:53  15,9   06:08   0,4   5,4   0,0   1,7  15,0   12:00   NNE
 8  23,4  32,1   15:27  16,8   06:43   0,2   5,3   0,0   2,6  18,0   11:04   ESE
 9  22,9  30,7   15:26  15,9   06:47   0,3   4,9   0,0   3,6  28,0   11:20   ENE
10  23,4  31,8   15:38  18,0   04:27   0,0   5,2   0,0   3,5  19,0   09:14     E
11  24,8  29,5   14:13  17,6   06:26   0,1   6,5   0,0   7,1  26,0   13:20   ENE
12  24,7  29,5   00:00  15,6   15:16   0,3   6,7   0,0   8,0  19,0   16:46     E
13  21,3  30,0   15:21 -22,4   22:39   1,0   4,0   0,0   2,5  24,0   12:08   ENE
14  22,2  30,3   15:40  14,7   06:36   0,8   4,6   0,0   3,0  17,0   10:13   ENE
15  23,3  31,8   14:35  15,6   06:47   0,3   5,3   0,0   2,2  19,0   10:53   WNW
16  23,7  31,8   15:31  15,8   06:49   0,3   5,7   0,0   2,5  21,0   13:46   ESE
17  24,1  31,2   14:59  18,4   06:52   0,0   5,2   0,0   4,1  24,0   09:46   ENE
18  23,7  31,3   14:19  17,3   05:18   0,1   4,9   0,0   2,2 158,0   07:19     N
19  24,3  33,0   14:16 -22,4   00:17   0,1   5,4   0,0   5,6  32,0   12:45   WSW
20  21,5  29,5   14:51  13,9   06:48   0,6   3,4   0,0   4,6  26,0   09:59    SE
21  21,3  31,2   14:47  13,8   06:10   1,0   3,6   0,0   3,6  19,0   08:49   SSE
22  22,6  32,4   15:03  14,4   06:51   0,6   4,5   0,0   2,7  21,0   09:38    SE
23  23,9  34,3   14:59  13,6   06:51   0,8   6,3   0,0   3,0  26,0   14:35     S
24  24,5  34,5   14:43  18,2   06:50   0,0   6,2   7,5   6,7  40,0   17:19   ESE
25  20,9  24,4   14:19  18,0   06:09   0,0   2,6   1,5   7,7  30,0   10:15   ESE
26  24,8  34,1   14:48  17,5   06:40   0,1   6,5   0,6   3,0  18,0   10:02     E
27  19,9  23,1   11:32  16,2   23:24   0,5   2,1   2,1   5,1  30,0   10:52   SSW
28  20,2  27,5   15:31  15,6   05:19   0,9   2,8   0,0   3,0 158,0   23:16   ESE
29  22,5  33,3   15:10  12,7   05:28   1,4   5,6   0,0   2,4  17,0   09:39    SE
30  25,1  34,6   14:58  16,1   06:07   0,3   7,1   0,0   2,1  19,0   14:09   ESE
31  26,6  35,3   15:02  18,0   06:29   0,0   8,3   0,0   1,8  18,0   12:27     E
----------------------------------------------------------------------------------
    22,6  35,3    31   -22,4    13    16,4 147,9  11,7   3,3 158,0    18     ESE

Max >=  27,0: 28
Max <=   0,0:  0
Min <=   0,0:  2
Min <= -18,0:  2
Max Rain: 7,5 on day 24
Days of Rain: 4 (>= 0,2 mm)  2 (>= 2,0 mm)  0 (>= 20,0 mm)
Heat Base: 18,3  Cool Base: 18,3  Method: Integration