NOAA-Style Climate Reports


Report for 2015 Setembro
                   Monthly Climatological Summary for set 2015

Name: Estação Jardim Recreio   City: Ribeirão Preto   State: São Paulo
Elevation: 580 m  Lat: S 21° 10' 40"   Lon: W 047° 48' 36"

                  Temperature (°C), Rain (mm), Wind Speed (km/h)

                                      Heat  Cool        Avg
    Mean                              Deg   Deg         Wind                 Dom
Day Temp  High   Time   Low    Time   Days  Days  Rain  Speed High   Time    Dir
----------------------------------------------------------------------------------
 1  26,7  35,3   14:22  18,0   06:36   0,0   8,4   0,6   4,2  30,0   20:35   SSE
 2  25,1  34,4   14:59  17,4   06:22   0,1   6,8   0,0   4,9  23,0   08:30   ESE
 3  26,5  35,1   14:17  18,6   06:19   0,0   8,2   0,0   3,8  26,0   14:09    SW
 4  26,8  35,9   13:35  18,4   06:22   0,0   8,5   2,1   5,5  33,0   14:47   SSW
 5  22,8  28,5   15:53  18,8   06:38   0,0   4,5   0,3   3,6  18,0   15:22    SE
 6  24,9  33,3   15:59  18,8   02:30   0,0   6,6   0,0   3,0  23,0   14:07    SW
 7  22,3  25,1   15:38  19,5   23:57   0,0   4,0  17,4   4,4  38,0   19:36   ESE
 8  21,8  31,0   15:52  18,8   23:49   0,0   3,5   0,9   5,0  49,0   16:50     W
 9  20,6  25,0   13:44  17,5   06:00   0,1   2,4   0,0   2,0  23,0   04:51   WNW
10  19,7  21,3   12:16  18,7   06:17   0,0   1,4   0,0   1,5  15,0   13:24    NE
11  19,4  21,7   09:49  18,0   15:44   0,0   1,1   0,0   4,3  50,0   02:23   WSW
12  19,8  22,4   15:58  17,9   23:51   0,0   1,6   0,0   1,8  21,0   23:03   SSE
13  20,2  26,0   15:46  16,0   05:11   0,6   2,5   0,0   3,9  18,0   12:27    SE
14  21,8  28,3   16:27  15,7   06:15   0,5   4,1   0,0   4,6  23,0   10:23   ESE
15  26,2  34,7   13:59  19,1   05:47   0,0   7,9   0,0   2,3  17,0   09:26     E
16  28,2  36,2   13:42  21,3   05:32   0,0   9,9   0,0   2,8  24,0   13:32   NNW
17  28,8  37,5   13:39  21,0   05:47   0,0  10,5   0,0   2,2  21,0   10:54    NW
18  29,1  37,8   14:22  20,8   06:24   0,0  10,8   0,0   1,9  17,0   11:39   ENE
19  28,7  37,6   13:52  20,5   05:59   0,0  10,4   0,0   2,4  27,0   15:04    NE
20  27,7  37,0   14:54  18,6   06:02   0,0   9,4   0,0   1,9  18,0   13:03     E
21  27,9  36,6   13:55  18,8   06:13   0,0   9,6   0,0   2,1  21,0   14:38   ENE
22  27,9  37,2   14:19  19,4   05:58   0,0   9,6   0,0   2,0  39,0   05:32   SSE
23  28,8  37,9   13:57 -22,4   01:03   0,0  10,5   0,0   2,9  26,0   12:51   WSW
24  29,7  39,4   14:27  19,9   05:53   0,0  11,4   0,0   1,8  18,0   13:24     W
25  28,6  39,2   14:43  23,4   03:52   0,0  10,3   0,0   3,0  30,0   17:32     S
26  23,6  27,4   16:20  20,1   07:27   0,0   5,3   0,0   6,2  30,0   00:52    SE
27  26,2  32,3   16:38  20,1   05:50   0,0   7,9   0,0   2,4  27,0   23:23     W
28  23,7  27,2   12:58  20,1   05:36   0,0   5,4   0,0   1,4  16,0   00:04   WSW
29  23,6  30,0   13:56  20,4   06:01   0,0   5,3   0,0   1,7  21,0   13:49    NW
30  25,4  32,5   14:03  19,9   06:10   0,0   7,1   0,0   2,8  19,0   21:39    SE
----------------------------------------------------------------------------------
    25,1  39,4    24   -22,4    23     1,3 204,9  21,3   3,1  50,0    11     SSE

Max >=  27,0: 24
Max <=   0,0:  0
Min <=   0,0:  1
Min <= -18,0:  1
Max Rain: 17,4 on day 7
Days of Rain: 5 (>= 0,2 mm)  2 (>= 2,0 mm)  0 (>= 20,0 mm)
Heat Base: 18,3  Cool Base: 18,3  Method: Integration