NOAA-Style Climate Reports

Select a Year or Month report
2017: Jan Fev Mar Abr Mai Jun Jul Ago Set Out Nov Dez
2016: Jan Fev Mar Abr Mai Jun Jul Ago Set Out Nov Dez
2015: Jan Fev Mar Abr Mai Jun Jul Ago Set Out Nov Dez
2014: Jan Fev Mar Abr Mai Jun Jul Ago Set Out Nov Dez
2013: Jan Fev Mar Abr Mai Jun Jul Ago Set Out Nov Dez
2012: Jan Fev Mar Abr Mai Jun Jul Ago Set Out Nov Dez

Report for 2015 Outubro
                   Monthly Climatological Summary for out 2015

Name: Estação Jardim Recreio   City: Ribeirão Preto   State: São Paulo
Elevation: 580 m  Lat: S 21° 10' 40"   Lon: W 047° 48' 36"

                  Temperature (°C), Rain (mm), Wind Speed (km/h)

                                      Heat  Cool        Avg
    Mean                              Deg   Deg         Wind                 Dom
Day Temp  High   Time   Low    Time   Days  Days  Rain  Speed High   Time    Dir
----------------------------------------------------------------------------------
 1  25,6  31,7   15:30  21,8   05:09   0,0   7,4   0,0   3,4  16,0   12:38     E
 2  29,0  37,6   14:40  21,5   06:21   0,0  10,7   0,0   2,4  21,0   10:14   NNW
 3  26,4  30,2   13:18  23,2   23:54   0,0   8,2   0,0   5,9  27,0   07:15   SSE
 4  25,3  31,4   13:14  21,0   05:48   0,0   6,9   0,0   3,6  39,0   05:48   SSW
 5  25,6  32,9   15:16  19,5   05:44   0,0   7,3   0,0   5,2  26,0   12:42    SE
 6  26,9  35,8   15:59  18,4   04:02   0,0   8,6   0,0   5,3  22,0   08:50   ESE
 7  29,6  37,4   15:14  22,0   05:40   0,0  11,3   0,0   2,9  23,0   12:34     N
 8  30,4  38,4   15:54  22,8   06:17   0,0  12,1   0,0   2,3  17,0   10:16     N
 9  30,4  38,6   16:09  22,7   06:07   0,0  12,1   0,0   3,2  32,0   23:46     W
10  24,9  29,8   14:05  22,3   03:39   0,0   6,6   0,0   4,5  37,0   00:36   SSE
11  27,1  36,0   14:22  21,2   05:36   0,0   8,8   0,0   3,5  22,0   19:23   SSW
12  27,1  36,2   13:59  21,3   23:46   0,0   8,8   0,0   7,4  43,0   21:11     S
13  27,8  37,1   14:41  20,0   05:28   0,0   9,5   0,0   5,0  26,0   19:02   ESE
14  30,6  40,2   13:53  22,2   05:42   0,0  12,3   0,0   2,3  23,0   13:09     N
15  31,7  40,3   13:45  23,4   05:54   0,0  13,4   0,0   3,1  26,0   11:00     W
16  32,0  41,4   14:26  22,3   05:58   0,0  13,7   0,0   2,5  18,0   13:51     S
18  30,0  39,9   12:57  20,3   07:05   0,0  22,9   0,0   7,4  30,0   03:15    SE
19  29,1  38,5   17:00  21,3   06:12   0,0  10,8   0,0   4,5  22,0   10:33   ESE
20  32,1  40,3   14:31  24,8   06:20   0,0  13,8   0,0   4,0  27,0   12:14    NW
21  30,0  35,9   16:50  24,8   06:34   0,0  11,7   0,0   3,0  19,0   03:26   ESE
22  28,8  38,0   16:14  20,8   22:27   0,0  10,5   0,3   5,3  46,0   18:49     S
23  25,3  32,1   14:13  20,5   06:27   0,0   7,0   0,0   5,1  28,0   15:43   SSW
24  27,9  36,5   15:41  20,4   06:14   0,0   9,6   0,0   5,5  26,0   23:16    SE
25  27,8  37,2   16:56  21,2   23:55   0,0   9,5   0,0   6,9  32,0   20:54    SE
26  24,7  31,9   15:19  20,6   00:36   0,0   6,4   0,0   4,0  34,0   19:39   NNE
27  26,7  33,3   15:34  21,6   06:52   0,0   8,4   0,0   2,7  17,0   23:14     S
28  23,7  30,9   14:53  21,1   01:27   0,0   5,4   0,0   2,4  22,0   15:16   SSE
29  25,7  32,3   17:09  19,8   05:47   0,0   7,4   0,0   4,5  21,0   10:59    SE
30  28,0  34,5   16:31  22,2   06:27   0,0   9,7   0,0   5,3  27,0   08:07     E
31  25,0  30,7   13:25  21,2   19:56   0,0   6,7   0,0   2,5  30,0   16:17     N
----------------------------------------------------------------------------------
    27,8  41,4    16    18,4     6     0,0 297,5   0,3   4,2  46,0    22      SE

Max >=  27,0: 30
Max <=   0,0:  0
Min <=   0,0:  0
Min <= -18,0:  0
Max Rain: 0,3 on day 22
Days of Rain: 1 (>= 0,2 mm)  0 (>= 2,0 mm)  0 (>= 20,0 mm)
Heat Base: 18,3  Cool Base: 18,3  Method: Integration