NOAA-Style Climate Reports

Select a Year or Month report
2017: Jan Fev Mar Abr Mai Jun Jul Ago Set Out Nov Dez
2016: Jan Fev Mar Abr Mai Jun Jul Ago Set Out Nov Dez
2015: Jan Fev Mar Abr Mai Jun Jul Ago Set Out Nov Dez
2014: Jan Fev Mar Abr Mai Jun Jul Ago Set Out Nov Dez
2013: Jan Fev Mar Abr Mai Jun Jul Ago Set Out Nov Dez
2012: Jan Fev Mar Abr Mai Jun Jul Ago Set Out Nov Dez

Report for 2015 Novembro
                   Monthly Climatological Summary for nov 2015

Name: Estação Jardim Recreio   City: Ribeirão Preto   State: São Paulo
Elevation: 580 m  Lat: S 21° 10' 40"   Lon: W 047° 48' 36"

                  Temperature (°C), Rain (mm), Wind Speed (km/h)

                                      Heat  Cool        Avg
    Mean                              Deg   Deg         Wind                 Dom
Day Temp  High   Time   Low    Time   Days  Days  Rain  Speed High   Time    Dir
----------------------------------------------------------------------------------
 1  23,1  27,0   17:52  20,2   04:38   0,0   4,8   0,0   3,0  17,0   00:02     E
 2  24,4  32,4   14:26  20,7   04:56   0,0   6,1   0,0   3,3  27,0   17:42    NW
 3  24,3  30,1   16:32  21,3   00:01   0,0   6,0   0,0   2,0  33,0   19:48     E
 4  26,6  32,9   16:51  22,1   03:51   0,0   8,3   0,0   3,1  33,0   23:50   WSW
 5  27,2  33,4   16:18  21,6   05:52   0,0   8,9   0,0   3,2  31,0   00:02    SW
 6  28,0  34,9   15:29  21,8   06:31   0,0   9,7   0,0   4,2  38,0   18:55   SSW
 7  24,6  29,6   11:43  20,5   04:56   0,0   6,3   0,0   4,5  23,0   00:26    SE
 8  27,2  34,0   14:10  21,5   06:35   0,0   8,9   0,0   3,1  18,0   10:49     E
 9  24,9  31,1   12:21  20,5   02:53   0,0   6,6   0,0   3,3  48,0   01:54     E
10  29,3  36,1   15:35  23,1   01:13   0,0  11,1   0,0   3,4  18,0   09:54     E
11  27,7  36,7   13:11  23,0   06:35   0,0   9,4   0,0   3,8  39,0   17:03   SSE
12  27,6  36,3   16:18  20,8   06:47   0,0   9,2   0,0   3,2  26,0   18:23   ESE
13  29,4  36,6   15:50  22,2   06:31   0,0  11,1   0,0   3,7  22,0   22:59   SSW
14  28,7  36,2   16:06  22,6   05:16   0,0  10,5   0,0   3,9  23,0   00:30   NNE
15  25,2  30,6   15:59  20,0   05:16   0,0   6,9   0,3   3,3  38,0   02:15     S
16  25,4  33,1   12:16  21,1   15:29   0,0   7,1   0,0   2,0  60,0   14:53     S
17  26,1  33,1   16:35  21,2   06:23   0,0   7,8   0,0   4,3  49,0   19:58    SW
18  27,0  34,4   15:16  20,2   06:32   0,0   8,8   0,0   2,5  19,0   23:18     W
19  28,3  34,8   13:52  24,2   07:17   0,0  10,0   0,0   2,6  22,0   14:59    NW
20  23,8  26,9   16:49  20,1   08:55   0,0   5,5   0,0   3,2  44,0   07:46    SW
21  26,2  32,5   17:03  21,1   04:37   0,0   7,9   0,0   2,0  17,0   15:48     W
22  28,2  35,6   15:59  21,6   06:34   0,0  10,0   0,0   3,7  19,0   16:33     S
23  25,8  35,2   14:39  20,4   23:59   0,0   7,5   0,0   3,7  28,0   16:10    SE
24  20,4  21,1   12:43  19,3   23:46   0,0   2,1   0,0   2,0  31,0   15:04   NNW
25  20,7  24,0   16:18  18,5   04:58   0,0   2,4   5,1   1,9  28,0   10:28   WNW
26  24,6  32,1   16:07  17,9   06:28   0,0   6,4   0,0   2,3  15,0   11:06   SSE
27  28,5  35,8   16:27  21,0   06:24   0,0  10,2   0,0   3,0  21,0   08:20    NE
28  28,5  34,5   15:48  23,1   06:44   0,0  10,2   0,0   2,6  17,0   13:29   WNW
29  25,8  31,7   13:48  22,4   04:56   0,0   7,5   0,0   2,9  22,0   01:51    SW
30  25,4  32,6   14:11  21,7   06:24   0,0   7,1   0,0   2,8  21,0   14:00   ESE
----------------------------------------------------------------------------------
    26,1  36,7    11    17,9    26     0,0 234,3   5,4   3,0  60,0    16       S

Max >=  27,0: 27
Max <=   0,0:  0
Min <=   0,0:  0
Min <= -18,0:  0
Max Rain: 5,1 on day 25
Days of Rain: 2 (>= 0,2 mm)  1 (>= 2,0 mm)  0 (>= 20,0 mm)
Heat Base: 18,3  Cool Base: 18,3  Method: Integration