NOAA-Style Climate Reports

Select a Year or Month report
2017: Jan Fev Mar Abr Mai Jun Jul Ago Set Out Nov Dez
2016: Jan Fev Mar Abr Mai Jun Jul Ago Set Out Nov Dez
2015: Jan Fev Mar Abr Mai Jun Jul Ago Set Out Nov Dez
2014: Jan Fev Mar Abr Mai Jun Jul Ago Set Out Nov Dez
2013: Jan Fev Mar Abr Mai Jun Jul Ago Set Out Nov Dez
2012: Jan Fev Mar Abr Mai Jun Jul Ago Set Out Nov Dez

Report for 2015 Dezembro
                   Monthly Climatological Summary for dez 2015

Name: Estação Jardim Recreio   City: Ribeirão Preto   State: São Paulo
Elevation: 580 m  Lat: S 21° 10' 40"   Lon: W 047° 48' 36"

                  Temperature (°C), Rain (mm), Wind Speed (km/h)

                                      Heat  Cool        Avg
    Mean                              Deg   Deg         Wind                 Dom
Day Temp  High   Time   Low    Time   Days  Days  Rain  Speed High   Time    Dir
----------------------------------------------------------------------------------
 1  25,5  32,2   13:09  21,3   06:35   0,0   7,2   0,0   3,2  22,0   14:03     E
 2  26,0  34,7   15:11  21,4   19:33   0,0   7,7   0,0   3,7  37,0   17:52   SSW
 3  26,4  33,3   15:54  21,0   04:20   0,0   8,2   0,0   3,9  58,0   21:00   SSW
 4  25,0  32,2   19:00  21,4   11:51   0,0   6,7   0,0   2,0  13,0   15:45   ESE
 5  26,8  32,3   15:58  21,3   06:44   0,0   8,5  25,2   1,9  33,0   02:43   SSW
 6  25,4  32,0   15:19  21,8   04:13   0,0   7,1   6,9   1,5  21,0   19:24   SSW
 7  24,9  30,1   17:27  22,2   02:10   0,0   6,6   0,6   0,8  19,0   13:17     S
 8  27,3  33,9   14:26  21,2   06:30   0,0   9,0   1,2   0,3  18,0   16:15   SSE
 9  26,3  33,0   18:15  21,4   06:58   0,0   8,0   5,1   0,6  18,0   04:29   SSW
10  23,7  27,1   10:22  21,3   23:39   0,0   5,4   8,1   1,4  31,0   10:37    SE
11  26,6  33,5   15:32  21,3   00:00   0,0   8,3   0,0   0,8  16,0   18:39   SSE
12  27,1  34,9   13:46  21,7   05:59   0,0   8,8  14,7   3,1  34,0   14:23   ESE
13  25,3  31,2   16:07  21,1   06:39   0,0   7,0   2,1   0,4  13,0   16:07   SSW
14  29,2  36,5   16:22  22,8   06:42   0,0  10,9   0,0   0,8  22,0   16:24   WSW
15  26,7  36,1   15:04  22,0   23:38   0,0   8,4   2,7   1,2  33,0   15:32   SSE
16  26,0  32,4   16:38  21,4   02:22   0,0   7,7   0,0   0,4  21,0   16:59   ESE
17  28,6  37,6   17:40 -22,4   18:21   0,3  10,6   0,0   0,5  19,0   17:52    SW
18  29,0  37,0   17:23  21,4   06:27   0,0  10,7   0,3   1,3  33,0   17:47   SSW
19  27,3  34,3   17:50  22,4   04:35   0,0   9,0  10,8   1,8  27,0   12:46    SW
20  27,2  33,7   17:17  22,0   07:49   0,0   8,9   0,6   0,0  11,0   17:20   ENE
21  27,7  36,3   17:12  21,5   05:51   0,0   9,4   0,0   0,4  19,0   17:18   SSW
22  28,5  36,7   17:32 -22,4   17:55   0,1  10,3   0,0   0,8  18,0   14:22   WSW
23  27,6  36,5   18:05  22,4   06:42   0,0   9,3  16,2   0,3  18,0   20:55    SW
24  28,5  36,2   15:42  22,2   06:18   0,0  10,2   0,0   0,4  16,0   13:11    SW
25  27,4  35,6   17:06  22,3   22:26   0,0   9,2  13,8   0,5  24,0   17:29   SSW
26  26,0  33,4   13:18  21,7   05:41   0,0   7,7   0,0   1,0  24,0   18:11    SE
27  26,7  32,6   15:35  22,8   23:39   0,0   8,5   1,2   1,4  26,0   20:51     S
28  24,5  30,5   17:19  21,9   02:07   0,0   6,2   3,0   1,0  21,0   18:21   SSW
29  22,7  25,4   12:40  21,4   21:52   0,0   4,4  13,8   1,5  18,0   10:44    SW
30  23,1  29,3   16:05  20,9   06:15   0,0   4,8   8,4   0,9  19,0   14:47    SW
31  25,9  33,8   17:32  21,7   04:15   0,0   7,6  20,4   1,5  21,0   12:37     S
----------------------------------------------------------------------------------
    26,4  37,6    17   -22,4    17     0,4 252,3 155,1   1,3  58,0     3       S

Max >=  27,0: 30
Max <=   0,0:  0
Min <=   0,0:  2
Min <= -18,0:  2
Max Rain: 25,2 on day 5
Days of Rain: 19 (>= 0,2 mm)  14 (>= 2,0 mm)  2 (>= 20,0 mm)
Heat Base: 18,3  Cool Base: 18,3  Method: Integration