NOAA-Style Climate Reports

Select a Year or Month report
2017: Jan Fev Mar Abr Mai Jun Jul Ago Set Out Nov Dez
2016: Jan Fev Mar Abr Mai Jun Jul Ago Set Out Nov Dez
2015: Jan Fev Mar Abr Mai Jun Jul Ago Set Out Nov Dez
2014: Jan Fev Mar Abr Mai Jun Jul Ago Set Out Nov Dez
2013: Jan Fev Mar Abr Mai Jun Jul Ago Set Out Nov Dez
2012: Jan Fev Mar Abr Mai Jun Jul Ago Set Out Nov Dez

Report for 2016
                   Annual Climatological Summary for 2016

Name: Estação Jardim Recreio   City: Ribeirão Preto   State: São Paulo
Elevation: 580 m  Lat: S 21° 10' 40"   Lon: W 047° 48' 36"

                  Temperature (°C), Heat Base: 18,3  Cool Base: 18,3
                          Dep.  Heat  Cool                       Max  Max  Min  Min
        Mean  Mean        From  Deg   Deg                        >=   <=   <=   <=
 YR MO  Max   Min   Mean  Norm  Days  Days  Hi  Date  Low  Date 27,0  0,0  0,0 -18,0
------------------------------------------------------------------------------------
 16  1  31,9  21,6  25,8   0,8     0   231  36,1  31  19,3   17   28    0    0    0
 16  2  33,9  21,9  27,3   2,3     0   262  37,5   2  20,2    8   29    0    0    0
 16  3  33,1  20,9  26,0   1,5     0   238  36,9  21  19,1   18   30    0    0    0
 16  4  34,1  18,9  25,9   2,9     7   235  37,4   9   9,6   28   26    0    0    0
 16  5  28,9  15,9  21,4   0,4    23   119  33,9   9   8,9    2   26    0    0    0
 16  6  26,6  13,5  19,8   0,3    20    58  30,0   6   5,0   13   18    0    0    0
 16  7  28,9  13,1  19,7  -0,3    35   105  32,3  23   4,9   18   26    0    0    0
 16  8  30,9  14,4  23,2   1,7    12   164  38,0  18   8,9   12   24    0    0    0
 16  9  32,2  16,5  25,6   3,1     0   220  39,7  17  11,0   21   26    0    0    0
 16 10  32,0  19,2  24,5   0,0     2   199  37,0  17  13,0    7   29    0    0    0
 16 11  30,6  19,5  24,1  -0,4    13   178  34,0  11  13,0   20   27    0    0    0
 16 12  27,8  19,5  23,3  -1,2    19   176  35,6   9   0,0   25   18    1    2    0
------------------------------------------------------------------------------------
        30,9  17,9  23,9   0,9   134  2190  39,7 set   0,0  dez  307    1    2    0

                                Precipitation (mm)

              Dep.   Max        Days of Rain
              From   Obs.           >=
 YR MO Total  Norm   Day Date  0,2  2,0 20,0
---------------------------------------------
 16  1 361,8  96,8 101,4  15    24   20    4
 16  2 178,2 -28,6  40,8   7    18   13    3
 16  3 125,1 -31,5  22,5  11    15    9    2
 16  4   5,1 -64,0   2,4   2     5    1    0
 16  5  92,1  44,3  31,8  21     8    7    2
 16  6  27,9  -0,7  27,9   1     1    1    1
 16  7   0,3 -20,6   0,3   9     1    0    0
 16  8   0,0 -21,0   0,0   0     0    0    0
 16  9   0,0 -51,9   0,0   0     0    0    0
 16 102721,52592,7 904,5  16     5    5    3
 16 111896,31727,8 904,5   5     7    5    4
 16 125507,15249,6 955,8   5    13   10    8
---------------------------------------------
     10915,09492,9 955,8  dez   97   71   27

                                Wind Speed (km/h)
                          Dom
 YR MO   Avg.  Hi   Date  Dir
------------------------------
 16  1   0,7  39,0    6    SW
 16  2   0,6  31,0   11   SSW
 16  3   0,4  40,0    4    SW
 16  4   0,3  39,0    1   SSW
 16  5   0,5 157,0   15   SSW
 16  6   0,1 157,0   27    SW
 16  7   0,2  24,0    6     S
 16  8   1,0  46,0   15    SE
 16  9   5,0  30,0   14    SE
 16 10   4,5  13,0   26    SE
 16 11   2,3  18,0   20    SE
 16 12   0,0  24,0    7     S
------------------------------
         1,3 157,0  mai    SE