NOAA-Style Climate Reports


Report for 2016 Fevereiro
                   Monthly Climatological Summary for fev 2016

Name: Estação Jardim Recreio   City: Ribeirão Preto   State: São Paulo
Elevation: 580 m  Lat: S 21° 10' 40"   Lon: W 047° 48' 36"

                  Temperature (°C), Rain (mm), Wind Speed (km/h)

                                      Heat  Cool        Avg
    Mean                              Deg   Deg         Wind                 Dom
Day Temp  High   Time   Low    Time   Days  Days  Rain  Speed High   Time    Dir
----------------------------------------------------------------------------------
 1  29,6  36,9   18:53  21,6   07:05   0,0  11,3   0,0   0,4  15,0   13:43   SSW
 2  29,6  37,5   15:46  21,2   06:49   0,0  11,3   0,0   0,2  13,0   14:52   SSW
 3  29,5  37,5   15:15  23,1   06:14   0,0  11,2   0,0   0,5  19,0   14:14    SW
 4  27,9  35,6   15:07  22,5   07:05   0,0   9,6   4,2   0,2  12,0   16:00   SSE
 5  28,5  36,6   16:35  21,7   06:53   0,0  10,2   0,0   0,6  24,0   20:22    SW
 6  27,4  32,7   15:07  22,4   07:19   0,0   9,1   0,6   0,4  15,0   02:37     S
 7  29,3  31,0   00:00  21,5   23:18   0,0  11,1  40,8   0,2  17,0   20:55   SSW
 8  26,9  30,4   10:42  20,2   06:58   0,0   8,6   0,0   0,0  12,0   10:20    NW
 9  31,5  36,1   17:51  25,7   23:52   0,0  13,3   0,0   0,6  16,0   13:50   SSW
10  28,9  36,0   16:43  22,6   07:13   0,0  10,6   3,3   0,8  18,0   18:22   SSW
11  26,6  35,9   14:14  22,8   22:09   0,0   8,3   6,6   0,9  31,0   15:21    SE
12  27,5  34,5   17:55  21,0   06:04   0,0   9,2   0,3   0,5  13,0   14:41     S
13  28,1  35,3   16:49  21,7   06:45   0,0   9,8   0,0   0,4  23,0   17:08    SW
14  29,7  37,2   17:37  23,2   07:01   0,0  11,4   0,0   0,0   0,0   00:00     E
15  29,4  35,6   17:38  23,0   23:59   0,0  11,1   3,6   1,9  23,0   11:26    SW
16  25,3  32,3   18:57  20,7   01:37   0,0   7,0  37,8   1,2  23,0   16:10     S
17  27,3  34,4   14:03  21,8   23:29   0,0   9,0  39,0   0,8  21,0   22:40     S
18  25,8  32,8   13:33  21,5   05:57   0,0   7,5   3,6   0,4  23,0   18:32   SSE
19  26,0  34,7   14:53  21,1   07:06   0,0   7,7   2,1   1,1  31,0   17:14    SW
20  27,2  35,0   15:30  22,6   05:49   0,0   9,3   0,3   0,7  16,0   18:58    SW
21  25,4  30,8   15:29  22,7   06:58   0,0   7,1   0,0   1,1  30,0   13:39    SE
22  25,2  30,2   12:32  21,6   23:38   0,0   6,9   4,2   0,5  16,0   19:06    SW
23  24,5  29,4   12:11  21,0   06:18   0,0   6,2   3,6   0,2  15,0   01:39   SSE
24  24,2  27,9   11:49  21,4   06:34   0,0   5,9   0,3   0,7  21,0   05:10    SE
25  25,5  33,8   13:54  21,4   03:03   0,0   7,2  13,8   0,4  23,0   18:22    SW
26  27,2  35,0   17:32  20,4   06:01   0,0   8,9   0,3   0,6  15,0   14:24    SW
27  26,3  32,8   16:57  21,5   07:52   0,0   8,0  13,8   0,6  21,0   06:59   SSW
28  26,6  32,6   13:29  22,5   04:28   0,0   8,3   0,0   0,5  17,0   08:03   SSE
29  25,7  31,8   13:49  21,6   23:52   0,0   7,4   0,0   1,0  31,0   16:15   ESE
----------------------------------------------------------------------------------
    27,3  37,5     2    20,2     8     0,0 262,5 178,2   0,6  31,0    11     SSW

Max >=  27,0: 29
Max <=   0,0:  0
Min <=   0,0:  0
Min <= -18,0:  0
Max Rain: 40,8 on day 7
Days of Rain: 18 (>= 0,2 mm)  13 (>= 2,0 mm)  3 (>= 20,0 mm)
Heat Base: 18,3  Cool Base: 18,3  Method: Integration